NOAA-Style Climate Reports

Select a Year or Month report
2021: Jan | Feb | Mar | Apr | May | Jun | Jul | Aug | Sep | Oct | Nov | Dec |
2020: Jan | Feb | Mar | Apr | May | Jun | Jul | Aug | Sep | Oct | Nov | Dec |
2019: Jan | Feb | Mar | Apr | May | Jun | Jul | Aug | Sep | Oct | Nov | Dec |
2018: Jan | Feb | Mar | Apr | May | Jun | Jul | Aug | Sep | Oct | Nov | Dec |
2017: Jan | Feb | Mar | Apr | May | Jun | Jul | Aug | Sep | Oct | Nov | Dec |
2016: Jan | Feb | Mar | Apr | May | Jun | Jul | Aug | Sep | Oct | Nov | Dec |
2015: Jan | Feb | Mar | Apr | May | Jun | Jul | Aug | Sep | Oct | Nov | Dec |
2014: Jan | Feb | Mar | Apr | May | Jun | Jul | Aug | Sep | Oct | Nov | Dec |
2013: Jan | Feb | Mar | Apr | May | Jun | Jul | Aug | Sep | Oct | Nov | Dec |
2012: Jan | Feb | Mar | Apr | May | Jun | Jul | Aug | Sep | Oct | Nov | Dec |
2011: Jan | Feb | Mar | Apr | May | Jun | Jul | Aug | Sep | Oct | Nov | Dec |
2010: Jan | Feb | Mar | Apr | May | Jun | Jul | Aug | Sep | Oct | Nov | Dec |
2009: Jan | Feb | Mar | Apr | May | Jun | Jul | Aug | Sep | Oct | Nov | Dec |
2008: Jan | Feb | Mar | Apr | May | Jun | Jul | Aug | Sep | Oct | Nov | Dec |
2007: Jan | Feb | Mar | Apr | May | Jun | Jul | Aug | Sep | Oct | Nov | Dec |
2006: Jan | Feb | Mar | Apr | May | Jun | Jul | Aug | Sep | Oct | Nov | Dec |
2005: Jan | Feb | Mar | Apr | May | Jun | Jul | Aug | Sep | Oct | Nov | Dec |
2004: Jan | Feb | Mar | Apr | May | Jun | Jul | Aug | Sep | Oct | Nov | Dec |
2003: Jan | Feb | Mar | Apr | May | Jun | Jul | Aug | Sep | Oct | Nov | Dec |

Report for 2003 February
                   MONTHLY CLIMATOLOGICAL SUMMARY for FEB. 2003

NAME: Patrick Nijs   CITY: Heist-op-den-Berg   STATE: Belgium 
ELEV:    15 m  LAT: 51° 04' 15" N  LONG: 4° 42' 13" E

                   TEMPERATURE (°C), RAIN  (mm), WIND SPEED (km/h)

                                      HEAT  COOL        AVG
    MEAN                              DEG   DEG         WIND                 DOM
DAY TEMP  HIGH   TIME   LOW    TIME   DAYS  DAYS  RAIN  SPEED HIGH   TIME    DIR
------------------------------------------------------------------------------------
 1  -3.3   0.4   00:00  -6.6    1:15  20.7   0.0   0.0   3.1  29.0   12:45   SSE
 2   2.9   5.6   20:45   0.2    5:30  15.4   0.0   2.3   6.6  40.2   21:15   SSW
 3   4.2   6.4   13:30   0.4   23:00  14.1   0.0   1.5   7.4  38.6    4:45     W
 4   1.9   4.3   15:30   0.3    1:00  16.3   0.0   4.1   6.9  40.2   22:00     W
 5   2.1   5.7   16:15   0.3    2:45  16.3   0.0   5.8   5.3  30.6    2:15    NW
 6   2.0   4.5   14:30  -1.6    6:45  16.3   0.0   0.0   1.9  20.9    1:15   SSW
 7   3.8   5.2   16:15   1.8    5:15  14.6   0.0   1.8   3.4  19.3    6:00   SSW
 8   6.2   8.0   14:30   4.6    2:00  12.1   0.0   0.3   1.3  12.9   17:45   SSW
 9   5.7   7.1   13:30   3.6   23:45  12.6   0.0   0.0   1.3  16.1   12:00    SE
10   2.0   5.6   14:30  -1.5    8:00  16.3   0.0   0.0   1.0  16.1   11:45   ESE
11   1.7   5.7   14:00  -2.2   00:00  16.6   0.0   0.0   1.0  11.3   14:00   ENE
12  -1.7   0.1   12:30  -3.3    4:45  20.0   0.0   0.0   2.3  17.7   20:15   ENE
13  -1.6   2.8   15:30  -4.9    7:30  19.7   0.0   0.0   2.6  16.1   11:15   ENE
14  -1.2   3.8   15:30  -4.7    7:30  19.4   0.0   0.0   2.4  19.3   17:45   ENE
15  -1.5   1.5   13:15  -4.7    7:00  19.8   0.0   0.0   3.9  25.7   16:30     E
16  -0.5   1.9   14:45  -3.2   23:30  18.8   0.0   0.0   4.7  22.5    0:45     E
17  -1.7   3.2   16:00  -5.9    8:00  20.0   0.0   0.0   3.4  27.4   14:45   ENE
18  -0.9   4.4   15:30  -6.4    8:00  18.8   0.0   0.0   3.2  19.3   14:00   ENE
19   1.2   6.6   16:00  -3.5    7:45  17.1   0.0   0.0   6.3  38.6   17:45     E
20   2.7   9.3   15:45  -2.2    8:00  15.7   0.0   0.0   1.3  11.3    0:15   ESE
21   1.7   9.6   15:15  -4.3    7:45  16.6   0.0   0.0   0.5  12.9   15:00    SE
22   3.0   9.3   15:30  -2.5    6:30  15.3   0.0   0.0   1.6  19.3   14:15   ESE
23   5.6  14.3   15:30  -1.2    7:30  12.8   0.0   0.0   1.4  19.3   14:15    SE
24   7.6  14.2   15:15   2.9    1:30  10.7   0.0   0.0   1.9  19.3   15:45   ESE
25   6.0  14.1   15:00  -0.6    6:45  12.3   0.0   0.0   2.1  17.7   14:45     E
26   5.1  11.1   16:00  -0.2    4:45  13.2   0.0   0.0   1.1  12.9   10:45    SE
27  10.3  16.4   14:45   4.6    8:00   8.0   0.0   0.0   1.3  22.5   14:30    SE
28   9.9  14.9   13:45   7.5    7:00   8.4   0.0   3.3   2.9  22.5   13:30   SSE
-------------------------------------------------------------------------------------
     2.6  16.4    27    -6.6     1   437.8   0.0  19.0   2.9  40.2     2       E

Max >=  32.0:  0
Max <=   0.0:  0
Min <=   0.0: 18
Min <= -18.0:  0
Max Rain: 5.84 ON 05/02/03
Days of Rain: 7 (> .2 mm) 4 (> 2 mm) 0 (> 20 mm)
Heat Base:  18.3  Cool Base:  18.3  Method: Integration
Benelux Weer Netwerk cwop awekas hwa wcloud pwsweather wow wow