NOAA-Style Climate Reports

Select a Year or Month report
2021: Jan | Feb | Mar | Apr | May | Jun | Jul | Aug | Sep | Oct | Nov | Dec |
2020: Jan | Feb | Mar | Apr | May | Jun | Jul | Aug | Sep | Oct | Nov | Dec |
2019: Jan | Feb | Mar | Apr | May | Jun | Jul | Aug | Sep | Oct | Nov | Dec |
2018: Jan | Feb | Mar | Apr | May | Jun | Jul | Aug | Sep | Oct | Nov | Dec |
2017: Jan | Feb | Mar | Apr | May | Jun | Jul | Aug | Sep | Oct | Nov | Dec |
2016: Jan | Feb | Mar | Apr | May | Jun | Jul | Aug | Sep | Oct | Nov | Dec |
2015: Jan | Feb | Mar | Apr | May | Jun | Jul | Aug | Sep | Oct | Nov | Dec |
2014: Jan | Feb | Mar | Apr | May | Jun | Jul | Aug | Sep | Oct | Nov | Dec |
2013: Jan | Feb | Mar | Apr | May | Jun | Jul | Aug | Sep | Oct | Nov | Dec |
2012: Jan | Feb | Mar | Apr | May | Jun | Jul | Aug | Sep | Oct | Nov | Dec |
2011: Jan | Feb | Mar | Apr | May | Jun | Jul | Aug | Sep | Oct | Nov | Dec |
2010: Jan | Feb | Mar | Apr | May | Jun | Jul | Aug | Sep | Oct | Nov | Dec |
2009: Jan | Feb | Mar | Apr | May | Jun | Jul | Aug | Sep | Oct | Nov | Dec |
2008: Jan | Feb | Mar | Apr | May | Jun | Jul | Aug | Sep | Oct | Nov | Dec |
2007: Jan | Feb | Mar | Apr | May | Jun | Jul | Aug | Sep | Oct | Nov | Dec |
2006: Jan | Feb | Mar | Apr | May | Jun | Jul | Aug | Sep | Oct | Nov | Dec |
2005: Jan | Feb | Mar | Apr | May | Jun | Jul | Aug | Sep | Oct | Nov | Dec |
2004: Jan | Feb | Mar | Apr | May | Jun | Jul | Aug | Sep | Oct | Nov | Dec |
2003: Jan | Feb | Mar | Apr | May | Jun | Jul | Aug | Sep | Oct | Nov | Dec |

Report for 2003 March
                   MONTHLY CLIMATOLOGICAL SUMMARY for MAR. 2003

NAME: Patrick Nijs   CITY: Heist-op-den-Berg   STATE: Belgium 
ELEV:    15 m  LAT: 51° 04' 15" N  LONG: 4° 42' 13" E

                   TEMPERATURE (°C), RAIN  (mm), WIND SPEED (km/h)

                                      HEAT  COOL        AVG
    MEAN                              DEG   DEG         WIND                 DOM
DAY TEMP  HIGH   TIME   LOW    TIME   DAYS  DAYS  RAIN  SPEED HIGH   TIME    DIR
------------------------------------------------------------------------------------
 1   9.6  12.9   13:15   4.9    7:45   8.8   0.0   4.6   2.6  20.9    1:00     S
 2   7.9  10.1   12:15   5.2   00:00  10.4   0.0   6.9   2.6  25.7   20:45   NNW
 3   5.7  11.1   14:00   0.6    8:00  12.7   0.0   0.0   1.3  17.7    0:15   WNW
 4   7.1  11.8   13:00   2.6    1:15  11.2   0.0   1.3   2.9  27.4   12:45   SSE
 5  11.3  15.3   15:45   8.0    4:00   7.0   0.0   0.0   1.9  19.3   13:00   SSE
 6   7.5  10.6    1:45   2.7   23:45  10.8   0.0   1.3   4.3  41.8    8:00    NW
 7   6.2  10.6   14:30   1.8    4:45  12.1   0.0   1.0   4.0  30.6   17:00   SSE
 8   8.5  11.1   15:45   4.7    0:30   9.8   0.0   0.3   9.5  41.8   11:00     W
 9  10.5  14.3   15:00   8.1   22:45   7.8   0.0   0.0   6.0  33.8   17:00     W
10  11.3  13.7   11:45   8.4    8:00   7.0   0.0   0.0   4.5  30.6   11:15     W
11  10.6  11.9    3:15   8.9   23:45   7.7   0.0  17.5   4.7  35.4   18:15     W
12   7.7   9.7   13:00   6.0    7:15  10.6   0.0   0.3   5.3  25.7   10:45   NNW
13   5.4   9.8   16:30   1.6    7:15  12.8   0.0   0.0   2.1  19.3   15:00   ENE
14   5.8  10.9   14:30   0.8    7:15  12.5   0.0   0.0   4.3  29.0   13:45   ENE
15   5.9  11.4   15:45   0.6    6:15  12.3   0.0   0.0   5.3  32.2   14:15     E
16   6.9  14.3   16:00   0.6    6:15  11.4   0.0   0.0   2.1  19.3   15:45     E
17   6.0  14.4   14:30  -0.6    7:15  12.3   0.0   0.0   1.4  17.7   16:00   NNW
18   5.5  12.8   15:15   0.3    6:30  12.8   0.0   0.0   2.1  19.3   13:45   ENE
19   6.7  14.8   16:00  -0.8    7:00  11.7   0.0   0.0   1.0  17.7   16:30   NNW
20   5.4  11.3   16:00   1.3    2:00  12.8   0.0   0.0   1.0  11.3   13:30   NNW
21   6.2  11.7   15:15   2.0    0:45  12.1   0.0   0.0   3.2  20.9   15:00   ENE
22   7.6  14.2   15:45   0.6    7:00  10.7   0.0   0.0   3.5  22.5   15:15     E
23   9.4  18.3   16:00   1.5    6:15   8.9   0.0   0.0   1.1  17.7   14:00   ESE
24  12.7  21.3   15:00   3.9    3:45   6.2   0.6   0.0   2.6  29.0   15:00    SE
25  11.2  15.8   17:00   6.6   00:00   7.1   0.0   0.5   0.2   8.0   11:45    NW
26  11.3  18.9   15:30   4.4    7:00   7.0   0.0   0.0   1.4  19.3   12:45   ENE
27  11.5  20.2   16:00   2.7    6:45   7.0   0.2   0.0   0.6  11.3   14:00   ENE
28  14.1  21.6   15:00   5.8    5:15   5.0   0.7   0.0   1.6  22.5   14:00   ENE
29  14.5  18.2   12:30  11.1    6:15   3.8   0.0   0.0   1.8  19.3   13:30     W
30  12.0  17.9   15:45   6.2   00:00   6.0   0.0   0.0   2.1  20.9   18:15   NNW
31   8.2  13.8   16:30   2.1    7:45  10.1   0.0   0.0   1.6  17.7   12:00   ENE
-------------------------------------------------------------------------------------
     8.7  21.6    28    -0.8    19   298.2   1.5  33.5   2.9  41.8     6     ENE

Max >=  32.0:  0
Max <=   0.0:  0
Min <=   0.0:  2
Min <= -18.0:  0
Max Rain: 17.53 ON 11/03/03
Days of Rain: 9 (> .2 mm) 3 (> 2 mm) 0 (> 20 mm)
Heat Base:  18.3  Cool Base:  18.3  Method: Integration
Benelux Weer Netwerk cwop awekas hwa wcloud pwsweather wow wow