Wind From: 23-01-2021 18:00 Until: 24-01-2021 09:59 warning for: Wind Level: Yellow info button

NOAA-Style Climate Reports

Select a Year or Month report
2021: Jan | Feb | Mar | Apr | May | Jun | Jul | Aug | Sep | Oct | Nov | Dec |
2020: Jan | Feb | Mar | Apr | May | Jun | Jul | Aug | Sep | Oct | Nov | Dec |
2019: Jan | Feb | Mar | Apr | May | Jun | Jul | Aug | Sep | Oct | Nov | Dec |
2018: Jan | Feb | Mar | Apr | May | Jun | Jul | Aug | Sep | Oct | Nov | Dec |
2017: Jan | Feb | Mar | Apr | May | Jun | Jul | Aug | Sep | Oct | Nov | Dec |
2016: Jan | Feb | Mar | Apr | May | Jun | Jul | Aug | Sep | Oct | Nov | Dec |
2015: Jan | Feb | Mar | Apr | May | Jun | Jul | Aug | Sep | Oct | Nov | Dec |
2014: Jan | Feb | Mar | Apr | May | Jun | Jul | Aug | Sep | Oct | Nov | Dec |
2013: Jan | Feb | Mar | Apr | May | Jun | Jul | Aug | Sep | Oct | Nov | Dec |
2012: Jan | Feb | Mar | Apr | May | Jun | Jul | Aug | Sep | Oct | Nov | Dec |
2011: Jan | Feb | Mar | Apr | May | Jun | Jul | Aug | Sep | Oct | Nov | Dec |
2010: Jan | Feb | Mar | Apr | May | Jun | Jul | Aug | Sep | Oct | Nov | Dec |
2009: Jan | Feb | Mar | Apr | May | Jun | Jul | Aug | Sep | Oct | Nov | Dec |
2008: Jan | Feb | Mar | Apr | May | Jun | Jul | Aug | Sep | Oct | Nov | Dec |
2007: Jan | Feb | Mar | Apr | May | Jun | Jul | Aug | Sep | Oct | Nov | Dec |
2006: Jan | Feb | Mar | Apr | May | Jun | Jul | Aug | Sep | Oct | Nov | Dec |
2005: Jan | Feb | Mar | Apr | May | Jun | Jul | Aug | Sep | Oct | Nov | Dec |
2004: Jan | Feb | Mar | Apr | May | Jun | Jul | Aug | Sep | Oct | Nov | Dec |
2003: Jan | Feb | Mar | Apr | May | Jun | Jul | Aug | Sep | Oct | Nov | Dec |

Report for 2003 April
                   MONTHLY CLIMATOLOGICAL SUMMARY for APR. 2003

NAME: Patrick Nijs   CITY: Heist-op-den-Berg   STATE: Belgium 
ELEV:    15 m  LAT: 51° 04' 15" N  LONG: 4° 42' 13" E

                   TEMPERATURE (°C), RAIN  (mm), WIND SPEED (km/h)

                                      HEAT  COOL        AVG
    MEAN                              DEG   DEG         WIND                 DOM
DAY TEMP  HIGH   TIME   LOW    TIME   DAYS  DAYS  RAIN  SPEED HIGH   TIME    DIR
------------------------------------------------------------------------------------
 1   8.0  14.9   14:45   2.2    5:00  10.3   0.0   7.4   5.8  48.3   15:45     W
 2   6.2   9.3   16:00   3.7   22:45  12.1   0.0   4.8   9.7  40.2   16:45   NNW
 3   5.2   9.3   17:45   1.6    6:45  13.1   0.0   1.3   5.0  30.6   14:45   NNW
 4   5.4  10.3   17:30  -1.2    5:45  12.8   0.0   0.0   2.3  16.1   15:15   NNW
 5   8.7  13.1   16:00   5.4    6:30   9.6   0.0   0.0   5.8  30.6   14:45   NNW
 6   6.4  10.1   17:15   2.4   00:00  11.9   0.0   0.0   2.7  22.5    1:30     N
 7   3.2   8.1   17:00  -1.7    7:30  15.1   0.0   0.0   2.7  22.5   11:15   ENE
 8   3.2   8.5   16:15  -3.0    7:00  15.1   0.0   0.0   2.1  22.5   16:15   ENE
 9   3.3   8.3   16:30  -1.7    7:15  14.9   0.0   0.0   3.4  27.4   12:00   ENE
10   2.8   6.6   17:30  -0.1   00:00  15.5   0.0   0.5   1.1  16.1   17:30   NNW
11   4.6  11.1   15:30  -1.6    5:30  13.7   0.0   0.0   1.4  20.9   14:00   SSW
12   8.3  15.9   16:15   0.1    7:15  10.0   0.0   0.0   1.6  17.7   14:00    SE
13  12.9  19.6   17:45   4.9    7:00   5.5   0.1   0.0   3.2  22.5   14:00   ESE
14  16.1  22.6   16:00   8.9    7:15   3.3   1.0   0.0   5.6  27.4   13:30     E
15  18.2  26.1   17:00   9.7    7:00   2.5   2.4   0.0   3.2  19.3   12:30     E
16  18.7  24.9   16:15  10.1    7:00   1.9   2.3   0.0   4.2  27.4   12:00     E
17  17.2  23.4   16:15  10.6    7:00   2.5   1.4   0.0   5.8  30.6   13:45   ENE
18  14.5  19.2   16:15   9.6    7:00   3.9   0.1   0.0   5.1  30.6   12:45   ENE
19   8.2  10.6    0:15   4.9    5:30  10.2   0.0   0.0   6.6  32.2   10:45   ENE
20  11.3  17.3   16:15   4.2    6:45   7.0   0.0   0.0   3.9  27.4   12:45     E
21  15.6  23.4   16:00   9.4    5:30   3.8   1.1   0.5   2.6  27.4   18:45   NNW
22  13.6  19.6   16:45   7.7    7:15   4.8   0.1   0.0   1.3  16.1   13:30   NNW
23  12.8  19.8   17:30   4.4    7:00   5.7   0.2   0.0   1.3  17.7   12:30   NNW
24  15.6  23.8   16:45   6.3    6:00   4.2   1.4   0.0   1.3  17.7   19:45    SE
25  16.2  22.1   13:00   9.9    6:00   2.9   0.8   0.0   0.6  16.1   00:00    SE
26  13.4  18.3    0:30  10.2   23:30   4.8   0.0  14.2   2.3  33.8   15:30   SSW
27  12.7  15.5   13:45  10.6    7:00   5.6   0.0   0.8   7.1  38.6   16:45     W
28  16.6  24.3   15:45  11.4    1:45   2.9   1.2   4.1   4.5  40.2   23:00   SSE
29  15.4  19.3   17:15  11.3    7:30   3.0   0.1   0.8   5.8  32.2   11:00     W
30  12.2  14.8   12:15  10.1   00:00   6.1   0.0   4.1   2.6  27.4   23:15    SE
-------------------------------------------------------------------------------------
    10.9  26.1    15    -3.0     8   234.4  12.1  38.4   3.7  48.3     1       E

Max >=  32.0:  0
Max <=   0.0:  0
Min <=   0.0:  6
Min <= -18.0:  0
Max Rain: 14.22 ON 26/04/03
Days of Rain: 10 (> .2 mm) 5 (> 2 mm) 0 (> 20 mm)
Heat Base:  18.3  Cool Base:  18.3  Method: Integration
Benelux Weer Netwerk cwop awekas hwa wcloud pwsweather wow wow