-->

NOAA-Style Climate Reports

Select a Year or Month report
2021: Jan | Feb | Mar | Apr | May | Jun | Jul | Aug | Sep | Oct | Nov | Dec |
2020: Jan | Feb | Mar | Apr | May | Jun | Jul | Aug | Sep | Oct | Nov | Dec |
2019: Jan | Feb | Mar | Apr | May | Jun | Jul | Aug | Sep | Oct | Nov | Dec |
2018: Jan | Feb | Mar | Apr | May | Jun | Jul | Aug | Sep | Oct | Nov | Dec |
2017: Jan | Feb | Mar | Apr | May | Jun | Jul | Aug | Sep | Oct | Nov | Dec |
2016: Jan | Feb | Mar | Apr | May | Jun | Jul | Aug | Sep | Oct | Nov | Dec |
2015: Jan | Feb | Mar | Apr | May | Jun | Jul | Aug | Sep | Oct | Nov | Dec |
2014: Jan | Feb | Mar | Apr | May | Jun | Jul | Aug | Sep | Oct | Nov | Dec |
2013: Jan | Feb | Mar | Apr | May | Jun | Jul | Aug | Sep | Oct | Nov | Dec |
2012: Jan | Feb | Mar | Apr | May | Jun | Jul | Aug | Sep | Oct | Nov | Dec |
2011: Jan | Feb | Mar | Apr | May | Jun | Jul | Aug | Sep | Oct | Nov | Dec |
2010: Jan | Feb | Mar | Apr | May | Jun | Jul | Aug | Sep | Oct | Nov | Dec |
2009: Jan | Feb | Mar | Apr | May | Jun | Jul | Aug | Sep | Oct | Nov | Dec |
2008: Jan | Feb | Mar | Apr | May | Jun | Jul | Aug | Sep | Oct | Nov | Dec |
2007: Jan | Feb | Mar | Apr | May | Jun | Jul | Aug | Sep | Oct | Nov | Dec |
2006: Jan | Feb | Mar | Apr | May | Jun | Jul | Aug | Sep | Oct | Nov | Dec |
2005: Jan | Feb | Mar | Apr | May | Jun | Jul | Aug | Sep | Oct | Nov | Dec |
2004: Jan | Feb | Mar | Apr | May | Jun | Jul | Aug | Sep | Oct | Nov | Dec |
2003: Jan | Feb | Mar | Apr | May | Jun | Jul | Aug | Sep | Oct | Nov | Dec |

Report for 2003 May
                   MONTHLY CLIMATOLOGICAL SUMMARY for MAY. 2003

NAME: Patrick Nijs   CITY: Heist-op-den-Berg   STATE: Belgium 
ELEV:    15 m  LAT: 51° 04' 15" N  LONG: 4° 42' 13" E

                   TEMPERATURE (°C), RAIN  (mm), WIND SPEED (km/h)

                                      HEAT  COOL        AVG
    MEAN                              DEG   DEG         WIND                 DOM
DAY TEMP  HIGH   TIME   LOW    TIME   DAYS  DAYS  RAIN  SPEED HIGH   TIME    DIR
------------------------------------------------------------------------------------
 1  12.7  16.6   14:15   9.7    0:45   5.7   0.0   4.6   6.4  40.2    8:30     W
 2  13.3  21.0   14:30   8.7    5:30   5.1   0.1   4.8   3.9  45.1   18:15    SE
 3  13.1  17.3   18:15   9.8    3:15   5.2   0.0   1.5   9.5  51.5    0:30     W
 4  16.7  25.1   15:45   7.2    5:45   3.6   2.0   0.0   3.4  30.6   15:15    SE
 5  15.8  18.2    5:15  11.9   00:00   2.4   0.0   2.8   1.6  16.1   14:45    NW
 6  12.4  16.7   15:00   8.7   00:00   5.8   0.0   9.4   1.3  16.1   16:15   NNW
 7  12.7  19.7   17:00   3.8    6:15   5.8   0.2   0.0   1.8  19.3   18:30   ENE
 8  14.4  21.6   17:00   7.8    6:30   4.4   0.5   0.0   2.1  17.7   12:15   NNW
 9  13.4  16.4   15:30  10.8    6:30   4.9   0.0   0.0   1.0  12.9    1:30   NNW
10  13.1  19.4   18:00   6.3    6:30   5.3   0.0   0.0   1.8  19.3   12:30   SSW
11  14.7  20.5   16:00   7.0    5:30   4.0   0.4   0.0   1.4  17.7   10:45     S
12  12.3  15.8   15:30   9.1    6:45   6.0   0.0   2.8   4.2  35.4    1:00     W
13   9.6  13.1   14:30   6.4   23:30   8.7   0.0   7.1   5.1  38.6   20:00     W
14   8.9  12.6   14:15   6.4    4:45   9.3   0.0   5.1   4.5  38.6   16:00     W
15   9.8  14.7   13:15   5.3    6:30   8.5   0.0   0.3   1.0  19.3   13:30   WSW
16  12.3  18.2   15:30   3.9    6:15   6.0   0.0   0.0   1.3  17.7   13:45    SE
17  14.8  19.4   16:30  10.9    3:45   3.6   0.1   0.3   4.0  32.2   20:00     S
18  14.4  18.6   15:15  12.0   23:45   3.9   0.0   8.1   4.3  29.0   13:30     W
19  12.8  14.4    9:30  11.2    2:15   5.5   0.0  13.2   3.2  30.6   19:00   SSW
20  12.2  14.9   15:00   9.7    6:30   6.2   0.0   4.6   8.7  41.8   12:45     W
21  12.8  16.7   15:30  10.2    1:30   5.5   0.0   2.0   5.5  30.6   12:15     W
22  14.1  17.2   18:15  11.2    2:00   4.3   0.0   3.6   5.3  33.8   17:45     W
23  13.9  15.3   16:30  12.8    5:30   4.3   0.0   0.0   4.2  29.0    2:15   WSW
24  13.3  16.4   13:00  11.6    5:00   5.0   0.0   5.1   1.1  17.7   14:30   NNW
25  13.2  15.7   14:00  10.1   00:00   5.1   0.0   0.0   3.4  25.7    7:45     W
26  14.7  21.4   16:00   7.4    5:30   4.2   0.5   0.0   0.6  12.9   18:30   NNW
27  16.6  23.1   16:30   8.6    5:45   3.2   1.5   0.0   1.1  16.1   16:45   ENE
28  18.9  25.3   15:45  10.9    6:00   1.9   2.5   0.0   2.1  17.7   13:00   ENE
29  20.9  27.4   18:45  13.7    6:00   1.0   3.6   0.0   1.6  16.1   16:30   ENE
30  22.4  29.3   15:00  14.2    6:00   0.7   4.8   0.0   1.4  17.7   18:45   NNW
31  21.6  27.7   17:15  15.5    6:30   0.4   3.7   0.0   1.4  16.1   19:30    NW
-------------------------------------------------------------------------------------
    14.3  29.3    30     3.8     7   145.4  19.9  75.2   3.2  51.5     3       W

Max >=  32.0:  0
Max <=   0.0:  0
Min <=   0.0:  0
Min <= -18.0:  0
Max Rain: 13.21 ON 19/05/03
Days of Rain: 16 (> .2 mm) 13 (> 2 mm) 0 (> 20 mm)
Heat Base:  18.3  Cool Base:  18.3  Method: Integration
Benelux Weer Netwerk cwop awekas hwa wcloud pwsweather wow wow