-->

NOAA-Style Climate Reports

Select a Year or Month report
2021: Jan | Feb | Mar | Apr | May | Jun | Jul | Aug | Sep | Oct | Nov | Dec |
2020: Jan | Feb | Mar | Apr | May | Jun | Jul | Aug | Sep | Oct | Nov | Dec |
2019: Jan | Feb | Mar | Apr | May | Jun | Jul | Aug | Sep | Oct | Nov | Dec |
2018: Jan | Feb | Mar | Apr | May | Jun | Jul | Aug | Sep | Oct | Nov | Dec |
2017: Jan | Feb | Mar | Apr | May | Jun | Jul | Aug | Sep | Oct | Nov | Dec |
2016: Jan | Feb | Mar | Apr | May | Jun | Jul | Aug | Sep | Oct | Nov | Dec |
2015: Jan | Feb | Mar | Apr | May | Jun | Jul | Aug | Sep | Oct | Nov | Dec |
2014: Jan | Feb | Mar | Apr | May | Jun | Jul | Aug | Sep | Oct | Nov | Dec |
2013: Jan | Feb | Mar | Apr | May | Jun | Jul | Aug | Sep | Oct | Nov | Dec |
2012: Jan | Feb | Mar | Apr | May | Jun | Jul | Aug | Sep | Oct | Nov | Dec |
2011: Jan | Feb | Mar | Apr | May | Jun | Jul | Aug | Sep | Oct | Nov | Dec |
2010: Jan | Feb | Mar | Apr | May | Jun | Jul | Aug | Sep | Oct | Nov | Dec |
2009: Jan | Feb | Mar | Apr | May | Jun | Jul | Aug | Sep | Oct | Nov | Dec |
2008: Jan | Feb | Mar | Apr | May | Jun | Jul | Aug | Sep | Oct | Nov | Dec |
2007: Jan | Feb | Mar | Apr | May | Jun | Jul | Aug | Sep | Oct | Nov | Dec |
2006: Jan | Feb | Mar | Apr | May | Jun | Jul | Aug | Sep | Oct | Nov | Dec |
2005: Jan | Feb | Mar | Apr | May | Jun | Jul | Aug | Sep | Oct | Nov | Dec |
2004: Jan | Feb | Mar | Apr | May | Jun | Jul | Aug | Sep | Oct | Nov | Dec |
2003: Jan | Feb | Mar | Apr | May | Jun | Jul | Aug | Sep | Oct | Nov | Dec |

Report for 2003 June
                   MONTHLY CLIMATOLOGICAL SUMMARY for JUN. 2003

NAME: Patrick Nijs   CITY: Heist-op-den-Berg   STATE: Belgium 
ELEV:    15 m  LAT: 51° 04' 15" N  LONG: 4° 42' 13" E

                   TEMPERATURE (°C), RAIN  (mm), WIND SPEED (km/h)

                                      HEAT  COOL        AVG
    MEAN                              DEG   DEG         WIND                 DOM
DAY TEMP  HIGH   TIME   LOW    TIME   DAYS  DAYS  RAIN  SPEED HIGH   TIME    DIR
------------------------------------------------------------------------------------
 1  23.0  29.7   15:45  14.2    6:00   0.8   5.4   0.0   1.0  16.1   13:45    SE
 2  21.1  25.1   13:00  15.8   00:00   0.2   2.9   0.8   2.9  27.4   13:30     W
 3  20.1  25.0   13:00  14.3    3:00   1.1   2.9   0.0   1.1  16.1   10:45    SE
 4  22.9  29.3   16:00  17.4    5:45   0.1   4.7   0.0   3.4  46.7   17:15    SE
 5  18.8  22.8   18:00  15.1   00:00   0.7   1.2   0.8   2.1  17.7   14:00    NW
 6  19.4  26.4   16:30  11.2    5:15   1.9   3.0   0.0   1.6  19.3   15:00     S
 7  21.9  28.4   18:15  14.8    5:30   0.8   4.4   0.0   2.4  25.7   13:45     W
 8  18.6  24.4   10:00  14.3   00:00   0.9   1.3  27.4   3.5  41.8   17:00     W
 9  17.2  22.7   16:30  11.6    5:30   2.3   1.2   0.0   3.2  30.6    1:30     W
10  19.8  26.6   12:30  14.1    4:30   1.1   2.7   2.8   2.1  27.4   19:15    SE
11  19.7  24.6   17:30  15.5    6:30   0.5   1.9   0.0   3.1  22.5   12:30     W
12  20.7  28.3   16:45  13.6    5:30   1.0   3.4   0.0   1.8  20.9   18:45   NNW
13  19.5  25.9   17:45  11.8    6:00   1.5   2.7   0.0   1.1  17.7   19:15   NNW
14  17.6  22.2   16:45  13.3    4:45   1.7   1.0   5.3   1.6  17.7   12:15   ENE
15  19.1  25.1   16:15  12.7    6:00   1.5   2.3   0.0   2.1  16.1    8:45   ENE
16  19.9  26.0   16:45  12.1    5:15   1.5   3.1   0.0   1.8  17.7   15:00   ENE
17  21.2  27.7   13:45  15.9    6:00   0.5   3.4   0.0   2.6  22.5   23:45   ENE
18  19.3  23.7   15:15  15.8    6:15   0.7   1.7   0.0   6.1  29.0   18:45     W
19  18.9  20.9   15:15  17.6    3:45   0.2   0.8   0.0   7.6  35.4   23:00     W
20  17.8  20.8   16:30  13.1   00:00   1.0   0.5   0.0   6.4  32.2   14:30   NNW
21  17.1  23.3   18:30   8.9    5:45   2.7   1.4   0.0   1.6  17.7   11:30   NNW
22  19.7  25.5   19:00  13.7    5:45   1.3   2.8   0.0   1.4  17.7   15:15   ENE
23  21.2  26.1   10:45  17.1    2:30   0.1   3.0   1.0   6.4  45.1   13:00     W
24  18.1  23.2   16:30  13.7    5:45   1.5   1.3   0.0   3.4  22.5   15:00   NNW
25  18.0  24.8   17:30   9.9    6:00   2.3   1.9   0.0   2.7  20.9   13:30   ENE
26  19.7  26.7   16:15  13.3    5:00   1.5   2.9   0.0   4.0  19.3   11:45   ENE
27  20.3  25.9   15:15  13.4    5:45   0.9   2.9   0.0   2.7  22.5   14:15     W
28  19.5  23.8   18:15  16.1   00:00   0.5   1.7   0.0   3.1  22.5   13:15     W
29  20.3  27.6   15:45  11.4    6:00   1.7   3.7   0.0   1.3  11.3   12:45   ENE
30  18.6  20.8   19:00  16.7    6:15   0.3   0.5   4.8   3.5  27.4    8:30   ENE
-------------------------------------------------------------------------------------
    19.6  29.7     1     8.9    21    32.6  72.5  42.9   2.9  46.7     4       W

Max >=  32.0:  0
Max <=   0.0:  0
Min <=   0.0:  0
Min <= -18.0:  0
Max Rain: 27.43 ON 08/06/03
Days of Rain: 7 (> .2 mm) 4 (> 2 mm) 1 (> 20 mm)
Heat Base:  18.3  Cool Base:  18.3  Method: Integration
Benelux Weer Netwerk cwop awekas hwa wcloud pwsweather wow wow