-->

NOAA-Style Climate Reports

Select a Year or Month report
2021: Jan | Feb | Mar | Apr | May | Jun | Jul | Aug | Sep | Oct | Nov | Dec |
2020: Jan | Feb | Mar | Apr | May | Jun | Jul | Aug | Sep | Oct | Nov | Dec |
2019: Jan | Feb | Mar | Apr | May | Jun | Jul | Aug | Sep | Oct | Nov | Dec |
2018: Jan | Feb | Mar | Apr | May | Jun | Jul | Aug | Sep | Oct | Nov | Dec |
2017: Jan | Feb | Mar | Apr | May | Jun | Jul | Aug | Sep | Oct | Nov | Dec |
2016: Jan | Feb | Mar | Apr | May | Jun | Jul | Aug | Sep | Oct | Nov | Dec |
2015: Jan | Feb | Mar | Apr | May | Jun | Jul | Aug | Sep | Oct | Nov | Dec |
2014: Jan | Feb | Mar | Apr | May | Jun | Jul | Aug | Sep | Oct | Nov | Dec |
2013: Jan | Feb | Mar | Apr | May | Jun | Jul | Aug | Sep | Oct | Nov | Dec |
2012: Jan | Feb | Mar | Apr | May | Jun | Jul | Aug | Sep | Oct | Nov | Dec |
2011: Jan | Feb | Mar | Apr | May | Jun | Jul | Aug | Sep | Oct | Nov | Dec |
2010: Jan | Feb | Mar | Apr | May | Jun | Jul | Aug | Sep | Oct | Nov | Dec |
2009: Jan | Feb | Mar | Apr | May | Jun | Jul | Aug | Sep | Oct | Nov | Dec |
2008: Jan | Feb | Mar | Apr | May | Jun | Jul | Aug | Sep | Oct | Nov | Dec |
2007: Jan | Feb | Mar | Apr | May | Jun | Jul | Aug | Sep | Oct | Nov | Dec |
2006: Jan | Feb | Mar | Apr | May | Jun | Jul | Aug | Sep | Oct | Nov | Dec |
2005: Jan | Feb | Mar | Apr | May | Jun | Jul | Aug | Sep | Oct | Nov | Dec |
2004: Jan | Feb | Mar | Apr | May | Jun | Jul | Aug | Sep | Oct | Nov | Dec |
2003: Jan | Feb | Mar | Apr | May | Jun | Jul | Aug | Sep | Oct | Nov | Dec |

Report for 2003 July
                   MONTHLY CLIMATOLOGICAL SUMMARY for JUL. 2003

NAME: Patrick Nijs   CITY: Heist-op-den-Berg   STATE: Belgium 
ELEV:    15 m  LAT: 51° 04' 15" N  LONG: 4° 42' 13" E

                   TEMPERATURE (°C), RAIN  (mm), WIND SPEED (km/h)

                                      HEAT  COOL        AVG
    MEAN                              DEG   DEG         WIND                 DOM
DAY TEMP  HIGH   TIME   LOW    TIME   DAYS  DAYS  RAIN  SPEED HIGH   TIME    DIR
------------------------------------------------------------------------------------
 1  16.3  21.6   17:30  13.0    5:45   2.2   0.2   8.6   3.5  29.0   14:15   SSW
 2  15.7  18.1   13:45  14.2   12:00   2.6   0.0   9.1   5.1  30.6   11:45     W
 3  15.4  18.1   13:45  13.6    4:15   2.9   0.0   2.5   4.8  27.4   11:30     W
 4  16.1  20.2   15:45  13.7    4:45   2.3   0.1   0.8   5.5  30.6   15:30     W
 5  16.7  19.3   15:15  15.2   00:00   1.6   0.0   0.0   5.5  27.4   11:15   NNW
 6  17.1  20.9   17:15  14.1    6:00   1.7   0.5   0.0   0.6  11.3   11:30   NNW
 7  18.9  24.3   16:30  12.8    3:45   1.4   2.0   0.0   2.1  17.7   12:45    NW
 8  18.8  23.7   17:15  13.3    6:15   1.3   1.8   0.0   1.6  16.1   14:30   NNW
 9  19.9  25.6   16:00  13.7    6:00   1.1   2.7   0.0   2.1  20.9   13:15   NNW
10  21.3  28.6   18:45  12.2    6:00   1.2   4.2   0.0   1.0  12.9   15:00   ENE
11  21.2  26.2   13:45  15.3   00:00   0.3   3.2   0.0   4.3  30.6   18:15   NNW
12  17.8  23.1   17:15  12.1    6:45   1.9   1.4   0.0   1.3  12.9   12:45   NNW
13  19.8  26.6   16:30  11.6    5:30   1.7   3.2   0.0   3.1  20.9   14:00   ENE
14  22.7  29.4   17:15  15.0    6:00   0.5   4.9   0.0   4.2  22.5   18:15   ENE
15  25.6  33.4   17:45  17.0    5:45   0.1   7.3   0.0   3.2  22.5   13:30   ENE
16  26.0  33.6   14:00  19.6    5:45   0.0   7.7   0.0   4.0  33.8   14:15     E
17  19.4  22.7   18:45  17.7    6:30   0.0   1.2   0.5   6.0  32.2    7:30     W
18  22.0  28.2   18:00  15.8    5:45   0.4   4.2   0.0   3.2  25.7   11:00   SSW
19  25.4  32.6   17:30  16.4    6:00   0.2   7.3   0.0   1.6  19.3   13:30    SE
20  22.5  28.7   15:15  18.4   00:00   0.0   4.2   0.0   2.6  20.9   15:15   NNW
21  22.1  27.9   14:00  15.6    6:15   0.5   4.3   0.0   2.1  19.3   16:45   NNW
22  21.2  25.6   18:15  16.1    7:00   0.3   3.1   0.8   3.4  27.4   16:00    NW
23  20.4  26.6   16:30  14.6    6:00   0.6   2.7   3.6   1.4  20.9   21:15     S
24  19.5  24.1   18:00  16.4    6:15   0.5   1.7   0.8   3.1  33.8   19:30     W
25  19.1  25.4   14:30  13.0    6:15   1.3   2.0   3.3   2.7  22.5   12:00     S
26  18.9  23.3   14:30  15.9    5:30   0.6   1.3  16.5   2.6  19.3    6:15   WSW
27  19.9  23.4   18:00  17.3   00:00   0.0   1.6   8.6   4.8  33.8   10:15     W
28  18.9  24.4   16:15  13.7    6:15   1.2   1.8   0.0   3.1  20.9   18:00     W
29  20.4  26.9   16:15  12.7    6:15   1.4   3.5   0.0   1.8  22.5   15:00   SSW
30  19.9  23.7   18:45  16.4   00:00   0.3   1.9   4.8   2.1  20.9   12:00   SSW
31  20.2  26.6   17:15  13.1    6:15   1.3   3.1   0.0   1.1  16.1   12:30     S
-------------------------------------------------------------------------------------
    20.0  33.6    16    11.6    13    31.4  83.2  59.9   3.0  33.8    16       W

Max >=  32.0:  3
Max <=   0.0:  0
Min <=   0.0:  0
Min <= -18.0:  0
Max Rain: 16.51 ON 26/07/03
Days of Rain: 12 (> .2 mm) 8 (> 2 mm) 0 (> 20 mm)
Heat Base:  18.3  Cool Base:  18.3  Method: Integration
Benelux Weer Netwerk cwop awekas hwa wcloud pwsweather wow wow