NOAA-Style Climate Reports

Select a Year or Month report
2021: Jan | Feb | Mar | Apr | May | Jun | Jul | Aug | Sep | Oct | Nov | Dec |
2020: Jan | Feb | Mar | Apr | May | Jun | Jul | Aug | Sep | Oct | Nov | Dec |
2019: Jan | Feb | Mar | Apr | May | Jun | Jul | Aug | Sep | Oct | Nov | Dec |
2018: Jan | Feb | Mar | Apr | May | Jun | Jul | Aug | Sep | Oct | Nov | Dec |
2017: Jan | Feb | Mar | Apr | May | Jun | Jul | Aug | Sep | Oct | Nov | Dec |
2016: Jan | Feb | Mar | Apr | May | Jun | Jul | Aug | Sep | Oct | Nov | Dec |
2015: Jan | Feb | Mar | Apr | May | Jun | Jul | Aug | Sep | Oct | Nov | Dec |
2014: Jan | Feb | Mar | Apr | May | Jun | Jul | Aug | Sep | Oct | Nov | Dec |
2013: Jan | Feb | Mar | Apr | May | Jun | Jul | Aug | Sep | Oct | Nov | Dec |
2012: Jan | Feb | Mar | Apr | May | Jun | Jul | Aug | Sep | Oct | Nov | Dec |
2011: Jan | Feb | Mar | Apr | May | Jun | Jul | Aug | Sep | Oct | Nov | Dec |
2010: Jan | Feb | Mar | Apr | May | Jun | Jul | Aug | Sep | Oct | Nov | Dec |
2009: Jan | Feb | Mar | Apr | May | Jun | Jul | Aug | Sep | Oct | Nov | Dec |
2008: Jan | Feb | Mar | Apr | May | Jun | Jul | Aug | Sep | Oct | Nov | Dec |
2007: Jan | Feb | Mar | Apr | May | Jun | Jul | Aug | Sep | Oct | Nov | Dec |
2006: Jan | Feb | Mar | Apr | May | Jun | Jul | Aug | Sep | Oct | Nov | Dec |
2005: Jan | Feb | Mar | Apr | May | Jun | Jul | Aug | Sep | Oct | Nov | Dec |
2004: Jan | Feb | Mar | Apr | May | Jun | Jul | Aug | Sep | Oct | Nov | Dec |
2003: Jan | Feb | Mar | Apr | May | Jun | Jul | Aug | Sep | Oct | Nov | Dec |

Report for 2003 August
                   MONTHLY CLIMATOLOGICAL SUMMARY for AUG. 2003

NAME: Patrick Nijs   CITY: Heist-op-den-Berg   STATE: Belgium 
ELEV:    15 m  LAT: 51° 04' 15" N  LONG: 4° 42' 13" E

                   TEMPERATURE (°C), RAIN  (mm), WIND SPEED (km/h)

                                      HEAT  COOL        AVG
    MEAN                              DEG   DEG         WIND                 DOM
DAY TEMP  HIGH   TIME   LOW    TIME   DAYS  DAYS  RAIN  SPEED HIGH   TIME    DIR
------------------------------------------------------------------------------------
 1  22.2  29.2   16:30  14.8    6:15   0.8   4.6   0.0   1.3  16.1   13:30     S
 2  22.3  28.9   16:45  16.1    6:15   0.3   4.3   0.0   2.1  19.3   17:00   NNW
 3  22.9  29.8   17:45  15.6    6:45   0.5   5.1   0.0   1.1  16.1   15:45   NNW
 4  24.5  31.4   16:15  16.6    6:45   0.1   6.3   0.0   1.3  16.1   18:00   ENE
 5  24.6  31.9   17:00  17.3    6:15   0.1   6.4   0.0   2.3  19.3   13:15   ENE
 6  27.1  35.9   17:00  19.1    6:30   0.0   8.8   0.0   1.8  17.7   13:00   ENE
 7  26.0  32.9   18:15  20.5    7:45   0.0   7.7   1.3   1.4  19.3   11:15   NNW
 8  23.8  30.9   15:45  18.8    7:00   0.0   5.5   0.0   2.6  17.7   17:15   NNW
 9  22.7  30.2   17:15  18.1    9:00   0.0   4.4   0.0   2.1  16.1   15:15   NNW
10  25.3  33.5   16:30  15.8    6:15   0.3   7.3   0.0   0.8  17.7   16:45   NNW
11  26.2  33.7   16:30  17.7    6:45   0.0   7.9   0.0   0.8  16.1   15:00   ENE
12  27.3  34.9   16:45  20.2    6:45   0.0   9.1   0.0   2.4  22.5   15:45   NNW
13  23.5  28.9   15:15  18.7    6:30   0.0   5.0   0.0   2.4  19.3   15:30   NNW
14  20.1  24.2   16:15  14.7   00:00   0.3   2.0   0.3   2.9  25.7   13:45   NNW
15  17.9  25.0   16:00  10.9    7:00   2.3   1.9   0.0   1.3  17.7   13:00   NNW
16  18.3  25.0   16:15  11.1    5:30   2.1   2.2   0.0   1.6  16.1   10:30   ENE
17  18.1  21.1   16:15  16.1    7:00   0.8   0.5   0.3   2.7  16.1   14:00   ENE
18  18.4  21.8   20:15  14.5    6:30   1.0   1.1   0.0   2.3  20.9   14:45   SSW
19  19.3  23.3   14:30  15.8   23:00   0.5   1.5   0.0   3.7  20.9   11:45     W
20  18.7  25.3   15:15  11.2    7:00   1.8   2.2   0.0   1.0  16.1   13:00   NNW
21  17.9  24.2   15:15  10.9    6:30   2.2   1.8   0.0   2.7  22.5   12:30     W
22  19.1  23.3   13:30  14.2    6:30   1.3   2.0   0.0   3.7  25.7   13:45     W
23  19.9  23.1   17:45  16.7    7:15   0.2   1.8   0.0   3.2  20.9    1:30     W
24  17.9  24.1   15:30  11.6    6:30   1.8   1.4   0.0   1.6  20.9   17:45   ENE
25  19.1  24.1   17:15  14.8   00:00   0.7   1.5   0.0   2.1  22.5   15:30   ENE
26  18.0  25.5   15:45  11.8    6:30   2.2   1.9   0.0   1.6  19.3   12:30   NNW
27  16.6  21.1   17:00  12.7    3:45   2.2   0.5   0.0   1.1  16.1   14:30   NNW
28  15.6  20.7   16:15  11.3    7:00   3.0   0.3  11.7   1.0  17.7   22:45   ENE
29  14.4  17.5   17:15  13.2    7:45   3.8   0.0  33.3   2.1  17.7    2:00   NNW
30  15.3  19.9   16:15  12.5    6:45   3.2   0.1   2.8   3.1  29.0   14:45   WNW
31  13.8  18.7   14:30  10.7   23:30   4.4   0.0   0.0   4.0  29.0   10:00   NNW
-------------------------------------------------------------------------------------
    20.5  35.9     6    10.7    31    35.9 105.1  49.5   2.1  29.0    30     NNW

Max >=  32.0:  5
Max <=   0.0:  0
Min <=   0.0:  0
Min <= -18.0:  0
Max Rain: 33.27 ON 29/08/03
Days of Rain: 6 (> .2 mm) 3 (> 2 mm) 1 (> 20 mm)
Heat Base:  18.3  Cool Base:  18.3  Method: Integration
Benelux Weer Netwerk cwop awekas hwa wcloud pwsweather wow wow