NOAA-Style Climate Reports

Select a Year or Month report
2021: Jan | Feb | Mar | Apr | May | Jun | Jul | Aug | Sep | Oct | Nov | Dec |
2020: Jan | Feb | Mar | Apr | May | Jun | Jul | Aug | Sep | Oct | Nov | Dec |
2019: Jan | Feb | Mar | Apr | May | Jun | Jul | Aug | Sep | Oct | Nov | Dec |
2018: Jan | Feb | Mar | Apr | May | Jun | Jul | Aug | Sep | Oct | Nov | Dec |
2017: Jan | Feb | Mar | Apr | May | Jun | Jul | Aug | Sep | Oct | Nov | Dec |
2016: Jan | Feb | Mar | Apr | May | Jun | Jul | Aug | Sep | Oct | Nov | Dec |
2015: Jan | Feb | Mar | Apr | May | Jun | Jul | Aug | Sep | Oct | Nov | Dec |
2014: Jan | Feb | Mar | Apr | May | Jun | Jul | Aug | Sep | Oct | Nov | Dec |
2013: Jan | Feb | Mar | Apr | May | Jun | Jul | Aug | Sep | Oct | Nov | Dec |
2012: Jan | Feb | Mar | Apr | May | Jun | Jul | Aug | Sep | Oct | Nov | Dec |
2011: Jan | Feb | Mar | Apr | May | Jun | Jul | Aug | Sep | Oct | Nov | Dec |
2010: Jan | Feb | Mar | Apr | May | Jun | Jul | Aug | Sep | Oct | Nov | Dec |
2009: Jan | Feb | Mar | Apr | May | Jun | Jul | Aug | Sep | Oct | Nov | Dec |
2008: Jan | Feb | Mar | Apr | May | Jun | Jul | Aug | Sep | Oct | Nov | Dec |
2007: Jan | Feb | Mar | Apr | May | Jun | Jul | Aug | Sep | Oct | Nov | Dec |
2006: Jan | Feb | Mar | Apr | May | Jun | Jul | Aug | Sep | Oct | Nov | Dec |
2005: Jan | Feb | Mar | Apr | May | Jun | Jul | Aug | Sep | Oct | Nov | Dec |
2004: Jan | Feb | Mar | Apr | May | Jun | Jul | Aug | Sep | Oct | Nov | Dec |
2003: Jan | Feb | Mar | Apr | May | Jun | Jul | Aug | Sep | Oct | Nov | Dec |

Report for 2003 September
                   MONTHLY CLIMATOLOGICAL SUMMARY for SEP. 2003

NAME: Patrick Nijs   CITY: Heist-op-den-Berg   STATE: Belgium 
ELEV:    15 m  LAT: 51° 04' 15" N  LONG: 4° 42' 13" E

                   TEMPERATURE (°C), RAIN  (mm), WIND SPEED (km/h)

                                      HEAT  COOL        AVG
    MEAN                              DEG   DEG         WIND                 DOM
DAY TEMP  HIGH   TIME   LOW    TIME   DAYS  DAYS  RAIN  SPEED HIGH   TIME    DIR
------------------------------------------------------------------------------------
 1  13.7  17.9   15:30  11.1    0:15   4.7   0.0   1.5   2.1  22.5   17:15   NNW
 2  14.3  19.9   16:30   9.0    7:15   4.2   0.2   0.0   0.8  11.3   15:30    NW
 3  14.5  21.6   16:15   6.9    7:15   4.5   0.7   0.0   0.6  11.3   12:30   ENE
 4  15.8  23.6   15:45   7.7    7:15   3.8   1.3   0.0   1.6  19.3   16:45   ENE
 5  18.3  25.0   17:30  10.9    7:30   2.2   2.2   0.0   1.4  16.1   12:30   ENE
 6  17.8  21.3   17:15  14.5   23:30   1.0   0.6   5.3   1.9  27.4   19:45   SSW
 7  15.8  20.8   16:00  11.4    7:00   2.9   0.5   0.3   0.8  11.3   13:15   SSW
 8  15.5  21.6   16:30  10.4    8:00   3.4   0.6   0.0   0.6  16.1   14:15   NNW
 9  14.4  21.1   14:30   8.8    6:30   4.3   0.4   0.0   1.3  20.9   16:30   NNW
10  13.5  16.6   18:15  11.8    5:30   4.8   0.0   5.1   3.4  33.8   15:00   SSW
11  14.7  19.9   15:45  10.9    7:15   3.7   0.1   0.3   4.3  32.2   14:00   WNW
12  14.3  18.2   17:30  10.2    4:30   3.9   0.0   0.5   1.0  12.9   16:30   SSW
13  14.9  20.6   16:00   8.2    7:30   3.8   0.4   0.0   1.4  19.3   16:15   ENE
14  14.7  22.0   16:00   6.8    7:00   4.4   0.8   0.0   1.4  20.9   14:30   ENE
15  17.0  24.7   15:00   9.4    5:45   3.2   1.9   0.0   0.5  12.9   15:00     E
16  17.1  24.1   15:45  10.1    7:45   3.1   1.8   0.0   0.3  11.3   15:30    NW
17  17.8  26.7   17:15   9.7    7:15   3.1   2.5   0.0   0.5  11.3   13:00    SE
18  20.1  28.3   16:30  12.3    7:45   1.9   3.7   0.0   1.6  19.3   13:30   SSE
19  20.4  29.1   18:00  13.1    7:45   1.3   3.4   0.0   0.5  11.3   13:45   SSW
20  20.9  31.0   16:45  12.8    7:30   1.4   4.0   0.0   0.5  16.1   15:00    SE
21  20.6  29.2   16:00  13.1    7:00   1.1   3.5   0.0   0.6  16.1   16:30   SSW
22  20.3  26.1   15:30  11.9   00:00   0.8   2.8   4.3   5.1  33.8   16:45   SSW
23  11.9  16.2   16:00   8.2   22:15   6.4   0.0   7.1   4.5  30.6   13:15   NNW
24  10.6  17.4   15:00   5.1    8:00   7.7   0.0   0.0   0.6  12.9   13:00   ENE
25  11.6  19.1   15:15   4.4    6:45   6.7   0.0   0.0   1.8  19.3   16:45   ENE
26  12.6  18.2   13:15   6.3    7:30   5.8   0.0   0.0   1.9  19.3   13:30     W
27  14.8  18.9   15:15  11.8    8:00   3.5   0.0   0.0   0.5  12.9   12:45   ENE
28  13.9  16.9   14:15  12.1   21:45   4.4   0.0   0.3   2.6  29.0   00:00     W
29  12.0  16.1   18:30   8.7   00:00   6.3   0.0   9.9   3.5  27.4    0:30     W
30  12.3  19.1   16:15   5.7    7:30   6.1   0.0   0.3   1.8  17.7   15:45    SE
-------------------------------------------------------------------------------------
    15.5  31.0    20     4.4    25   114.5  31.4  34.8   1.7  33.8    10     ENE

Max >=  32.0:  0
Max <=   0.0:  0
Min <=   0.0:  0
Min <= -18.0:  0
Max Rain: 9.91 ON 29/09/03
Days of Rain: 11 (> .2 mm) 5 (> 2 mm) 0 (> 20 mm)
Heat Base:  18.3  Cool Base:  18.3  Method: Integration
Benelux Weer Netwerk cwop awekas hwa wcloud pwsweather wow wow