NOAA-Style Climate Reports

Select a Year or Month report
2021: Jan | Feb | Mar | Apr | May | Jun | Jul | Aug | Sep | Oct | Nov | Dec |
2020: Jan | Feb | Mar | Apr | May | Jun | Jul | Aug | Sep | Oct | Nov | Dec |
2019: Jan | Feb | Mar | Apr | May | Jun | Jul | Aug | Sep | Oct | Nov | Dec |
2018: Jan | Feb | Mar | Apr | May | Jun | Jul | Aug | Sep | Oct | Nov | Dec |
2017: Jan | Feb | Mar | Apr | May | Jun | Jul | Aug | Sep | Oct | Nov | Dec |
2016: Jan | Feb | Mar | Apr | May | Jun | Jul | Aug | Sep | Oct | Nov | Dec |
2015: Jan | Feb | Mar | Apr | May | Jun | Jul | Aug | Sep | Oct | Nov | Dec |
2014: Jan | Feb | Mar | Apr | May | Jun | Jul | Aug | Sep | Oct | Nov | Dec |
2013: Jan | Feb | Mar | Apr | May | Jun | Jul | Aug | Sep | Oct | Nov | Dec |
2012: Jan | Feb | Mar | Apr | May | Jun | Jul | Aug | Sep | Oct | Nov | Dec |
2011: Jan | Feb | Mar | Apr | May | Jun | Jul | Aug | Sep | Oct | Nov | Dec |
2010: Jan | Feb | Mar | Apr | May | Jun | Jul | Aug | Sep | Oct | Nov | Dec |
2009: Jan | Feb | Mar | Apr | May | Jun | Jul | Aug | Sep | Oct | Nov | Dec |
2008: Jan | Feb | Mar | Apr | May | Jun | Jul | Aug | Sep | Oct | Nov | Dec |
2007: Jan | Feb | Mar | Apr | May | Jun | Jul | Aug | Sep | Oct | Nov | Dec |
2006: Jan | Feb | Mar | Apr | May | Jun | Jul | Aug | Sep | Oct | Nov | Dec |
2005: Jan | Feb | Mar | Apr | May | Jun | Jul | Aug | Sep | Oct | Nov | Dec |
2004: Jan | Feb | Mar | Apr | May | Jun | Jul | Aug | Sep | Oct | Nov | Dec |
2003: Jan | Feb | Mar | Apr | May | Jun | Jul | Aug | Sep | Oct | Nov | Dec |

Report for 2003 November
                   MONTHLY CLIMATOLOGICAL SUMMARY for NOV. 2003

NAME: Patrick Nijs   CITY: Heist-op-den-Berg   STATE: Belgium 
ELEV:    15 m  LAT: 51° 04' 15" N  LONG: 4° 42' 13" E

                   TEMPERATURE (°C), RAIN  (mm), WIND SPEED (km/h)

                                      HEAT  COOL        AVG
    MEAN                              DEG   DEG         WIND                 DOM
DAY TEMP  HIGH   TIME   LOW    TIME   DAYS  DAYS  RAIN  SPEED HIGH   TIME    DIR
------------------------------------------------------------------------------------
 1   8.9  10.6   14:30   6.7   00:00   9.4   0.0   2.0   3.7  27.4   15:30     W
 2   9.2  12.6   22:30   5.2    3:15   9.1   0.0   1.3   6.6  38.6   16:00     S
 3  12.3  14.3   14:15   8.8   11:30   6.0   0.0   6.9   9.2  57.9   10:45     W
 4   9.1  11.8   16:00   6.7    7:45   9.2   0.0   0.3   1.4  20.9   13:30   SSW
 5   9.2  15.3   14:45   4.1    8:00   9.1   0.0   0.0   1.6  17.7   12:00    SE
 6   7.7  14.6   15:15   3.1    7:45  10.6   0.0   0.0   0.5   9.7   12:30   ENE
 7   6.7  10.6   14:00   4.0    8:00  11.6   0.0   0.0   5.6  27.4   11:15   ENE
 8   6.5   9.8   14:45   3.8   00:00  11.8   0.0   0.0   5.3  32.2   15:15   ENE
 9   7.1  12.1   15:30   1.9    4:30  11.2   0.0   0.5   1.3  17.7   11:15     E
10  10.1  15.5   14:15   6.4   00:00   8.3   0.0   0.0   0.2   9.7    1:30   ENE
11   5.1   9.9   14:45   1.9    8:00  13.3   0.0   0.3   1.0  11.3   12:45   ENE
12   4.9   9.6   00:00   0.2    6:00  13.4   0.0   1.3   1.4  17.7   23:45    SE
13   9.1  13.5   14:15   5.5    8:30   9.3   0.0   0.0   2.1  19.3    3:45     W
14   7.1   9.1   16:30   4.2    5:15  11.3   0.0   0.3   3.2  22.5   10:30     S
15   8.6  11.8   13:30   5.3   23:30   9.7   0.0   0.0   4.3  27.4   13:45   SSW
16   5.9   7.3   14:15   4.5    3:45  12.4   0.0   7.6   1.1  16.1   23:00   SSE
17   6.7   9.5   17:30   3.2    8:00  11.7   0.0   4.3   5.1  32.2   18:45   WSW
18  11.7  13.4   16:45   8.0    0:15   6.6   0.0   1.3   5.5  29.0    1:30     W
19  12.4  12.9   14:00  10.9   00:00   5.9   0.0   0.0   6.0  32.2   11:15     W
20   9.6  11.4    4:45   7.8   23:15   8.7   0.0   0.3   3.1  22.5   12:45   SSW
21   9.3  11.6   14:15   6.8    4:30   9.0   0.0   0.0   2.1  19.3    1:30   SSW
22  11.9  15.0   15:30   8.3    3:30   6.4   0.0   2.5   1.9  19.3   14:00     S
23  12.9  15.1   12:45  10.4   21:45   5.3   0.0   0.3   0.8  19.3    1:15    SE
24  11.2  15.4   13:15   7.8   22:45   7.1   0.0   1.5   1.1  16.1   21:00   NNW
25   7.7   9.8   15:30   6.6    4:00  10.6   0.0   0.0   0.6  12.9   14:15    SE
26   8.9  11.8   15:00   6.7   00:00   9.4   0.0   1.8   5.8  38.6   12:00   SSE
27   5.2   7.8   14:45   3.1   20:30  13.1   0.0   0.0   0.2   8.0   21:15   NNW
28   4.1   6.7   15:15   2.8    7:00  14.3   0.0   0.3   1.4  11.3   10:00     W
29   3.6   6.6   00:00   1.3    8:30  14.7   0.0   0.0   4.0  22.5   20:45    SE
30   7.6  10.3   15:00   5.4    1:30  10.7   0.0   1.8   2.1  25.7   13:00   SSE
-------------------------------------------------------------------------------------
     8.3  15.5    10     0.2    12   299.0   0.0  34.3   2.9  57.9     3     SSW

Max >=  32.0:  0
Max <=   0.0:  0
Min <=   0.0:  0
Min <= -18.0:  0
Max Rain: 7.62 ON 16/11/03
Days of Rain: 18 (> .2 mm) 5 (> 2 mm) 0 (> 20 mm)
Heat Base:  18.3  Cool Base:  18.3  Method: Integration
Benelux Weer Netwerk cwop awekas hwa wcloud pwsweather wow wow