-->

NOAA-Style Climate Reports

Select a Year or Month report
2021: Jan | Feb | Mar | Apr | May | Jun | Jul | Aug | Sep | Oct | Nov | Dec |
2020: Jan | Feb | Mar | Apr | May | Jun | Jul | Aug | Sep | Oct | Nov | Dec |
2019: Jan | Feb | Mar | Apr | May | Jun | Jul | Aug | Sep | Oct | Nov | Dec |
2018: Jan | Feb | Mar | Apr | May | Jun | Jul | Aug | Sep | Oct | Nov | Dec |
2017: Jan | Feb | Mar | Apr | May | Jun | Jul | Aug | Sep | Oct | Nov | Dec |
2016: Jan | Feb | Mar | Apr | May | Jun | Jul | Aug | Sep | Oct | Nov | Dec |
2015: Jan | Feb | Mar | Apr | May | Jun | Jul | Aug | Sep | Oct | Nov | Dec |
2014: Jan | Feb | Mar | Apr | May | Jun | Jul | Aug | Sep | Oct | Nov | Dec |
2013: Jan | Feb | Mar | Apr | May | Jun | Jul | Aug | Sep | Oct | Nov | Dec |
2012: Jan | Feb | Mar | Apr | May | Jun | Jul | Aug | Sep | Oct | Nov | Dec |
2011: Jan | Feb | Mar | Apr | May | Jun | Jul | Aug | Sep | Oct | Nov | Dec |
2010: Jan | Feb | Mar | Apr | May | Jun | Jul | Aug | Sep | Oct | Nov | Dec |
2009: Jan | Feb | Mar | Apr | May | Jun | Jul | Aug | Sep | Oct | Nov | Dec |
2008: Jan | Feb | Mar | Apr | May | Jun | Jul | Aug | Sep | Oct | Nov | Dec |
2007: Jan | Feb | Mar | Apr | May | Jun | Jul | Aug | Sep | Oct | Nov | Dec |
2006: Jan | Feb | Mar | Apr | May | Jun | Jul | Aug | Sep | Oct | Nov | Dec |
2005: Jan | Feb | Mar | Apr | May | Jun | Jul | Aug | Sep | Oct | Nov | Dec |
2004: Jan | Feb | Mar | Apr | May | Jun | Jul | Aug | Sep | Oct | Nov | Dec |
2003: Jan | Feb | Mar | Apr | May | Jun | Jul | Aug | Sep | Oct | Nov | Dec |

Report for 2003 December
                   MONTHLY CLIMATOLOGICAL SUMMARY for DEC. 2003

NAME: Patrick Nijs   CITY: Heist-op-den-Berg   STATE: Belgium 
ELEV:    15 m  LAT: 51° 04' 15" N  LONG: 4° 42' 13" E

                   TEMPERATURE (°C), RAIN  (mm), WIND SPEED (km/h)

                                      HEAT  COOL        AVG
    MEAN                              DEG   DEG         WIND                 DOM
DAY TEMP  HIGH   TIME   LOW    TIME   DAYS  DAYS  RAIN  SPEED HIGH   TIME    DIR
------------------------------------------------------------------------------------
 1  10.7  14.2   14:15   8.2    0:15   7.6   0.0   3.6   2.3  19.3   13:45    SE
 2   8.4  10.4   14:00   6.6    9:00   9.9   0.0   0.0   0.2  11.3   12:15   ESE
 3   6.3   7.9    3:15   4.2   22:30  12.0   0.0   0.0   1.1  19.3   23:15   ENE
 4   4.9   5.4   11:00   4.4    0:15  13.3   0.0   0.3   3.9  25.7   17:00   ENE
 5   4.2   4.7    0:15   3.2   23:30  14.1   0.0   0.0   0.5  11.3    9:15   ENE
 6   4.0   7.8   14:15  -1.1   23:00  14.3   0.0   0.3   2.3  32.2   13:00   ENE
 7  -0.7   2.2   14:30  -2.7    7:00  19.0   0.0   0.0   3.5  22.5   12:45   ENE
 8  -0.8   4.2   14:30  -4.7    7:15  19.1   0.0   0.0   1.1  12.9    1:00    SE
 9  -1.4   3.5   15:00  -4.8    9:00  19.7   0.0   0.0   0.3  11.3   14:30   ESE
10  -1.7   3.7   14:00  -5.7    6:45  20.0   0.0   0.3   0.5  16.1   00:00   SSW
11   2.8   6.2   23:00   0.3    4:00  15.5   0.0   4.6   4.3  25.7   17:15     S
12   4.3  10.4   00:00  -0.4    7:00  14.0   0.0   0.5   1.6  22.5   22:30    SE
13  11.7  12.6   15:15  10.4    0:15   6.6   0.0  18.0  10.1  45.1   16:15     W
14   7.9  11.8    0:15   5.7   23:45  10.4   0.0   4.1  11.3  48.3    8:30   WNW
15   4.2   6.0    0:30   2.5    8:45  14.1   0.0   1.5   6.4  38.6   14:45   NNW
16   5.0   6.9   14:00   3.5    7:45  13.3   0.0   0.0   1.9  12.9   12:15     W
17   3.6   8.2   14:15  -0.9   23:45  14.7   0.0   0.0   0.3   9.7   12:15   SSW
18   2.4   7.8   14:15  -1.8    3:00  15.9   0.0   0.3   0.8  12.9   12:15    SE
19   3.6   8.0   13:30  -0.7    9:15  14.7   0.0   0.0   0.6  16.1   16:30   SSW
20   8.7  11.8   20:00   6.1    0:15   9.6   0.0   2.0   6.3  54.7   23:15   SSW
21   5.9   9.2    0:45   3.3   00:00  12.4   0.0   8.4  12.4  54.7    9:00     W
22   1.3   4.0    1:00   0.1   20:30  17.0   0.0   6.1   2.7  32.2    7:00     W
23   1.3   2.4   19:45   0.1    5:30  17.0   0.0   5.8   3.4  17.7    1:45   SSW
24   3.7   5.5   23:45   2.0    8:15  14.7   0.0   0.0   3.2  25.7   18:45   SSW
25   8.0   9.2   14:15   5.4    0:15  10.3   0.0   0.3   6.3  30.6   21:15   WSW
26   7.5   9.6   00:00   6.0   16:45  10.8   0.0   0.0   7.1  38.6   22:30   SSW
27   7.7  10.8    1:45   6.2    7:15  10.6   0.0   4.8   6.9  35.4   13:00     W
28   6.3   9.7    6:15   3.6   20:00  12.0   0.0   6.9   8.9  48.3    6:15     W
29   2.7   4.7   14:00  -0.1   00:00  15.6   0.0   0.0   2.6  22.5    0:45   SSE
30   1.2   4.2   15:00  -1.8    2:00  17.1   0.0   0.0   0.0   9.7   13:15   SSE
31   1.9   3.7    2:30  -0.6   20:00  16.3   0.0   0.0   1.1  16.1   11:00   NNW
-------------------------------------------------------------------------------------
     4.4  14.2     1    -5.7    10   431.7   0.0  67.6   3.7  54.7    20       W

Max >=  32.0:  0
Max <=   0.0:  0
Min <=   0.0: 12
Min <= -18.0:  0
Max Rain: 18.03 ON 13/12/03
Days of Rain: 17 (> .2 mm) 10 (> 2 mm) 0 (> 20 mm)
Heat Base:  18.3  Cool Base:  18.3  Method: Integration
Benelux Weer Netwerk cwop awekas hwa wcloud pwsweather wow wow