NOAA-Style Climate Reports

Select a Year or Month report
2021: Jan | Feb | Mar | Apr | May | Jun | Jul | Aug | Sep | Oct | Nov | Dec |
2020: Jan | Feb | Mar | Apr | May | Jun | Jul | Aug | Sep | Oct | Nov | Dec |
2019: Jan | Feb | Mar | Apr | May | Jun | Jul | Aug | Sep | Oct | Nov | Dec |
2018: Jan | Feb | Mar | Apr | May | Jun | Jul | Aug | Sep | Oct | Nov | Dec |
2017: Jan | Feb | Mar | Apr | May | Jun | Jul | Aug | Sep | Oct | Nov | Dec |
2016: Jan | Feb | Mar | Apr | May | Jun | Jul | Aug | Sep | Oct | Nov | Dec |
2015: Jan | Feb | Mar | Apr | May | Jun | Jul | Aug | Sep | Oct | Nov | Dec |
2014: Jan | Feb | Mar | Apr | May | Jun | Jul | Aug | Sep | Oct | Nov | Dec |
2013: Jan | Feb | Mar | Apr | May | Jun | Jul | Aug | Sep | Oct | Nov | Dec |
2012: Jan | Feb | Mar | Apr | May | Jun | Jul | Aug | Sep | Oct | Nov | Dec |
2011: Jan | Feb | Mar | Apr | May | Jun | Jul | Aug | Sep | Oct | Nov | Dec |
2010: Jan | Feb | Mar | Apr | May | Jun | Jul | Aug | Sep | Oct | Nov | Dec |
2009: Jan | Feb | Mar | Apr | May | Jun | Jul | Aug | Sep | Oct | Nov | Dec |
2008: Jan | Feb | Mar | Apr | May | Jun | Jul | Aug | Sep | Oct | Nov | Dec |
2007: Jan | Feb | Mar | Apr | May | Jun | Jul | Aug | Sep | Oct | Nov | Dec |
2006: Jan | Feb | Mar | Apr | May | Jun | Jul | Aug | Sep | Oct | Nov | Dec |
2005: Jan | Feb | Mar | Apr | May | Jun | Jul | Aug | Sep | Oct | Nov | Dec |
2004: Jan | Feb | Mar | Apr | May | Jun | Jul | Aug | Sep | Oct | Nov | Dec |
2003: Jan | Feb | Mar | Apr | May | Jun | Jul | Aug | Sep | Oct | Nov | Dec |

Report for 2004 February
                   MONTHLY CLIMATOLOGICAL SUMMARY for FEB. 2004

NAME: Patrick Nijs   CITY: Heist-op-den-Berg   STATE: Belgium 
ELEV:    15 m  LAT: 51° 04' 15" N  LONG: 4° 42' 13" E

                   TEMPERATURE (°C), RAIN  (mm), WIND SPEED (km/h)

                                      HEAT  COOL        AVG
    MEAN                              DEG   DEG         WIND                 DOM
DAY TEMP  HIGH   TIME   LOW    TIME   DAYS  DAYS  RAIN  SPEED HIGH   TIME    DIR
------------------------------------------------------------------------------------
 1  11.3  12.8   13:00   9.6    8:15   7.0   0.0   4.8  11.9  61.2    1:00     W
 2  12.0  13.2   16:00  10.4   10:00   6.3   0.0   9.7   9.0  48.3   13:15     W
 3  13.7  16.2   15:00  10.9    6:30   4.6   0.0   0.0   7.7  40.2   21:30   SSW
 4  15.3  17.9   15:00  12.3    7:45   3.0   0.0   0.3   9.3  45.1   13:15     W
 5  13.9  15.9    0:45  13.1    7:45   4.4   0.0   0.0   8.2  40.2   23:00     W
 6  12.4  15.1   16:00  10.6    6:30   5.8   0.0   1.8   7.6  45.1   21:30     W
 7   8.4  11.1    0:15   5.1   19:30   9.9   0.0   3.3  12.2  48.3    1:30     W
 8   4.9   6.9   14:30   1.5    4:00  13.4   0.0   6.9  15.1  54.7    6:15    NW
 9   3.5   6.2   13:45   0.1   00:00  14.8   0.0   0.8   6.6  32.2    0:15    NW
10   2.5   5.6   14:30  -1.4    6:15  15.8   0.0   1.8   5.0  33.8   21:00     W
11   7.3   8.4   14:00   4.4   00:00  11.0   0.0   2.8   4.0  33.8    1:00   NNW
12   5.2   7.3   14:30   2.7    7:15  13.2   0.0   0.0   0.5   9.7   16:45   ENE
13   7.2   9.1   14:15   4.1    0:30  11.2   0.0   0.0   0.6   9.7    9:45    NW
14   7.1   8.9   14:45   5.7    6:45  11.2   0.0   0.0   0.2   9.7   15:00     W
15   6.7   9.7   14:15   5.3    8:15  11.6   0.0   0.0   0.2   9.7   12:15    NW
16   4.2   6.1   17:15   2.3    9:15  14.1   0.0   0.0   0.3  11.3   20:30   ENE
17   4.3   5.8   16:30   3.1    6:45  14.0   0.0   0.0   0.3   8.0    9:30   ENE
18   5.4   8.1   13:15   3.5   23:15  12.9   0.0   2.0   3.5  32.2   13:45   NNW
19   1.9   4.6   13:45  -0.6   00:00  16.3   0.0   0.0   6.9  40.2   20:00   ENE
20   1.2   5.6   16:45  -1.8    7:45  17.1   0.0   0.0   6.1  32.2    0:45     E
21   1.3   4.9   13:45  -1.8    7:00  16.9   0.0   0.0   3.1  20.9   10:15   ENE
22   1.8   6.2   15:30  -1.3    5:30  16.5   0.0   0.0   1.4  29.0   18:00   NNW
23   0.9   6.7   15:00  -3.1    1:30  17.4   0.0   0.3   2.1  32.2   15:15   NNW
24   2.2   6.2   14:45  -1.8    0:15  16.1   0.0   1.8   4.8  33.8   17:30     W
25   1.3   3.5   15:45  -0.6   22:30  17.0   0.0   1.3   4.7  29.0   11:15     W
26   0.1   4.2   16:30  -2.3    5:15  18.2   0.0   0.5   5.5  38.6   13:45     W
27   0.1   3.4   15:45  -2.2    4:00  18.2   0.0   5.8   4.8  27.4    6:15     W
28  -1.3   3.7   16:15  -6.3    5:15  19.6   0.0   0.3   0.2   8.0    0:15     S
29  -1.2   3.6   16:15  -5.3    6:30  19.5   0.0   0.3   1.0  20.9   15:15   ENE
-------------------------------------------------------------------------------------
     5.3  17.9     4    -6.3    28   377.1   0.0  44.2   4.9  61.2     1       W

Max >=  32.0:  0
Max <=   0.0:  0
Min <=   0.0: 12
Min <= -18.0:  0
Max Rain: 9.65 ON 02/02/04
Days of Rain: 17 (> .2 mm) 7 (> 2 mm) 0 (> 20 mm)
Heat Base:  18.3  Cool Base:  18.3  Method: Integration
Benelux Weer Netwerk cwop awekas hwa wcloud pwsweather wow wow