NOAA-Style Climate Reports

Select a Year or Month report
2021: Jan | Feb | Mar | Apr | May | Jun | Jul | Aug | Sep | Oct | Nov | Dec |
2020: Jan | Feb | Mar | Apr | May | Jun | Jul | Aug | Sep | Oct | Nov | Dec |
2019: Jan | Feb | Mar | Apr | May | Jun | Jul | Aug | Sep | Oct | Nov | Dec |
2018: Jan | Feb | Mar | Apr | May | Jun | Jul | Aug | Sep | Oct | Nov | Dec |
2017: Jan | Feb | Mar | Apr | May | Jun | Jul | Aug | Sep | Oct | Nov | Dec |
2016: Jan | Feb | Mar | Apr | May | Jun | Jul | Aug | Sep | Oct | Nov | Dec |
2015: Jan | Feb | Mar | Apr | May | Jun | Jul | Aug | Sep | Oct | Nov | Dec |
2014: Jan | Feb | Mar | Apr | May | Jun | Jul | Aug | Sep | Oct | Nov | Dec |
2013: Jan | Feb | Mar | Apr | May | Jun | Jul | Aug | Sep | Oct | Nov | Dec |
2012: Jan | Feb | Mar | Apr | May | Jun | Jul | Aug | Sep | Oct | Nov | Dec |
2011: Jan | Feb | Mar | Apr | May | Jun | Jul | Aug | Sep | Oct | Nov | Dec |
2010: Jan | Feb | Mar | Apr | May | Jun | Jul | Aug | Sep | Oct | Nov | Dec |
2009: Jan | Feb | Mar | Apr | May | Jun | Jul | Aug | Sep | Oct | Nov | Dec |
2008: Jan | Feb | Mar | Apr | May | Jun | Jul | Aug | Sep | Oct | Nov | Dec |
2007: Jan | Feb | Mar | Apr | May | Jun | Jul | Aug | Sep | Oct | Nov | Dec |
2006: Jan | Feb | Mar | Apr | May | Jun | Jul | Aug | Sep | Oct | Nov | Dec |
2005: Jan | Feb | Mar | Apr | May | Jun | Jul | Aug | Sep | Oct | Nov | Dec |
2004: Jan | Feb | Mar | Apr | May | Jun | Jul | Aug | Sep | Oct | Nov | Dec |
2003: Jan | Feb | Mar | Apr | May | Jun | Jul | Aug | Sep | Oct | Nov | Dec |

Report for 2004 March
                   MONTHLY CLIMATOLOGICAL SUMMARY for MAR. 2004

NAME: Patrick Nijs   CITY: Heist-op-den-Berg   STATE: Belgium 
ELEV:    15 m  LAT: 51° 04' 15" N  LONG: 4° 42' 13" E

                   TEMPERATURE (°C), RAIN  (mm), WIND SPEED (km/h)

                                      HEAT  COOL        AVG
    MEAN                              DEG   DEG         WIND                 DOM
DAY TEMP  HIGH   TIME   LOW    TIME   DAYS  DAYS  RAIN  SPEED HIGH   TIME    DIR
------------------------------------------------------------------------------------
 1   0.4   4.9   15:30  -4.4    7:30  17.9   0.0   0.0   0.8  17.7   14:30     N
 2   2.6   7.4   15:00  -0.9   23:15  15.7   0.0   0.0   3.1  27.4   15:15   WNW
 3   3.1   9.4   17:00  -1.8    4:30  15.2   0.0   0.3   1.3  17.7   11:30   SSW
 4   6.8  10.2   14:00   2.9    0:30  11.5   0.0   0.0   1.3  16.1   15:45    SE
 5   5.9   9.4   14:00   3.1   00:00  12.4   0.0   1.8   1.4  16.1   16:15     E
 6   3.2   6.1   16:00   1.5    8:30  15.1   0.0   1.5   2.9  27.4   16:30    NW
 7   4.7   8.1   14:15   2.2   00:00  13.7   0.0   6.6   1.3  17.7    6:00     W
 8   3.0   8.3   15:30  -1.8    7:15  15.3   0.0   0.3   1.9  22.5   16:45   NNW
 9   1.7   4.5   11:30  -0.2    7:15  16.6   0.0   0.3   2.7  30.6   15:15   ENE
10   0.9   2.0   16:15  -0.1    5:15  17.4   0.0   2.0   0.8  16.1    3:15   ENE
11   2.2   6.6   15:30   0.1    3:15  16.1   0.0   0.3   1.8  17.7   12:45     E
12   3.2   6.8   14:45  -0.3    1:30  15.2   0.0   2.3   4.2  29.0   10:00    SE
13   8.8  12.1   17:00   6.3    0:15   9.5   0.0   1.0   5.0  33.8   11:45   SSE
14   9.8  13.3   12:45   5.4    6:00   8.5   0.0   0.3   7.9  49.9   13:30   SSW
15  12.6  14.8   16:45  10.7    4:00   5.7   0.0   0.0   7.4  32.2   11:45     W
16  13.1  17.4   15:00   7.9   00:00   5.2   0.0   0.0   3.4  20.9   13:45   SSW
17  13.6  22.5   14:45   7.2    1:30   5.5   0.8   0.0   1.8  22.5   16:30    SE
18  10.9  16.7   18:00   6.4    5:30   7.3   0.0   0.3   3.4  35.4   19:30     W
19  11.1  13.7   13:15   9.2    7:00   7.2   0.0   2.8  10.0  48.3   11:00     W
20  11.4  13.6   21:30   8.5    5:00   6.9   0.0   2.5  12.9  61.2   21:00     W
21   9.7  12.0   14:00   7.5   00:00   8.6   0.0   1.0  12.9  56.3    9:30     W
22   7.6  10.6   16:30   4.8    8:15  10.7   0.0   2.0   6.9  38.6    5:15     W
23   5.4   9.2   11:00   2.2    7:00  12.9   0.0   0.0   1.6  19.3   13:30   NNW
24   5.1  10.8   14:00   1.0    6:00  13.2   0.0   0.3   1.8  20.9   12:00   NNW
25   4.1   9.6   16:30  -0.9    5:15  14.2   0.0   0.0   0.8  16.1   13:45   ENE
26   3.4   8.5   13:45  -1.4    6:30  14.9   0.0   0.3   1.6  20.9   17:45   NNW
27   3.3   9.9   16:45  -2.7    7:00  15.0   0.0   0.0   0.6  16.1   15:45   NNW
28   5.4  12.6   16:45  -1.5    7:15  12.3   0.0   0.0   1.0  16.1   13:00   SSW
29   7.4  14.1   17:45  -0.6    7:30  10.9   0.0   0.0   1.8  19.3   17:15     E
30  10.7  18.2   17:15   3.7    7:00   7.6   0.0   0.0   5.3  30.6   14:15     E
31  13.5  21.3   15:45   5.3    8:00   5.3   0.5   0.0   1.8  20.9   16:15     E
-------------------------------------------------------------------------------------
     6.6  22.5    17    -4.4     1   363.5   1.3  25.7   3.6  61.2    20       W

Max >=  32.0:  0
Max <=   0.0:  0
Min <=   0.0: 12
Min <= -18.0:  0
Max Rain: 6.60 ON 07/03/04
Days of Rain: 18 (> .2 mm) 6 (> 2 mm) 0 (> 20 mm)
Heat Base:  18.3  Cool Base:  18.3  Method: Integration
Benelux Weer Netwerk cwop awekas hwa wcloud pwsweather wow wow