NOAA-Style Climate Reports

Select a Year or Month report
2021: Jan | Feb | Mar | Apr | May | Jun | Jul | Aug | Sep | Oct | Nov | Dec |
2020: Jan | Feb | Mar | Apr | May | Jun | Jul | Aug | Sep | Oct | Nov | Dec |
2019: Jan | Feb | Mar | Apr | May | Jun | Jul | Aug | Sep | Oct | Nov | Dec |
2018: Jan | Feb | Mar | Apr | May | Jun | Jul | Aug | Sep | Oct | Nov | Dec |
2017: Jan | Feb | Mar | Apr | May | Jun | Jul | Aug | Sep | Oct | Nov | Dec |
2016: Jan | Feb | Mar | Apr | May | Jun | Jul | Aug | Sep | Oct | Nov | Dec |
2015: Jan | Feb | Mar | Apr | May | Jun | Jul | Aug | Sep | Oct | Nov | Dec |
2014: Jan | Feb | Mar | Apr | May | Jun | Jul | Aug | Sep | Oct | Nov | Dec |
2013: Jan | Feb | Mar | Apr | May | Jun | Jul | Aug | Sep | Oct | Nov | Dec |
2012: Jan | Feb | Mar | Apr | May | Jun | Jul | Aug | Sep | Oct | Nov | Dec |
2011: Jan | Feb | Mar | Apr | May | Jun | Jul | Aug | Sep | Oct | Nov | Dec |
2010: Jan | Feb | Mar | Apr | May | Jun | Jul | Aug | Sep | Oct | Nov | Dec |
2009: Jan | Feb | Mar | Apr | May | Jun | Jul | Aug | Sep | Oct | Nov | Dec |
2008: Jan | Feb | Mar | Apr | May | Jun | Jul | Aug | Sep | Oct | Nov | Dec |
2007: Jan | Feb | Mar | Apr | May | Jun | Jul | Aug | Sep | Oct | Nov | Dec |
2006: Jan | Feb | Mar | Apr | May | Jun | Jul | Aug | Sep | Oct | Nov | Dec |
2005: Jan | Feb | Mar | Apr | May | Jun | Jul | Aug | Sep | Oct | Nov | Dec |
2004: Jan | Feb | Mar | Apr | May | Jun | Jul | Aug | Sep | Oct | Nov | Dec |
2003: Jan | Feb | Mar | Apr | May | Jun | Jul | Aug | Sep | Oct | Nov | Dec |

Report for 2004 April
                   MONTHLY CLIMATOLOGICAL SUMMARY for APR. 2004

NAME: Patrick Nijs   CITY: Heist-op-den-Berg   STATE: Belgium 
ELEV:    15 m  LAT: 51° 04' 15" N  LONG: 4° 42' 13" E

                   TEMPERATURE (°C), RAIN  (mm), WIND SPEED (km/h)

                                      HEAT  COOL        AVG
    MEAN                              DEG   DEG         WIND                 DOM
DAY TEMP  HIGH   TIME   LOW    TIME   DAYS  DAYS  RAIN  SPEED HIGH   TIME    DIR
------------------------------------------------------------------------------------
 1  15.1  21.3   17:15   8.8    4:15   3.8   0.6   0.0   2.1  27.4   15:30    SE
 2  13.7  17.5   14:30   9.7   23:45   4.6   0.0   0.0   2.7  25.7   15:15   ESE
 3  11.8  15.3   17:00   9.9    0:15   6.5   0.0   0.8   5.0  35.4   12:15   SSW
 4  11.9  14.0   15:15   9.5   23:15   6.4   0.0   1.5  10.1  41.8    8:30     W
 5   8.6  11.6   13:45   5.1   23:15   9.8   0.0   7.1   8.7  40.2    8:00     W
 6   6.5   9.8   15:15   4.3   22:30  11.8   0.0   1.3   7.6  33.8    0:15     W
 7   6.2  10.3   15:00   3.5    3:30  12.1   0.0   5.8   5.8  29.0   14:30   NNW
 8   6.2  11.3   15:45   3.3    6:45  12.1   0.0   3.3   3.9  30.6   14:45   NNW
 9   6.4  10.3   16:30   2.8    6:30  11.9   0.0   0.0   1.1  16.1   15:15   NNW
10   5.0   8.1   16:15   0.1    6:30  13.3   0.0   0.3   1.3  16.1   19:30   NNW
11   7.2  10.4   16:00   4.2    7:00  11.1   0.0   0.0   0.6  17.7   11:30   NNW
12   8.9  15.3   17:15   1.9    7:15   9.3   0.0   0.0   1.3  17.7   15:15     E
13   9.1  12.8   14:30   5.1    3:30   9.2   0.0   0.0   0.5  11.3   11:45     N
14   9.8  16.7   16:00   2.2    6:45   8.5   0.0   0.0   1.0  12.9   13:00     E
15  12.3  19.3   15:45   4.6    7:00   6.1   0.1   0.0   1.8  22.5   14:45    SE
16  13.9  21.3   16:30   5.1    7:00   5.0   0.6   0.0   1.8  20.9   12:45    SE
17  13.7  21.2   15:15   8.7    6:45   5.0   0.3   1.8   2.4  29.0   18:00   ESE
18   9.4  11.8   14:15   6.7    7:00   8.9   0.0   0.8   7.6  49.9   11:30   SSE
19   8.2  12.4   16:00   4.9   00:00  10.1   0.0   0.0   4.8  32.2   16:30     S
20   9.1  17.2   17:15   1.3    6:00   8.7   0.0   0.0   1.6  19.3   15:45    SE
21  13.7  18.7   15:15   9.1    5:00   4.6   0.0   0.0   2.3  22.5   16:45   SSE
22  13.7  18.1   14:45  10.3   23:45   4.6   0.0   1.5   1.8  19.3   15:45   NNW
23  12.2  18.9   16:15   5.1    7:00   6.1   0.0   0.0   2.1  22.5   13:45   NNW
24  10.5  15.9   18:30   4.9    6:30   7.8   0.0   0.0   0.8  16.1   16:45   NNW
25  12.8  19.5   15:30   4.2    6:45   5.6   0.2   0.0   2.3  24.1   14:00   ENE
26  15.3  21.7   16:45   7.5    6:30   3.4   0.6   0.0   1.8  19.3   18:30   ENE
27  18.9  22.3   17:30  11.2    7:45   0.7   1.1   0.0   1.8  19.3   17:45     E
28  16.1  22.0   14:00  12.7    6:45   2.3   0.5   7.4   1.6  27.4   16:15     E
29  14.3  17.7   15:15  11.6    5:45   4.0   0.0   0.0   3.1  27.4   12:30    SE
30  15.6  22.8   16:00  11.1    5:00   3.5   0.7   4.1   2.3  25.7   20:15   ENE
-------------------------------------------------------------------------------------
    11.2  22.8    30     0.1    10   216.7   4.7  35.6   3.0  49.9    18     NNW

Max >=  32.0:  0
Max <=   0.0:  0
Min <=   0.0:  0
Min <= -18.0:  0
Max Rain: 7.37 ON 28/04/04
Days of Rain: 12 (> .2 mm) 5 (> 2 mm) 0 (> 20 mm)
Heat Base:  18.3  Cool Base:  18.3  Method: Integration
Benelux Weer Netwerk cwop awekas hwa wcloud pwsweather wow wow