Thunderstorms From: 14-05-2021 11:59 Until: 22:59 warning for: Thunderstorms Level: Yellow info button

NOAA-Style Climate Reports

Select a Year or Month report
2021: Jan | Feb | Mar | Apr | May | Jun | Jul | Aug | Sep | Oct | Nov | Dec |
2020: Jan | Feb | Mar | Apr | May | Jun | Jul | Aug | Sep | Oct | Nov | Dec |
2019: Jan | Feb | Mar | Apr | May | Jun | Jul | Aug | Sep | Oct | Nov | Dec |
2018: Jan | Feb | Mar | Apr | May | Jun | Jul | Aug | Sep | Oct | Nov | Dec |
2017: Jan | Feb | Mar | Apr | May | Jun | Jul | Aug | Sep | Oct | Nov | Dec |
2016: Jan | Feb | Mar | Apr | May | Jun | Jul | Aug | Sep | Oct | Nov | Dec |
2015: Jan | Feb | Mar | Apr | May | Jun | Jul | Aug | Sep | Oct | Nov | Dec |
2014: Jan | Feb | Mar | Apr | May | Jun | Jul | Aug | Sep | Oct | Nov | Dec |
2013: Jan | Feb | Mar | Apr | May | Jun | Jul | Aug | Sep | Oct | Nov | Dec |
2012: Jan | Feb | Mar | Apr | May | Jun | Jul | Aug | Sep | Oct | Nov | Dec |
2011: Jan | Feb | Mar | Apr | May | Jun | Jul | Aug | Sep | Oct | Nov | Dec |
2010: Jan | Feb | Mar | Apr | May | Jun | Jul | Aug | Sep | Oct | Nov | Dec |
2009: Jan | Feb | Mar | Apr | May | Jun | Jul | Aug | Sep | Oct | Nov | Dec |
2008: Jan | Feb | Mar | Apr | May | Jun | Jul | Aug | Sep | Oct | Nov | Dec |
2007: Jan | Feb | Mar | Apr | May | Jun | Jul | Aug | Sep | Oct | Nov | Dec |
2006: Jan | Feb | Mar | Apr | May | Jun | Jul | Aug | Sep | Oct | Nov | Dec |
2005: Jan | Feb | Mar | Apr | May | Jun | Jul | Aug | Sep | Oct | Nov | Dec |
2004: Jan | Feb | Mar | Apr | May | Jun | Jul | Aug | Sep | Oct | Nov | Dec |
2003: Jan | Feb | Mar | Apr | May | Jun | Jul | Aug | Sep | Oct | Nov | Dec |

Report for 2004 May
                   MONTHLY CLIMATOLOGICAL SUMMARY for MAY. 2004

NAME: Patrick Nijs   CITY: Heist-op-den-Berg   STATE: Belgium 
ELEV:    15 m  LAT: 51° 04' 15" N  LONG: 4° 42' 13" E

                   TEMPERATURE (°C), RAIN  (mm), WIND SPEED (km/h)

                                      HEAT  COOL        AVG
    MEAN                              DEG   DEG         WIND                 DOM
DAY TEMP  HIGH   TIME   LOW    TIME   DAYS  DAYS  RAIN  SPEED HIGH   TIME    DIR
------------------------------------------------------------------------------------
 1  14.6  19.2   16:45  10.6    5:15   3.8   0.0   0.0   3.1  25.7   16:00     W
 2  14.0  19.6   16:45   9.9    5:45   4.4   0.1   0.0   2.3  19.3   12:30   NNW
 3  13.4  20.1   16:30   7.2    6:30   5.1   0.2   0.5   2.6  27.4   17:45     W
 4   9.9  12.8   14:00   7.3    6:45   8.4   0.0   1.0   5.8  32.2   15:30   SSW
 5  10.0  13.7   18:00   7.1   00:00   8.3   0.0   0.0   5.0  35.4   10:45     S
 6  10.7  15.8   14:15   3.6    6:30   7.6   0.0   0.0   1.3  16.1   12:45    NW
 7   9.6  12.5   12:15   7.4   00:00   8.8   0.0   5.8   5.6  40.2   23:45   WNW
 8  10.2  11.8   18:15   7.4    0:15   8.1   0.0   9.4   3.5  38.6    0:15   NNW
 9  12.2  16.2   16:30   9.6    5:00   6.1   0.0   0.0   1.8  16.1   15:30    NW
10  13.6  19.1   16:00   8.5    4:45   4.8   0.1   0.0   1.1  16.1   16:45    NW
11  10.8  12.6   19:15   8.9   00:00   7.5   0.0   0.0   4.2  20.9   15:00   NNW
12  11.4  16.1   15:15   8.4    6:00   6.9   0.0   0.0   3.9  22.5   15:30   NNW
13  10.6  13.1   14:30   8.5    6:45   7.4   0.0   0.0   2.3  16.1    0:15   NNW
14  12.8  17.4   18:00   5.7    6:15   4.3   0.0   0.0   1.4  16.1   12:30   NNW
15  14.6  21.6   17:15   6.4    5:00   4.0   0.7   0.0   2.9  27.4   16:15   NNW
16  15.3  21.6   19:45   9.2    6:00   3.6   0.6   0.0   1.3  19.3   14:30   ENE
17  17.8  24.7   17:00  10.6    6:00   2.5   2.0   0.0   1.0  19.3   14:30   ENE
18  17.7  23.7   16:00  11.2    6:30   2.3   1.6   0.0   1.9  19.3   15:45   NNW
19  17.4  24.9   16:00   9.6    6:00   2.8   1.9   0.0   3.1  27.4   13:30   NNW
20  16.7  22.9   14:45   9.7    6:00   2.8   1.1   0.0   1.3  20.9   15:30   NNW
21  12.5  16.8   18:15   8.7   00:00   5.8   0.0   1.3   2.3  29.0   17:45   NNW
22   9.9  16.4   16:00   4.1    6:15   8.3   0.0   0.0   3.2  27.4   17:15   NNW
23  11.9  17.4   16:00   6.4    3:00   6.4   0.0   0.0   4.2  27.4   17:15   NNW
24  12.2  18.7   17:45   3.8    6:00   6.1   0.0   0.0   2.3  27.4   18:15   NNW
25  13.7  20.1   13:30   5.6    5:45   4.8   0.2   0.0   1.1  17.7   13:00   NNW
26  12.6  17.9   16:15   7.4    6:00   5.7   0.0   0.0   2.4  20.9   16:45   NNW
27  11.2  16.1   18:15   4.4    6:00   7.1   0.0   0.0   1.0  16.1   18:45   ENE
28  14.2  21.2   17:00   4.9    5:45   4.7   0.5   0.0   1.1  20.9   14:45   ENE
29  17.6  23.8   16:15   9.1    6:00   2.7   1.9   0.0   1.8  22.5   15:00    SE
30  15.4  20.2   11:30  11.8    4:45   3.1   0.2  11.2   1.0  19.3   18:45    SE
31  14.1  18.7   14:30  10.3    6:15   4.1   0.0   5.3   1.6  30.6   15:00     W
-------------------------------------------------------------------------------------
    13.2  24.9    19     3.6     6   168.0  11.2  34.5   2.5  40.2     7     NNW

Max >=  32.0:  0
Max <=   0.0:  0
Min <=   0.0:  0
Min <= -18.0:  0
Max Rain: 11.18 ON 30/05/04
Days of Rain: 7 (> .2 mm) 4 (> 2 mm) 0 (> 20 mm)
Heat Base:  18.3  Cool Base:  18.3  Method: Integration
Benelux Weer Netwerk cwop awekas hwa wcloud pwsweather wow wow