-->

NOAA-Style Climate Reports

Select a Year or Month report
2021: Jan | Feb | Mar | Apr | May | Jun | Jul | Aug | Sep | Oct | Nov | Dec |
2020: Jan | Feb | Mar | Apr | May | Jun | Jul | Aug | Sep | Oct | Nov | Dec |
2019: Jan | Feb | Mar | Apr | May | Jun | Jul | Aug | Sep | Oct | Nov | Dec |
2018: Jan | Feb | Mar | Apr | May | Jun | Jul | Aug | Sep | Oct | Nov | Dec |
2017: Jan | Feb | Mar | Apr | May | Jun | Jul | Aug | Sep | Oct | Nov | Dec |
2016: Jan | Feb | Mar | Apr | May | Jun | Jul | Aug | Sep | Oct | Nov | Dec |
2015: Jan | Feb | Mar | Apr | May | Jun | Jul | Aug | Sep | Oct | Nov | Dec |
2014: Jan | Feb | Mar | Apr | May | Jun | Jul | Aug | Sep | Oct | Nov | Dec |
2013: Jan | Feb | Mar | Apr | May | Jun | Jul | Aug | Sep | Oct | Nov | Dec |
2012: Jan | Feb | Mar | Apr | May | Jun | Jul | Aug | Sep | Oct | Nov | Dec |
2011: Jan | Feb | Mar | Apr | May | Jun | Jul | Aug | Sep | Oct | Nov | Dec |
2010: Jan | Feb | Mar | Apr | May | Jun | Jul | Aug | Sep | Oct | Nov | Dec |
2009: Jan | Feb | Mar | Apr | May | Jun | Jul | Aug | Sep | Oct | Nov | Dec |
2008: Jan | Feb | Mar | Apr | May | Jun | Jul | Aug | Sep | Oct | Nov | Dec |
2007: Jan | Feb | Mar | Apr | May | Jun | Jul | Aug | Sep | Oct | Nov | Dec |
2006: Jan | Feb | Mar | Apr | May | Jun | Jul | Aug | Sep | Oct | Nov | Dec |
2005: Jan | Feb | Mar | Apr | May | Jun | Jul | Aug | Sep | Oct | Nov | Dec |
2004: Jan | Feb | Mar | Apr | May | Jun | Jul | Aug | Sep | Oct | Nov | Dec |
2003: Jan | Feb | Mar | Apr | May | Jun | Jul | Aug | Sep | Oct | Nov | Dec |

Report for 2004 June
                   MONTHLY CLIMATOLOGICAL SUMMARY for JUN. 2004

NAME: Patrick Nijs   CITY: Heist-op-den-Berg   STATE: Belgium 
ELEV:    15 m  LAT: 51° 04' 15" N  LONG: 4° 42' 13" E

                   TEMPERATURE (°C), RAIN  (mm), WIND SPEED (km/h)

                                      HEAT  COOL        AVG
    MEAN                              DEG   DEG         WIND                 DOM
DAY TEMP  HIGH   TIME   LOW    TIME   DAYS  DAYS  RAIN  SPEED HIGH   TIME    DIR
------------------------------------------------------------------------------------
 1  16.7  23.8   17:00   9.9    4:45   3.0   1.3   0.0   1.4  19.3   17:45    SE
 2  14.7  17.1    0:15  12.5   23:45   3.6   0.0   3.0   2.4  20.9   15:15   NNW
 3  15.3  20.5   14:00  11.2    5:45   3.2   0.2   0.0   3.4  25.7   16:45   NNW
 4  14.4  18.8   16:15  11.2    5:30   3.9   0.0   5.8   3.1  19.3   12:00     W
 5  15.2  18.9   13:45  11.4   00:00   3.1   0.0   0.0   2.3  20.9   13:00   NNW
 6  16.1  23.2   18:45   7.9    6:00   3.4   1.2   0.0   0.8  16.1   17:15    SE
 7  20.6  27.7   18:30  11.4    5:45   1.7   3.9   0.0   1.1  16.1   14:30    SE
 8  24.1  31.7   17:15  14.6    6:00   0.7   6.5   0.0   1.3  20.9   12:15   SSW
 9  22.7  28.3   17:15  18.3    5:45   0.0   4.4   0.0   3.5  22.5   17:30     W
10  17.7  19.2   18:30  15.8    5:00   0.8   0.2   5.3   1.1  16.1   21:00   SSE
11  16.6  20.5   16:00  13.3    6:00   1.9   0.1   1.8   3.4  22.5   16:15     W
12  15.5  18.9   14:00  12.7    5:45   2.8   0.0   0.5   6.8  32.2   15:00     W
13  15.1  19.9   19:30  12.1   00:00   3.3   0.1   0.0   2.6  17.7   14:15   NNW
14  16.9  24.5   18:30   7.6    5:45   3.4   1.9   0.0   1.8  17.7   15:30    NW
15  18.8  24.3   14:15  14.6    5:45   1.1   1.7   0.0   4.3  27.4   15:00   NNW
16  16.6  21.6   17:30  10.6    5:45   2.4   0.6   0.0   1.6  16.1    9:15   NNW
17  17.8  21.6   11:00  14.6    3:00   1.2   0.7   0.0   6.6  38.6   12:30     W
18  15.3  18.7   14:00  13.2   00:00   3.0   0.0   2.0   3.7  27.4   15:00     W
19  13.1  17.4   17:45   9.8   00:00   5.2   0.0   3.0   3.5  27.4   13:45   NNW
20  12.6  18.2   15:15   8.3    2:15   5.7   0.0   0.0   2.7  20.9   10:30   SSW
21  13.2  19.1   14:45   9.9    2:45   5.1   0.0   2.0   2.4  30.6   15:00   SSW
22  15.1  19.4   16:30   9.7    5:00   3.3   0.1   0.5   1.3  16.1   14:15    SE
23  17.9  21.1   12:15  14.2   13:45   0.7   0.4   6.6  10.8  57.9   21:45     W
24  15.8  19.1   15:00  12.8   11:45   2.5   0.0   1.5  12.2  48.3    0:30     W
25  15.0  19.2   18:00  11.2    5:45   3.3   0.0   0.0   6.4  32.2   10:45     W
26  16.5  21.9   15:00   8.2    5:45   2.9   1.1   0.0   1.6  19.3   12:45    SE
27  19.6  25.1   14:15  15.5    6:00   0.9   2.1   0.3   4.7  32.2   16:15     W
28  16.8  22.3   16:00  12.3    5:30   2.1   0.6   0.0   4.8  29.0    0:45     W
29  16.9  22.9   16:30  10.8    5:00   2.5   1.1   0.0   3.5  27.4   13:00     W
30  19.6  25.6   15:45  13.2    5:00   1.4   2.7   0.0   2.4  22.5   12:15   SSW
-------------------------------------------------------------------------------------
    16.7  31.7     8     7.6    14    78.0  30.9  32.5   3.6  57.9    23       W

Max >=  32.0:  0
Max <=   0.0:  0
Min <=   0.0:  0
Min <= -18.0:  0
Max Rain: 6.60 ON 23/06/04
Days of Rain: 12 (> .2 mm) 7 (> 2 mm) 0 (> 20 mm)
Heat Base:  18.3  Cool Base:  18.3  Method: Integration
Benelux Weer Netwerk cwop awekas hwa wcloud pwsweather wow wow