-->

NOAA-Style Climate Reports

Select a Year or Month report
2021: Jan | Feb | Mar | Apr | May | Jun | Jul | Aug | Sep | Oct | Nov | Dec |
2020: Jan | Feb | Mar | Apr | May | Jun | Jul | Aug | Sep | Oct | Nov | Dec |
2019: Jan | Feb | Mar | Apr | May | Jun | Jul | Aug | Sep | Oct | Nov | Dec |
2018: Jan | Feb | Mar | Apr | May | Jun | Jul | Aug | Sep | Oct | Nov | Dec |
2017: Jan | Feb | Mar | Apr | May | Jun | Jul | Aug | Sep | Oct | Nov | Dec |
2016: Jan | Feb | Mar | Apr | May | Jun | Jul | Aug | Sep | Oct | Nov | Dec |
2015: Jan | Feb | Mar | Apr | May | Jun | Jul | Aug | Sep | Oct | Nov | Dec |
2014: Jan | Feb | Mar | Apr | May | Jun | Jul | Aug | Sep | Oct | Nov | Dec |
2013: Jan | Feb | Mar | Apr | May | Jun | Jul | Aug | Sep | Oct | Nov | Dec |
2012: Jan | Feb | Mar | Apr | May | Jun | Jul | Aug | Sep | Oct | Nov | Dec |
2011: Jan | Feb | Mar | Apr | May | Jun | Jul | Aug | Sep | Oct | Nov | Dec |
2010: Jan | Feb | Mar | Apr | May | Jun | Jul | Aug | Sep | Oct | Nov | Dec |
2009: Jan | Feb | Mar | Apr | May | Jun | Jul | Aug | Sep | Oct | Nov | Dec |
2008: Jan | Feb | Mar | Apr | May | Jun | Jul | Aug | Sep | Oct | Nov | Dec |
2007: Jan | Feb | Mar | Apr | May | Jun | Jul | Aug | Sep | Oct | Nov | Dec |
2006: Jan | Feb | Mar | Apr | May | Jun | Jul | Aug | Sep | Oct | Nov | Dec |
2005: Jan | Feb | Mar | Apr | May | Jun | Jul | Aug | Sep | Oct | Nov | Dec |
2004: Jan | Feb | Mar | Apr | May | Jun | Jul | Aug | Sep | Oct | Nov | Dec |
2003: Jan | Feb | Mar | Apr | May | Jun | Jul | Aug | Sep | Oct | Nov | Dec |

Report for 2004 July
                   MONTHLY CLIMATOLOGICAL SUMMARY for JUL. 2004

NAME: Patrick Nijs   CITY: Heist-op-den-Berg   STATE: Belgium 
ELEV:    15 m  LAT: 51° 04' 15" N  LONG: 4° 42' 13" E

                   TEMPERATURE (°C), RAIN  (mm), WIND SPEED (km/h)

                                      HEAT  COOL        AVG
    MEAN                              DEG   DEG         WIND                 DOM
DAY TEMP  HIGH   TIME   LOW    TIME   DAYS  DAYS  RAIN  SPEED HIGH   TIME    DIR
------------------------------------------------------------------------------------
 1  16.9  19.9   19:00  14.1    4:00   1.6   0.2   0.5   6.6  38.6   19:00     W
 2  14.6  19.5   17:30  10.3    5:15   3.8   0.1   6.3   5.3  41.8   17:00   SSW
 3  15.9  19.5   18:15  13.0    7:45   2.5   0.1   0.8   8.7  40.2   13:15     W
 4  15.1  18.5   13:15  12.1    6:00   3.2   0.0   0.3   4.0  29.0   13:30     W
 5  16.3  20.6   15:30  12.3   00:00   2.3   0.3   6.1   2.6  20.9   13:45    NW
 6  16.6  22.9   16:45   8.9    5:45   3.0   1.2   0.0   1.3  16.1   16:45   ENE
 7  17.2  23.7   14:30  12.5    5:45   2.0   0.9  15.7   6.1  35.4   11:30   ENE
 8  17.3  22.9   16:45  13.6   22:45   1.9   1.0   8.4   2.9  35.4   19:45   SSE
 9  14.7  17.4   11:00  12.5   00:00   3.6   0.0  14.0   4.7  32.2   17:00     W
10  14.2  19.5   14:00  11.1   00:00   4.2   0.0   2.0   3.2  27.4   16:15     W
11  13.3  17.4   19:00   9.4    5:00   5.0   0.0   0.8   3.5  27.4   19:00    NW
12  13.9  16.1   16:30  12.3   23:15   4.3   0.0   1.3   4.3  27.4   11:45     W
13  14.1  18.2   19:00  10.9   00:00   4.3   0.0   1.0   2.1  17.7    9:45     W
14  14.8  20.9   14:30   9.7    3:45   3.7   0.2   2.0   3.7  40.2   14:45     W
15  18.1  20.4   17:00  16.7    0:15   0.8   0.5   0.0   4.0  25.7   20:30     W
16  20.7  26.1   19:00  17.3    7:00   0.3   2.7   0.0   4.0  25.7   11:15     W
17  21.3  30.4   17:00  14.8    6:15   0.7   3.6  10.9   2.3  48.3   18:15    SE
18  18.8  25.0   17:00  14.9    6:45   1.0   1.5   3.6   1.6  20.9   21:45     W
19  18.3  23.3   14:45  12.3    6:15   1.7   1.6   0.0   2.3  22.5   11:45     W
20  17.5  22.8   19:15  14.9    8:15   1.5   0.7   6.1   0.6  12.9    0:45   ENE
21  19.9  25.6   15:45  15.2    6:00   0.8   2.5   3.8   0.6  20.9   17:00    NW
22  22.6  28.2   17:45  15.5    6:15   0.4   4.6   0.0   1.6  27.4   00:00   ENE
23  20.0  24.1   15:45  15.3   00:00   0.3   2.0  10.4   3.9  35.4    0:15    NW
24  18.6  25.0   17:15  11.3    6:00   1.9   2.2   0.0   1.4  19.3   17:00    NW
25  16.5  19.7   17:30  14.1    5:30   1.9   0.1   0.8   2.7  20.9   11:00     W
26  17.4  21.8   19:00  14.3   00:00   1.6   0.8   0.0   3.9  29.0   14:45   NNW
27  17.9  24.2   16:00  10.1    5:45   2.4   2.0   0.0   0.6  12.9   16:15   ENE
28  19.8  25.2   14:15  11.9    6:15   1.5   2.9   0.0   1.9  22.5   16:45   ENE
29  22.1  28.7   18:00  14.4    6:15   0.7   4.5   0.0   2.1  20.9   14:00   ENE
30  22.6  28.9   16:45  15.4    6:15   0.4   4.7   0.0   1.4  16.1   14:45   NNW
31  21.2  27.6   16:45  15.9    6:15   0.4   3.3   0.0   1.6  19.3   13:45   NNW
-------------------------------------------------------------------------------------
    17.7  30.4    17     8.9     6    63.5  44.2  94.7   3.1  48.3    17       W

Max >=  32.0:  0
Max <=   0.0:  0
Min <=   0.0:  0
Min <= -18.0:  0
Max Rain: 15.75 ON 07/07/04
Days of Rain: 19 (> .2 mm) 12 (> 2 mm) 0 (> 20 mm)
Heat Base:  18.3  Cool Base:  18.3  Method: Integration
Benelux Weer Netwerk cwop awekas hwa wcloud pwsweather wow wow