-->

NOAA-Style Climate Reports

Select a Year or Month report
2021: Jan | Feb | Mar | Apr | May | Jun | Jul | Aug | Sep | Oct | Nov | Dec |
2020: Jan | Feb | Mar | Apr | May | Jun | Jul | Aug | Sep | Oct | Nov | Dec |
2019: Jan | Feb | Mar | Apr | May | Jun | Jul | Aug | Sep | Oct | Nov | Dec |
2018: Jan | Feb | Mar | Apr | May | Jun | Jul | Aug | Sep | Oct | Nov | Dec |
2017: Jan | Feb | Mar | Apr | May | Jun | Jul | Aug | Sep | Oct | Nov | Dec |
2016: Jan | Feb | Mar | Apr | May | Jun | Jul | Aug | Sep | Oct | Nov | Dec |
2015: Jan | Feb | Mar | Apr | May | Jun | Jul | Aug | Sep | Oct | Nov | Dec |
2014: Jan | Feb | Mar | Apr | May | Jun | Jul | Aug | Sep | Oct | Nov | Dec |
2013: Jan | Feb | Mar | Apr | May | Jun | Jul | Aug | Sep | Oct | Nov | Dec |
2012: Jan | Feb | Mar | Apr | May | Jun | Jul | Aug | Sep | Oct | Nov | Dec |
2011: Jan | Feb | Mar | Apr | May | Jun | Jul | Aug | Sep | Oct | Nov | Dec |
2010: Jan | Feb | Mar | Apr | May | Jun | Jul | Aug | Sep | Oct | Nov | Dec |
2009: Jan | Feb | Mar | Apr | May | Jun | Jul | Aug | Sep | Oct | Nov | Dec |
2008: Jan | Feb | Mar | Apr | May | Jun | Jul | Aug | Sep | Oct | Nov | Dec |
2007: Jan | Feb | Mar | Apr | May | Jun | Jul | Aug | Sep | Oct | Nov | Dec |
2006: Jan | Feb | Mar | Apr | May | Jun | Jul | Aug | Sep | Oct | Nov | Dec |
2005: Jan | Feb | Mar | Apr | May | Jun | Jul | Aug | Sep | Oct | Nov | Dec |
2004: Jan | Feb | Mar | Apr | May | Jun | Jul | Aug | Sep | Oct | Nov | Dec |
2003: Jan | Feb | Mar | Apr | May | Jun | Jul | Aug | Sep | Oct | Nov | Dec |

Report for 2004 August
                   MONTHLY CLIMATOLOGICAL SUMMARY for AUG. 2004

NAME: Patrick Nijs   CITY: Heist-op-den-Berg   STATE: Belgium 
ELEV:    15 m  LAT: 51° 04' 15" N  LONG: 4° 42' 13" E

                   TEMPERATURE (°C), RAIN  (mm), WIND SPEED (km/h)

                                      HEAT  COOL        AVG
    MEAN                              DEG   DEG         WIND                 DOM
DAY TEMP  HIGH   TIME   LOW    TIME   DAYS  DAYS  RAIN  SPEED HIGH   TIME    DIR
------------------------------------------------------------------------------------
 1  20.4  26.4   16:45  15.3    3:45   0.8   3.0   0.0   0.8  12.9   12:45    NW
 2  22.0  28.9   17:15  15.3    6:15   0.6   4.2   0.0   1.4  17.7   15:00   ENE
 3  23.3  29.8   16:30  16.1    6:15   0.2   5.2   0.0   1.4  16.1   12:15   ENE
 4  23.2  29.9   16:15  17.3    6:45   0.1   5.0   0.0   1.0  16.1   13:30   ENE
 5  24.2  31.1   16:30  19.1    6:30   0.0   5.9   1.0   1.3  25.7   13:45   ENE
 6  22.4  26.4   13:30  19.8    6:45   0.0   4.1   0.3   2.7  22.5   14:30    NW
 7  21.7  27.3   16:45  17.8    7:15   0.1   3.5  12.2   1.3  17.7   21:30   ENE
 8  24.2  31.0   16:45  17.5    6:30   0.1   6.0   0.8   1.9  27.4   16:30    SE
 9  26.3  32.2   16:15  20.2    6:45   0.0   7.5   0.0   1.8  19.3   15:30     E
10  22.3  25.2    0:15  19.2   23:15   0.0   4.0  21.3   2.1  19.3   13:00     E
11  22.4  27.9   19:15  17.7    7:15   0.0   4.1   0.3   1.4  25.7   17:15    SE
12  19.1  21.6    9:30  15.9   00:00   0.3   1.1   3.0   2.3  19.3   10:30   SSW
13  17.2  21.3   13:15  15.4    1:15   1.4   0.3  12.4   5.6  41.8   14:00     W
14  19.1  23.3   16:00  16.1    0:15   0.6   1.4   7.4   6.1  27.4    3:00   NNW
15  19.7  26.6   14:45  13.0    6:45   1.5   2.9   2.3   1.3  17.7   13:15   SSW
16  19.7  23.2   16:45  17.4    8:15   0.1   1.5   1.8   1.8  22.5   12:45     W
17  20.1  24.5   15:00  15.4    7:00   0.5   2.3   0.0   1.6  19.3   12:30   SSW
18  20.8  27.7   16:45  17.4   20:00   0.2   2.6   6.6   4.0  29.0   18:30    SE
19  18.9  23.1   14:15  16.9   00:00   0.4   1.0   6.6   6.3  46.7    9:15   SSW
20  17.0  21.8   15:45  14.1    9:45   1.9   0.6   5.8   3.9  30.6   11:00   SSW
21  14.6  19.2   16:15  11.2   00:00   3.7   0.0   1.8   2.7  29.0   16:15   NNW
22  15.7  22.0   16:15  10.8    1:15   3.3   0.8   0.0   0.8  16.1   12:15     N
23  17.9  24.8   16:45  12.6    7:45   2.3   1.9   0.3   1.8  22.5   15:15   ESE
24  17.6  22.0   17:00  14.9    5:30   1.2   0.5   2.3   3.9  40.2   16:30     W
25  16.3  19.5   16:45  14.3    8:15   2.1   0.1   7.4   5.3  30.6   16:15     W
26  16.3  19.9   16:00  13.6   23:45   2.2   0.2   2.0   5.5  32.2   15:00     W
27  15.1  16.4   10:30  13.6    0:15   3.2   0.0   9.7   4.7  29.0   10:45   SSW
28  17.7  22.0   14:45  13.7   00:00   1.4   0.8   2.5   1.6  16.1   13:45   NNW
29  16.1  20.5   16:45  11.7    5:45   2.6   0.4   0.0   2.9  22.5   12:00   WSW
30  15.5  19.1   14:00  12.2   23:30   2.8   0.0   0.8   6.8  40.2   12:30     W
31  14.9  18.9   16:45  11.9    1:45   3.4   0.0   0.8   4.5  27.4   10:15     W
-------------------------------------------------------------------------------------
    19.4  32.2     9    10.8    22    37.0  70.8 109.2   2.9  46.7    19       W

Max >=  32.0:  1
Max <=   0.0:  0
Min <=   0.0:  0
Min <= -18.0:  0
Max Rain: 21.34 ON 10/08/04
Days of Rain: 23 (> .2 mm) 14 (> 2 mm) 1 (> 20 mm)
Heat Base:  18.3  Cool Base:  18.3  Method: Integration
Benelux Weer Netwerk cwop awekas hwa wcloud pwsweather wow wow