-->

NOAA-Style Climate Reports

Select a Year or Month report
2021: Jan | Feb | Mar | Apr | May | Jun | Jul | Aug | Sep | Oct | Nov | Dec |
2020: Jan | Feb | Mar | Apr | May | Jun | Jul | Aug | Sep | Oct | Nov | Dec |
2019: Jan | Feb | Mar | Apr | May | Jun | Jul | Aug | Sep | Oct | Nov | Dec |
2018: Jan | Feb | Mar | Apr | May | Jun | Jul | Aug | Sep | Oct | Nov | Dec |
2017: Jan | Feb | Mar | Apr | May | Jun | Jul | Aug | Sep | Oct | Nov | Dec |
2016: Jan | Feb | Mar | Apr | May | Jun | Jul | Aug | Sep | Oct | Nov | Dec |
2015: Jan | Feb | Mar | Apr | May | Jun | Jul | Aug | Sep | Oct | Nov | Dec |
2014: Jan | Feb | Mar | Apr | May | Jun | Jul | Aug | Sep | Oct | Nov | Dec |
2013: Jan | Feb | Mar | Apr | May | Jun | Jul | Aug | Sep | Oct | Nov | Dec |
2012: Jan | Feb | Mar | Apr | May | Jun | Jul | Aug | Sep | Oct | Nov | Dec |
2011: Jan | Feb | Mar | Apr | May | Jun | Jul | Aug | Sep | Oct | Nov | Dec |
2010: Jan | Feb | Mar | Apr | May | Jun | Jul | Aug | Sep | Oct | Nov | Dec |
2009: Jan | Feb | Mar | Apr | May | Jun | Jul | Aug | Sep | Oct | Nov | Dec |
2008: Jan | Feb | Mar | Apr | May | Jun | Jul | Aug | Sep | Oct | Nov | Dec |
2007: Jan | Feb | Mar | Apr | May | Jun | Jul | Aug | Sep | Oct | Nov | Dec |
2006: Jan | Feb | Mar | Apr | May | Jun | Jul | Aug | Sep | Oct | Nov | Dec |
2005: Jan | Feb | Mar | Apr | May | Jun | Jul | Aug | Sep | Oct | Nov | Dec |
2004: Jan | Feb | Mar | Apr | May | Jun | Jul | Aug | Sep | Oct | Nov | Dec |
2003: Jan | Feb | Mar | Apr | May | Jun | Jul | Aug | Sep | Oct | Nov | Dec |

Report for 2004 September
                   MONTHLY CLIMATOLOGICAL SUMMARY for SEP. 2004

NAME: Patrick Nijs   CITY: Heist-op-den-Berg   STATE: Belgium 
ELEV:    15 m  LAT: 51° 04' 15" N  LONG: 4° 42' 13" E

                   TEMPERATURE (°C), RAIN  (mm), WIND SPEED (km/h)

                                      HEAT  COOL        AVG
    MEAN                              DEG   DEG         WIND                 DOM
DAY TEMP  HIGH   TIME   LOW    TIME   DAYS  DAYS  RAIN  SPEED HIGH   TIME    DIR
------------------------------------------------------------------------------------
 1  16.1  22.6   16:45   9.7    7:15   3.3   1.0   0.0   0.8  17.7   16:00   NNW
 2  17.7  25.3   16:15  10.6    7:00   2.7   2.1   0.0   1.0  19.3   13:15     E
 3  19.9  27.6   16:00  13.1    6:00   1.5   3.1   0.0   0.8  16.1   15:00     W
 4  21.2  27.7   16:45  15.8    6:00   0.5   3.3   0.0   0.5  11.3    3:30    NW
 5  21.4  28.6   15:00  14.9    7:30   0.7   3.8   0.0   1.1  17.7   14:30   ENE
 6  20.6  27.6   17:15  14.1    7:30   0.8   2.7   0.0   1.6  19.3   13:15   ENE
 7  20.6  26.2   15:45  16.1    6:00   0.5   2.7   0.0   3.7  22.5   14:15   ENE
 8  17.9  23.4   16:00  12.4    7:30   1.8   1.4   0.0   3.4  22.5   16:15   ENE
 9  18.3  24.7   17:00  12.3    7:00   1.9   1.9   0.0   3.9  27.4   16:45     E
10  19.4  28.2   15:45  11.9    7:15   1.9   3.0   0.0   2.6  29.0   18:45     E
11  19.2  22.9   15:15  15.7   23:45   0.4   1.2  12.2   3.4  29.0   11:30     W
12  16.2  19.9   16:30  13.3    7:45   2.2   0.1   0.0   6.9  40.2   17:15     W
13  15.6  21.4   15:45  12.6   00:00   3.1   0.3   4.3   5.0  41.8   13:15   SSW
14  14.7  19.9   15:45  10.9    4:15   3.8   0.2   1.5   6.4  48.3   15:45     W
15  13.3  16.7   16:45   9.7   22:45   5.0   0.0   5.3   3.7  30.6   11:30     W
16  12.7  18.9   16:45   7.0    6:15   5.6   0.0   0.0   0.6  12.9   11:15    SE
17  14.7  21.2   16:15   8.8    7:30   4.1   0.5   0.0   1.8  22.5   13:30     S
18  18.2  24.5   15:00  13.0    6:45   2.0   1.9   0.0   3.4  33.8   14:00   SSE
19  15.6  19.2   16:15  11.4   00:00   2.7   0.0   1.5   3.7  25.7   14:15   WSW
20  14.2  16.6   18:00  11.2    0:15   4.1   0.0   0.3   7.2  41.8   20:45     W
21  14.3  17.0   15:30  11.8    7:30   4.0   0.0   0.0  10.6  46.7   16:00     W
22  13.6  15.5   23:15  12.1   14:45   4.7   0.0   1.0   9.8  43.5   14:00     W
23  14.3  15.8    8:45  11.2   23:45   3.9   0.0   9.7   6.6  30.6   14:45   NNW
24  11.4  14.4   14:45   9.5    8:15   6.9   0.0   8.6   4.8  27.4   17:00   WNW
25  12.2  15.2   14:30  10.7    5:30   5.8   0.0   0.3   3.5  25.7   12:45   WNW
26  14.2  17.9   16:00  11.7    7:45   4.0   0.0   0.0   1.9  19.3   17:00   WNW
27  15.6  18.5   16:30  13.4    0:15   2.8   0.0   0.3   3.2  19.3    2:30     W
28  16.2  18.5   13:15  14.5    0:15   2.1   0.0   0.3   3.9  27.4   14:45     W
29  13.9  17.4   17:15   8.5   00:00   4.4   0.0   1.3   3.7  25.7   11:15     W
30  12.7  17.2   17:15   8.4    0:15   5.6   0.0   0.3   0.6  12.9   13:15    SE
-------------------------------------------------------------------------------------
    16.2  28.6     5     7.0    16    92.8  29.4  46.7   3.7  48.3    14       W

Max >=  32.0:  0
Max <=   0.0:  0
Min <=   0.0:  0
Min <= -18.0:  0
Max Rain: 12.19 ON 11/09/04
Days of Rain: 14 (> .2 mm) 5 (> 2 mm) 0 (> 20 mm)
Heat Base:  18.3  Cool Base:  18.3  Method: Integration
Benelux Weer Netwerk cwop awekas hwa wcloud pwsweather wow wow