NOAA-Style Climate Reports

Select a Year or Month report
2021: Jan | Feb | Mar | Apr | May | Jun | Jul | Aug | Sep | Oct | Nov | Dec |
2020: Jan | Feb | Mar | Apr | May | Jun | Jul | Aug | Sep | Oct | Nov | Dec |
2019: Jan | Feb | Mar | Apr | May | Jun | Jul | Aug | Sep | Oct | Nov | Dec |
2018: Jan | Feb | Mar | Apr | May | Jun | Jul | Aug | Sep | Oct | Nov | Dec |
2017: Jan | Feb | Mar | Apr | May | Jun | Jul | Aug | Sep | Oct | Nov | Dec |
2016: Jan | Feb | Mar | Apr | May | Jun | Jul | Aug | Sep | Oct | Nov | Dec |
2015: Jan | Feb | Mar | Apr | May | Jun | Jul | Aug | Sep | Oct | Nov | Dec |
2014: Jan | Feb | Mar | Apr | May | Jun | Jul | Aug | Sep | Oct | Nov | Dec |
2013: Jan | Feb | Mar | Apr | May | Jun | Jul | Aug | Sep | Oct | Nov | Dec |
2012: Jan | Feb | Mar | Apr | May | Jun | Jul | Aug | Sep | Oct | Nov | Dec |
2011: Jan | Feb | Mar | Apr | May | Jun | Jul | Aug | Sep | Oct | Nov | Dec |
2010: Jan | Feb | Mar | Apr | May | Jun | Jul | Aug | Sep | Oct | Nov | Dec |
2009: Jan | Feb | Mar | Apr | May | Jun | Jul | Aug | Sep | Oct | Nov | Dec |
2008: Jan | Feb | Mar | Apr | May | Jun | Jul | Aug | Sep | Oct | Nov | Dec |
2007: Jan | Feb | Mar | Apr | May | Jun | Jul | Aug | Sep | Oct | Nov | Dec |
2006: Jan | Feb | Mar | Apr | May | Jun | Jul | Aug | Sep | Oct | Nov | Dec |
2005: Jan | Feb | Mar | Apr | May | Jun | Jul | Aug | Sep | Oct | Nov | Dec |
2004: Jan | Feb | Mar | Apr | May | Jun | Jul | Aug | Sep | Oct | Nov | Dec |
2003: Jan | Feb | Mar | Apr | May | Jun | Jul | Aug | Sep | Oct | Nov | Dec |

Report for 2004 October
                   MONTHLY CLIMATOLOGICAL SUMMARY for OCT. 2004

NAME: Patrick Nijs   CITY: Heist-op-den-Berg   STATE: Belgium 
ELEV:    15 m  LAT: 51° 04' 15" N  LONG: 4° 42' 13" E

                   TEMPERATURE (°C), RAIN  (mm), WIND SPEED (km/h)

                                      HEAT  COOL        AVG
    MEAN                              DEG   DEG         WIND                 DOM
DAY TEMP  HIGH   TIME   LOW    TIME   DAYS  DAYS  RAIN  SPEED HIGH   TIME    DIR
------------------------------------------------------------------------------------
 1  15.9  20.3   14:45  12.0    4:00   2.7   0.3   0.8   1.0  20.9   15:15   SSW
 2  14.1  16.6   16:00  11.7   00:00   4.0   0.0   0.3   3.2  32.2   17:15     W
 3  14.1  18.5   16:30   9.5    6:00   4.3   0.0   0.0   2.7  27.4   13:30   SSW
 4  16.4  21.8   15:00  13.1    4:15   2.4   0.6   0.0   3.5  30.6   14:15   SSE
 5  14.8  17.0    4:15  12.1   00:00   3.5   0.0   0.5   2.1  19.3    4:00   SSW
 6  12.7  16.9   14:15  10.3   22:30   5.6   0.0   0.5   3.9  22.5   12:15   SSW
 7  11.4  16.4   14:45   7.6   00:00   6.9   0.0   0.0   2.6  22.5   15:00   SSW
 8  10.1  16.2   15:30   7.5    0:30   6.9   0.0   0.3   0.2   9.7   13:00     N
 9  10.0  15.0   16:00   5.7    8:15   8.3   0.0   0.0   2.7  22.5   14:00   ENE
10   9.6  13.7   14:00   6.0    7:45   8.7   0.0   0.0   5.8  32.2   14:15   ENE
11   9.3  13.5   15:15   5.2    7:45   9.0   0.0   0.0   7.1  30.6   14:00     E
12  10.8  17.0   16:45   7.8    2:45   6.5   0.0   0.0   3.9  22.5   13:00    SE
13  12.5  16.4   15:00   8.8    7:00   5.8   0.0   0.0   3.4  25.7   14:15    SE
14  12.7  14.2   16:30  10.1   00:00   5.6   0.0   3.8   4.5  38.6   10:15   SSE
15   9.6  12.0   14:30   7.4   00:00   8.7   0.0   1.5   2.3  20.9   10:45   SSE
16   7.6   9.2   17:30   5.6    4:00  10.7   0.0   1.0   1.8  19.3   13:45   SSE
17   8.1  11.1   15:00   6.0    5:30  10.2   0.0   5.8   2.7  25.7    8:15   SSW
18   9.8  13.9   15:45   6.3   00:00   8.5   0.0   1.8   4.0  25.7    2:00     W
19   9.9  15.8   16:45   5.1    7:45   8.4   0.0   0.3   1.4  19.3   14:00    SE
20  14.4  20.9   17:00   9.7    4:00   4.2   0.3  22.6   3.2  33.8   15:30    SE
21  13.7  17.3    4:45  10.4    8:30   4.6   0.0   5.3   7.6  48.3    6:45   SSW
22  13.8  17.8   15:30  10.1    8:30   4.5   0.0   0.0   4.8  32.2    3:15   SSW
23  16.6  19.8   17:00  13.8    0:45   1.8   0.1   0.3   6.4  30.6   12:45   SSW
24  17.2  19.6   15:00  15.6    5:45   1.2   0.1   0.0   3.5  20.9    0:15   SSW
25  14.7  16.4    0:15  11.3   23:30   3.6   0.0   0.0   8.0  48.3   13:45     W
26   9.9  14.1   14:00   5.2   00:00   8.4   0.0   0.0   1.0  16.1   14:00    SW
27   7.9  13.0   15:00   3.3    4:15  10.4   0.0   0.3   1.6  19.3   14:30     E
28  12.6  16.4   15:15   9.9    2:00   5.7   0.0   4.1   1.9  22.5   12:15    SE
29  11.7  15.4   15:00   7.9   23:45   6.6   0.0   2.0   0.5  12.9   11:30    SE
30   8.2  12.9   16:15   4.7    9:00  10.2   0.0   0.3   0.0   8.0   14:45   ENE
31   8.9  11.8   14:15   5.1    1:15   9.4   0.0   0.0   0.0   9.7   11:15   ENE
-------------------------------------------------------------------------------------
    11.9  21.8     4     3.3    27   197.3   1.5  51.3   3.1  48.3    21     SSW

Max >=  32.0:  0
Max <=   0.0:  0
Min <=   0.0:  0
Min <= -18.0:  0
Max Rain: 22.61 ON 20/10/04
Days of Rain: 18 (> .2 mm) 6 (> 2 mm) 1 (> 20 mm)
Heat Base:  18.3  Cool Base:  18.3  Method: Integration
Benelux Weer Netwerk cwop awekas hwa wcloud pwsweather wow wow