NOAA-Style Climate Reports

Select a Year or Month report
2021: Jan | Feb | Mar | Apr | May | Jun | Jul | Aug | Sep | Oct | Nov | Dec |
2020: Jan | Feb | Mar | Apr | May | Jun | Jul | Aug | Sep | Oct | Nov | Dec |
2019: Jan | Feb | Mar | Apr | May | Jun | Jul | Aug | Sep | Oct | Nov | Dec |
2018: Jan | Feb | Mar | Apr | May | Jun | Jul | Aug | Sep | Oct | Nov | Dec |
2017: Jan | Feb | Mar | Apr | May | Jun | Jul | Aug | Sep | Oct | Nov | Dec |
2016: Jan | Feb | Mar | Apr | May | Jun | Jul | Aug | Sep | Oct | Nov | Dec |
2015: Jan | Feb | Mar | Apr | May | Jun | Jul | Aug | Sep | Oct | Nov | Dec |
2014: Jan | Feb | Mar | Apr | May | Jun | Jul | Aug | Sep | Oct | Nov | Dec |
2013: Jan | Feb | Mar | Apr | May | Jun | Jul | Aug | Sep | Oct | Nov | Dec |
2012: Jan | Feb | Mar | Apr | May | Jun | Jul | Aug | Sep | Oct | Nov | Dec |
2011: Jan | Feb | Mar | Apr | May | Jun | Jul | Aug | Sep | Oct | Nov | Dec |
2010: Jan | Feb | Mar | Apr | May | Jun | Jul | Aug | Sep | Oct | Nov | Dec |
2009: Jan | Feb | Mar | Apr | May | Jun | Jul | Aug | Sep | Oct | Nov | Dec |
2008: Jan | Feb | Mar | Apr | May | Jun | Jul | Aug | Sep | Oct | Nov | Dec |
2007: Jan | Feb | Mar | Apr | May | Jun | Jul | Aug | Sep | Oct | Nov | Dec |
2006: Jan | Feb | Mar | Apr | May | Jun | Jul | Aug | Sep | Oct | Nov | Dec |
2005: Jan | Feb | Mar | Apr | May | Jun | Jul | Aug | Sep | Oct | Nov | Dec |
2004: Jan | Feb | Mar | Apr | May | Jun | Jul | Aug | Sep | Oct | Nov | Dec |
2003: Jan | Feb | Mar | Apr | May | Jun | Jul | Aug | Sep | Oct | Nov | Dec |

Report for 2005 January
                   MONTHLY CLIMATOLOGICAL SUMMARY for JAN. 2005

NAME: Patrick Nijs   CITY: Heist-op-den-Berg   STATE: Belgium 
ELEV:    15 m  LAT: 51° 04' 15" N  LONG: 4° 42' 13" E

                   TEMPERATURE (°C), RAIN  (mm), WIND SPEED (km/h)

                                      HEAT  COOL        AVG
    MEAN                              DEG   DEG         WIND                 DOM
DAY TEMP  HIGH   TIME   LOW    TIME   DAYS  DAYS  RAIN  SPEED HIGH   TIME    DIR
------------------------------------------------------------------------------------
 1   7.8  11.3   23:00   5.3    2:30  10.5   0.0   1.8   3.9  41.8   23:45   SSW
 2   6.1  10.1    0:15   4.2   00:00  12.2   0.0   0.0   9.2  43.5    4:30     W
 3   6.1   8.4   15:45   3.1    8:00  12.2   0.0   0.0   6.6  35.4   11:15     W
 4   7.2   8.6    0:30   6.3   10:45  11.1   0.0   0.0   9.5  40.2    9:30     W
 5   6.7   8.0   23:45   4.1    8:15  11.6   0.0   0.8   4.5  29.0   23:00   WSW
 6   8.2   9.7   14:30   6.4    7:15   8.7   0.0   1.3   5.8  38.6    0:30     W
 7  11.2  12.4   13:15   8.3    0:15   7.1   0.0   0.3   9.7  43.5   12:15   SSW
 8   9.7  12.1    0:15   6.8   23:00   8.6   0.0   0.8  12.1  56.3    8:45     W
 9   8.3  11.4   00:00   6.6    8:30  10.0   0.0   0.0   6.8  27.4    4:15   WSW
10  11.9  14.6   14:15   8.9   23:30   6.4   0.0   2.0   8.7  33.8    8:00   SSW
11  10.3  11.6   15:00   8.6    7:30   8.0   0.0   2.3   6.9  35.4   22:30   SSW
12   8.6  11.3    0:15   5.7   00:00   9.7   0.0   1.3   6.1  38.6   14:45     W
13   5.1   7.9   14:00   3.1   00:00  13.2   0.0   0.0   5.1  30.6   14:15     W
14   2.1   7.1   13:45  -1.3    8:45  16.2   0.0   0.0   1.3  12.9   16:00    SE
15   1.1   5.4   15:30  -1.9    8:30  17.3   0.0   0.0   1.9  16.1   11:30    SE
16   1.4   7.0   14:45  -3.6    8:30  16.9   0.0   0.0   1.3  17.7   23:00    SE
17   5.9   7.3   15:30   2.9    1:00  12.4   0.0   3.0   6.1  33.8   17:30   SSW
18   5.4   8.2    1:45   2.7   13:30  12.9   0.0   6.1   7.1  38.6   22:15     W
19   5.6   7.0   15:00   3.8    7:45  11.9   0.0   0.5   6.4  32.2    2:00     W
20  10.6  12.1   15:45   5.8    0:15   7.7   0.0   4.1  13.5  61.2   22:15     W
21   6.2   9.2    0:15   3.3   00:00  12.1   0.0   1.5  10.6  53.1    0:45    NW
22   3.3   7.5   13:45   0.7   00:00  15.0   0.0   2.0   2.4  19.3   13:45   WNW
23   2.3   6.7   15:00  -0.8    9:00  16.0   0.0   1.5   4.0  38.6   18:45   NNW
24   0.3   3.3   15:15  -2.1   00:00  18.0   0.0   1.3   1.6  25.7   16:30   NNW
25  -1.3   1.1   15:45  -3.0    4:00  19.6   0.0   0.5   0.8  27.4   16:00   NNW
26  -1.9   0.4   14:30  -3.3    7:30  20.3   0.0   0.0   1.8  19.3   10:15   ENE
27  -0.4   1.1   14:30  -2.9    1:45  18.7   0.0   0.5   1.3  17.7   13:45     W
28   1.6   3.3   16:30   0.8    1:45  16.8   0.0   0.0   0.5   9.7    9:15     W
29   1.8   4.2   15:00   0.1    8:30  16.4   0.0   0.0   1.1  17.7    8:00   ENE
30   4.9   8.0   14:00   2.4    2:15  12.8   0.0   0.8   2.4  16.1   12:00     W
31   6.3   8.4   22:45   4.1    9:00  12.0   0.0   2.8   6.1  32.2   23:45     W
-------------------------------------------------------------------------------------
     5.2  14.6    10    -3.6    16   402.1   0.0  35.1   5.3  61.2    20       W

Max >=  32.0:  0
Max <=   0.0:  0
Min <=   0.0:  8
Min <= -18.0:  0
Max Rain: 6.10 ON 18/01/05
Days of Rain: 20 (> .2 mm) 7 (> 2 mm) 0 (> 20 mm)
Heat Base:  18.3  Cool Base:  18.3  Method: Integration
Benelux Weer Netwerk cwop awekas hwa wcloud pwsweather wow wow