NOAA-Style Climate Reports

Select a Year or Month report
2021: Jan | Feb | Mar | Apr | May | Jun | Jul | Aug | Sep | Oct | Nov | Dec |
2020: Jan | Feb | Mar | Apr | May | Jun | Jul | Aug | Sep | Oct | Nov | Dec |
2019: Jan | Feb | Mar | Apr | May | Jun | Jul | Aug | Sep | Oct | Nov | Dec |
2018: Jan | Feb | Mar | Apr | May | Jun | Jul | Aug | Sep | Oct | Nov | Dec |
2017: Jan | Feb | Mar | Apr | May | Jun | Jul | Aug | Sep | Oct | Nov | Dec |
2016: Jan | Feb | Mar | Apr | May | Jun | Jul | Aug | Sep | Oct | Nov | Dec |
2015: Jan | Feb | Mar | Apr | May | Jun | Jul | Aug | Sep | Oct | Nov | Dec |
2014: Jan | Feb | Mar | Apr | May | Jun | Jul | Aug | Sep | Oct | Nov | Dec |
2013: Jan | Feb | Mar | Apr | May | Jun | Jul | Aug | Sep | Oct | Nov | Dec |
2012: Jan | Feb | Mar | Apr | May | Jun | Jul | Aug | Sep | Oct | Nov | Dec |
2011: Jan | Feb | Mar | Apr | May | Jun | Jul | Aug | Sep | Oct | Nov | Dec |
2010: Jan | Feb | Mar | Apr | May | Jun | Jul | Aug | Sep | Oct | Nov | Dec |
2009: Jan | Feb | Mar | Apr | May | Jun | Jul | Aug | Sep | Oct | Nov | Dec |
2008: Jan | Feb | Mar | Apr | May | Jun | Jul | Aug | Sep | Oct | Nov | Dec |
2007: Jan | Feb | Mar | Apr | May | Jun | Jul | Aug | Sep | Oct | Nov | Dec |
2006: Jan | Feb | Mar | Apr | May | Jun | Jul | Aug | Sep | Oct | Nov | Dec |
2005: Jan | Feb | Mar | Apr | May | Jun | Jul | Aug | Sep | Oct | Nov | Dec |
2004: Jan | Feb | Mar | Apr | May | Jun | Jul | Aug | Sep | Oct | Nov | Dec |
2003: Jan | Feb | Mar | Apr | May | Jun | Jul | Aug | Sep | Oct | Nov | Dec |

Report for 2005 February
                   MONTHLY CLIMATOLOGICAL SUMMARY for FEB. 2005

NAME: Patrick Nijs   CITY: Heist-op-den-Berg   STATE: Belgium 
ELEV:    15 m  LAT: 51° 04' 15" N  LONG: 4° 42' 13" E

                   TEMPERATURE (°C), RAIN  (mm), WIND SPEED (km/h)

                                      HEAT  COOL        AVG
    MEAN                              DEG   DEG         WIND                 DOM
DAY TEMP  HIGH   TIME   LOW    TIME   DAYS  DAYS  RAIN  SPEED HIGH   TIME    DIR
------------------------------------------------------------------------------------
 1   4.9   8.0    0:15   3.4   21:15  13.4   0.0   1.0   3.4  27.4    0:30   NNW
 2   6.0   7.6   16:00   3.9    0:15  12.3   0.0   1.3   5.0  32.2   15:15   NNW
 3   6.6   9.3   15:45   4.8    8:30  11.6   0.0   0.3   1.8  17.7   12:15   NNW
 4   5.0   6.8   13:30   0.4   00:00  13.3   0.0   0.0   0.3  11.3   14:00    SE
 5   2.1   6.1   14:00  -1.2    3:45  15.0   0.0   0.0   2.7  22.5   14:15    SE
 6   3.4   8.7   14:45   0.5    4:45  11.0   0.0   0.0   1.6  17.7   11:45    SE
 7  -0.1   4.2   16:00  -3.3    7:45  17.6   0.0   0.0   0.5  11.3   15:00     E
 8   1.3   8.8   15:30  -3.7    8:00  17.0   0.0   0.3   0.3   8.0   10:30    SE
 9   6.8  10.6   14:15   0.9    5:15   9.3   0.0   0.3   3.1  27.4   12:30   SSW
10   8.3   9.1   19:00   7.3    9:30   9.9   0.0  11.9   9.3  40.2   19:00     W
11   7.9   8.8   11:45   7.1   21:00  10.3   0.0   4.8   2.3  29.0    1:15   WSW
12   9.8  13.3   14:30   5.1   21:30   8.5   0.0  10.7  14.2  57.9   16:00     W
13   3.8   6.8    0:15   1.3   13:15  14.4   0.0   4.8  10.6  48.3    0:30    NW
14   3.5   6.6   13:30   1.4   00:00  14.8   0.0   5.3   7.9  38.6   14:15   NNW
15   1.6   3.3   11:30   0.2    2:00  16.7   0.0   0.3   3.4  22.5   18:00     N
16   0.2   3.1   14:00  -2.4    8:30  18.1   0.0   0.0   1.8  19.3    1:30   NNW
17   0.4   2.2   14:15  -0.9    8:00  17.9   0.0   0.0   0.5  11.3    0:15   NNW
18   1.7   4.1   23:45  -0.9    8:15  16.1   0.0   2.8   2.7  22.5   21:45    SE
19   2.4   5.5   13:30   0.6   21:30  15.9   0.0   4.6   2.7  27.4   13:30   NNW
20   1.7   5.1   15:45  -1.1   23:45  16.6   0.0   3.3   2.4  19.3    0:15   NNW
21   0.8   3.3   14:00  -0.9    0:15  17.5   0.0   1.5   1.6  22.5   16:30   NNW
22   0.1   2.0   14:00  -1.7   20:15  18.2   0.0   0.3   4.7  27.4    9:15     E
23  -0.8   0.5   13:15  -2.2    3:15  19.1   0.0   0.0   0.6  16.1    4:45     W
24  -0.1   1.8   15:15  -1.8   00:00  18.4   0.0   1.0   1.8  22.5   15:00    SE
25  -0.6   3.9   15:15  -5.2    7:45  18.9   0.0   0.0   0.8  17.7   15:30     E
26   1.1   3.9   15:15  -0.6   23:45  17.2   0.0   0.8   1.1  16.1   23:00    NW
27  -1.7   0.5   14:45  -5.3   00:00  20.0   0.0   0.3   4.3  32.2   16:15     E
28  -3.7   0.8   15:45  -7.9    7:30  20.9   0.0   0.0   0.8  12.9   16:15    NW
-------------------------------------------------------------------------------------
     2.6  13.3    12    -7.9    28   430.2   0.0  55.4   3.3  57.9    12     NNW

Max >=  32.0:  0
Max <=   0.0:  0
Min <=   0.0: 15
Min <= -18.0:  0
Max Rain: 11.94 ON 10/02/05
Days of Rain: 19 (> .2 mm) 8 (> 2 mm) 0 (> 20 mm)
Heat Base:  18.3  Cool Base:  18.3  Method: Integration
Benelux Weer Netwerk cwop awekas hwa wcloud pwsweather wow wow