-->

NOAA-Style Climate Reports

Select a Year or Month report
2021: Jan | Feb | Mar | Apr | May | Jun | Jul | Aug | Sep | Oct | Nov | Dec |
2020: Jan | Feb | Mar | Apr | May | Jun | Jul | Aug | Sep | Oct | Nov | Dec |
2019: Jan | Feb | Mar | Apr | May | Jun | Jul | Aug | Sep | Oct | Nov | Dec |
2018: Jan | Feb | Mar | Apr | May | Jun | Jul | Aug | Sep | Oct | Nov | Dec |
2017: Jan | Feb | Mar | Apr | May | Jun | Jul | Aug | Sep | Oct | Nov | Dec |
2016: Jan | Feb | Mar | Apr | May | Jun | Jul | Aug | Sep | Oct | Nov | Dec |
2015: Jan | Feb | Mar | Apr | May | Jun | Jul | Aug | Sep | Oct | Nov | Dec |
2014: Jan | Feb | Mar | Apr | May | Jun | Jul | Aug | Sep | Oct | Nov | Dec |
2013: Jan | Feb | Mar | Apr | May | Jun | Jul | Aug | Sep | Oct | Nov | Dec |
2012: Jan | Feb | Mar | Apr | May | Jun | Jul | Aug | Sep | Oct | Nov | Dec |
2011: Jan | Feb | Mar | Apr | May | Jun | Jul | Aug | Sep | Oct | Nov | Dec |
2010: Jan | Feb | Mar | Apr | May | Jun | Jul | Aug | Sep | Oct | Nov | Dec |
2009: Jan | Feb | Mar | Apr | May | Jun | Jul | Aug | Sep | Oct | Nov | Dec |
2008: Jan | Feb | Mar | Apr | May | Jun | Jul | Aug | Sep | Oct | Nov | Dec |
2007: Jan | Feb | Mar | Apr | May | Jun | Jul | Aug | Sep | Oct | Nov | Dec |
2006: Jan | Feb | Mar | Apr | May | Jun | Jul | Aug | Sep | Oct | Nov | Dec |
2005: Jan | Feb | Mar | Apr | May | Jun | Jul | Aug | Sep | Oct | Nov | Dec |
2004: Jan | Feb | Mar | Apr | May | Jun | Jul | Aug | Sep | Oct | Nov | Dec |
2003: Jan | Feb | Mar | Apr | May | Jun | Jul | Aug | Sep | Oct | Nov | Dec |

Report for 2005 March
                   MONTHLY CLIMATOLOGICAL SUMMARY for MAR. 2005

NAME: Patrick Nijs   CITY: Heist-op-den-Berg   STATE: Belgium 
ELEV:    15 m  LAT: 51° 04' 15" N  LONG: 4° 42' 13" E

                   TEMPERATURE (°C), RAIN  (mm), WIND SPEED (km/h)

                                      HEAT  COOL        AVG
    MEAN                              DEG   DEG         WIND                 DOM
DAY TEMP  HIGH   TIME   LOW    TIME   DAYS  DAYS  RAIN  SPEED HIGH   TIME    DIR
------------------------------------------------------------------------------------
 1  -1.9   0.3   15:00  -4.2    0:45  20.2   0.0   0.0   6.3  30.6   14:00   SSW
 2  -0.2   2.7   15:15  -1.9    0:15  18.5   0.0   0.3   4.8  32.2   12:45     S
 3  -0.7   0.1   12:30  -1.8   23:45  17.4   0.0   0.5   2.3  20.9   13:30   ENE
 4  -2.4   0.5   13:45  -7.2    7:00  20.3   0.0   0.0   2.6  20.9   13:30   SSW
 5   0.6   4.7   13:45  -2.0   00:00  17.2   0.0   1.8   1.9  19.3   15:45   ENE
 6  -0.5   3.4   15:30  -4.9    7:15  18.8   0.0   0.3   4.2  25.7   16:45   NNW
 7   3.9   7.0   14:15   1.3    1:45  14.4   0.0   1.0   4.5  25.7   11:45   NNW
 8   5.1   6.9   13:00   4.0    0:15  13.1   0.0   0.8   6.9  32.2   13:30   NNW
 9   5.2   7.1   14:30   3.2   00:00  13.1   0.0   0.8   5.5  27.4   11:00   NNW
10   3.0   7.6   16:15  -1.3    6:15  15.3   0.0   0.3   0.8  19.3   16:15   WNW
11   4.9   7.8   14:30   1.7   00:00  13.4   0.0   3.0   9.3  53.1   16:45     W
12   3.4   5.7   16:00   0.8    3:15  14.9   0.0   1.8   8.4  40.2   12:30   WNW
13   4.6   7.7   11:45   2.2    7:15  13.7   0.0   0.0   4.5  27.4   13:15     W
14   5.1   8.6   16:00   1.2   00:00  13.2   0.0   0.0   1.8  19.3   12:00   SSW
15   8.0  13.9   14:45   0.9    3:45  10.3   0.0   0.0   3.5  35.4   13:00   WSW
16  15.3  21.6   16:45   8.8    6:00   3.4   0.5   0.0   5.6  38.6   11:45   SSW
17  13.5  16.4   16:00   9.6   23:45   4.8   0.0   0.3  11.3  41.8    6:45     W
18  10.5  14.7   17:00   8.2    6:15   7.7   0.0   0.0   4.5  25.7   11:15     W
19  10.7  15.0   15:45   8.2    7:30   7.0   0.0   0.0   1.1  12.9   20:15   WNW
20  10.9  14.3   15:00   8.2   00:00   7.4   0.0   0.0   3.5  17.7   14:15     E
21  11.7  19.6   16:00   4.6    7:15   6.7   0.1   0.0   3.7  27.4   14:45     E
22  12.6  18.7   14:00   8.8    4:00   5.5   0.0   1.5   2.9  29.0   14:30     E
23  13.6  18.7   15:45   7.3    7:00   4.5   0.0   0.3   1.8  17.7   16:45    SE
24  12.8  19.4   13:45   8.6    5:45   5.4   0.1   2.0   2.7  25.7   14:45    SE
25  12.2  17.5   14:45   7.7    7:00   6.1   0.0   0.0   1.4  17.7   14:45   NNW
26  12.3  18.2   15:00   7.3    8:00   6.0   0.0   0.3   0.5  11.3   13:30   ENE
27  11.4  14.7   15:45   8.2    4:00   6.6   0.0   3.6   0.3  11.3   14:15     E
28  10.6  11.9    0:15   7.6   00:00   7.7   0.0   0.0   1.3  16.1   12:30   WNW
29  10.7  16.9   16:00   6.6    2:00   7.6   0.0   1.5   1.1  11.3   15:45   ENE
30  11.6  15.3   14:45   9.6    7:30   6.8   0.0   0.5   2.3  16.1   13:15     E
31  11.9  16.1   16:45   9.2   00:00   6.3   0.0   0.0   0.5  11.3   13:15     E
-------------------------------------------------------------------------------------
     7.4  21.6    16    -7.2     4   333.2   0.7  20.3   3.6  53.1    11       W

Max >=  32.0:  0
Max <=   0.0:  0
Min <=   0.0:  7
Min <= -18.0:  0
Max Rain: 3.56 ON 27/03/05
Days of Rain: 18 (> .2 mm) 3 (> 2 mm) 0 (> 20 mm)
Heat Base:  18.3  Cool Base:  18.3  Method: Integration
Benelux Weer Netwerk cwop awekas hwa wcloud pwsweather wow wow