NOAA-Style Climate Reports

Select a Year or Month report
2021: Jan | Feb | Mar | Apr | May | Jun | Jul | Aug | Sep | Oct | Nov | Dec |
2020: Jan | Feb | Mar | Apr | May | Jun | Jul | Aug | Sep | Oct | Nov | Dec |
2019: Jan | Feb | Mar | Apr | May | Jun | Jul | Aug | Sep | Oct | Nov | Dec |
2018: Jan | Feb | Mar | Apr | May | Jun | Jul | Aug | Sep | Oct | Nov | Dec |
2017: Jan | Feb | Mar | Apr | May | Jun | Jul | Aug | Sep | Oct | Nov | Dec |
2016: Jan | Feb | Mar | Apr | May | Jun | Jul | Aug | Sep | Oct | Nov | Dec |
2015: Jan | Feb | Mar | Apr | May | Jun | Jul | Aug | Sep | Oct | Nov | Dec |
2014: Jan | Feb | Mar | Apr | May | Jun | Jul | Aug | Sep | Oct | Nov | Dec |
2013: Jan | Feb | Mar | Apr | May | Jun | Jul | Aug | Sep | Oct | Nov | Dec |
2012: Jan | Feb | Mar | Apr | May | Jun | Jul | Aug | Sep | Oct | Nov | Dec |
2011: Jan | Feb | Mar | Apr | May | Jun | Jul | Aug | Sep | Oct | Nov | Dec |
2010: Jan | Feb | Mar | Apr | May | Jun | Jul | Aug | Sep | Oct | Nov | Dec |
2009: Jan | Feb | Mar | Apr | May | Jun | Jul | Aug | Sep | Oct | Nov | Dec |
2008: Jan | Feb | Mar | Apr | May | Jun | Jul | Aug | Sep | Oct | Nov | Dec |
2007: Jan | Feb | Mar | Apr | May | Jun | Jul | Aug | Sep | Oct | Nov | Dec |
2006: Jan | Feb | Mar | Apr | May | Jun | Jul | Aug | Sep | Oct | Nov | Dec |
2005: Jan | Feb | Mar | Apr | May | Jun | Jul | Aug | Sep | Oct | Nov | Dec |
2004: Jan | Feb | Mar | Apr | May | Jun | Jul | Aug | Sep | Oct | Nov | Dec |
2003: Jan | Feb | Mar | Apr | May | Jun | Jul | Aug | Sep | Oct | Nov | Dec |

Report for 2005 April
                   MONTHLY CLIMATOLOGICAL SUMMARY for APR. 2005

NAME: Patrick Nijs   CITY: Heist-op-den-Berg   STATE: Belgium 
ELEV:    15 m  LAT: 51° 04' 15" N  LONG: 4° 42' 13" E

                   TEMPERATURE (°C), RAIN  (mm), WIND SPEED (km/h)

                                      HEAT  COOL        AVG
    MEAN                              DEG   DEG         WIND                 DOM
DAY TEMP  HIGH   TIME   LOW    TIME   DAYS  DAYS  RAIN  SPEED HIGH   TIME    DIR
------------------------------------------------------------------------------------
 1  12.3  18.9   17:15   5.6    7:45   6.1   0.0   0.3   1.6  16.1   13:45    SE
 2  11.8  18.5   18:00   4.9    7:30   6.5   0.0   0.0   1.8  19.3   13:15     E
 3  15.2  21.7   15:15   9.0    8:00   3.9   0.7   0.0   1.6  16.1   10:00    SE
 4  13.1  18.9   12:15   7.3    4:30   5.3   0.0   4.8   3.4  29.0   16:45   SSW
 5   9.8  14.1   16:15   6.7   00:00   8.5   0.0   1.5   2.7  25.7   13:45     W
 6   9.3  14.9   16:00   4.1    5:00   9.0   0.0   3.0   3.7  32.2   12:15   SSE
 7   9.9  13.2   15:15   6.9    6:30   8.4   0.0   0.0   8.7  51.5   12:45     W
 8   6.8   9.7   14:30   4.6   00:00  11.5   0.0   1.0   6.3  29.0   15:00   NNW
 9   5.2   8.0   14:30   1.4    7:30  13.1   0.0   1.3   7.1  30.6    4:15   NNW
10   8.2  12.1   17:00   5.3   00:00  10.1   0.0   0.8   4.8  29.0   18:00     W
11  10.6  17.9   17:00   3.3    2:15   7.8   0.0   0.0   1.1  12.9   10:15   NNW
12  10.6  16.2   13:30   3.8    7:00   7.7   0.0   0.0   0.8  12.9   16:15   NNW
13  10.6  13.9   14:15   7.2    1:30   7.7   0.0   1.8   2.7  25.7   15:15   SSW
14  12.8  17.1   14:45  10.1    6:15   5.5   0.0   0.8   2.7  29.0   12:45   SSE
15  10.1  15.5   12:15   6.9   00:00   8.2   0.0   0.0   2.9  32.2   13:45     W
16   7.1   7.9   19:45   6.2    6:45  11.2   0.0   3.6   2.6  19.3   21:30   NNW
17   8.4  10.7   15:45   7.0    2:30   9.9   0.0   0.0   4.3  19.3    0:15   NNW
18  10.6  15.4   11:30   6.7    6:30   7.7   0.0   0.5   2.7  30.6   12:15    SE
19   9.6  12.5   16:00   6.8   00:00   8.7   0.0   0.0   0.5  17.7   18:45    SW
20   8.2  11.8   13:45   4.7    7:15  10.1   0.0   0.3   0.8  16.1   17:15   NNW
21   9.1  15.2   16:45   1.9    7:00   9.2   0.0   0.0   2.7  27.4   14:30     E
22  11.0  17.9   16:00   2.2    6:30   7.3   0.0   0.0   1.6  16.1   10:45     E
23  11.9  18.7   14:00   4.8    6:15   6.4   0.0   0.0   2.1  22.5   17:15   ENE
24  14.2  20.3   14:45   7.8    7:00   4.4   0.3   0.0   1.8  27.4   20:30     E
25  12.7  16.6   14:00  10.6   00:00   5.6   0.0   3.3   2.6  22.5   18:00     E
26  12.7  16.7   15:45   9.6    9:15   5.6   0.0   2.3   3.1  22.5   16:45     W
27  12.6  16.8   17:15   8.4   00:00   5.7   0.0   0.5   6.0  35.4   18:15     W
28  13.6  19.1   15:15   6.8    6:15   4.8   0.0   0.0   2.3  27.4   15:15   SSE
29  14.6  16.7   14:00  12.8    2:30   3.8   0.0   9.7   1.3  22.5    0:30   SSW
30  17.6  22.8   16:30  14.0    5:15   1.8   1.1   0.0   0.6  12.9   16:30   SSE
-------------------------------------------------------------------------------------
    11.0  22.8    30     1.4     9   221.7   2.3  35.3   2.9  51.5     7       W

Max >=  32.0:  0
Max <=   0.0:  0
Min <=   0.0:  0
Min <= -18.0:  0
Max Rain: 9.65 ON 29/04/05
Days of Rain: 16 (> .2 mm) 6 (> 2 mm) 0 (> 20 mm)
Heat Base:  18.3  Cool Base:  18.3  Method: Integration
Benelux Weer Netwerk cwop awekas hwa wcloud pwsweather wow wow