Thunderstorms From: 14-05-2021 10:59 Until: 22:59 warning for: Thunderstorms Level: Yellow info button

NOAA-Style Climate Reports

Select a Year or Month report
2021: Jan | Feb | Mar | Apr | May | Jun | Jul | Aug | Sep | Oct | Nov | Dec |
2020: Jan | Feb | Mar | Apr | May | Jun | Jul | Aug | Sep | Oct | Nov | Dec |
2019: Jan | Feb | Mar | Apr | May | Jun | Jul | Aug | Sep | Oct | Nov | Dec |
2018: Jan | Feb | Mar | Apr | May | Jun | Jul | Aug | Sep | Oct | Nov | Dec |
2017: Jan | Feb | Mar | Apr | May | Jun | Jul | Aug | Sep | Oct | Nov | Dec |
2016: Jan | Feb | Mar | Apr | May | Jun | Jul | Aug | Sep | Oct | Nov | Dec |
2015: Jan | Feb | Mar | Apr | May | Jun | Jul | Aug | Sep | Oct | Nov | Dec |
2014: Jan | Feb | Mar | Apr | May | Jun | Jul | Aug | Sep | Oct | Nov | Dec |
2013: Jan | Feb | Mar | Apr | May | Jun | Jul | Aug | Sep | Oct | Nov | Dec |
2012: Jan | Feb | Mar | Apr | May | Jun | Jul | Aug | Sep | Oct | Nov | Dec |
2011: Jan | Feb | Mar | Apr | May | Jun | Jul | Aug | Sep | Oct | Nov | Dec |
2010: Jan | Feb | Mar | Apr | May | Jun | Jul | Aug | Sep | Oct | Nov | Dec |
2009: Jan | Feb | Mar | Apr | May | Jun | Jul | Aug | Sep | Oct | Nov | Dec |
2008: Jan | Feb | Mar | Apr | May | Jun | Jul | Aug | Sep | Oct | Nov | Dec |
2007: Jan | Feb | Mar | Apr | May | Jun | Jul | Aug | Sep | Oct | Nov | Dec |
2006: Jan | Feb | Mar | Apr | May | Jun | Jul | Aug | Sep | Oct | Nov | Dec |
2005: Jan | Feb | Mar | Apr | May | Jun | Jul | Aug | Sep | Oct | Nov | Dec |
2004: Jan | Feb | Mar | Apr | May | Jun | Jul | Aug | Sep | Oct | Nov | Dec |
2003: Jan | Feb | Mar | Apr | May | Jun | Jul | Aug | Sep | Oct | Nov | Dec |

Report for 2005 May
                   MONTHLY CLIMATOLOGICAL SUMMARY for MAY. 2005

NAME: Patrick Nijs   CITY: Heist-op-den-Berg   STATE: Belgium 
ELEV:    15 m  LAT: 51° 04' 15" N  LONG: 4° 42' 13" E

                   TEMPERATURE (°C), RAIN  (mm), WIND SPEED (km/h)

                                      HEAT  COOL        AVG
    MEAN                              DEG   DEG         WIND                 DOM
DAY TEMP  HIGH   TIME   LOW    TIME   DAYS  DAYS  RAIN  SPEED HIGH   TIME    DIR
------------------------------------------------------------------------------------
 1  21.6  31.2   16:30  13.2    5:30   1.6   4.8   0.0   2.1  25.7   17:15    SE
 2  16.7  20.6   16:45  14.2    6:15   1.8   0.2   2.3   1.0  22.5    9:15    NW
 3  14.7  20.3   18:00  11.4   23:45   3.8   0.2   3.0   2.4  33.8   20:00     W
 4  11.8  14.5   14:45  10.6   00:00   6.5   0.0   3.8   4.2  30.6   15:00   NNW
 5  10.8  14.3   16:30   6.8    7:15   7.4   0.0   0.3   4.3  20.9   15:00   NNW
 6  11.4  14.2   15:45   9.4   23:30   6.8   0.0   3.0   5.8  35.4   11:15   NNW
 7   9.8  13.0   17:00   6.0   23:45   8.5   0.0   8.6   7.1  41.8   12:45     W
 8   8.4  12.3   16:15   5.5    3:15   9.9   0.0   1.3   5.1  35.4   14:30     W
 9   8.3  13.1   16:15   4.3   00:00   9.9   0.0   2.5   5.0  32.2   18:00   NNW
10   7.6  12.9   18:00   2.3    6:15  10.8   0.0   0.3   4.2  32.2   16:15   NNW
11   8.9  14.7   17:00   2.0    5:45   9.4   0.0   0.0   1.4  17.7   15:45   NNW
12  10.4  15.8   16:30   4.1    6:00   7.9   0.0   0.0   5.6  30.6   14:30   ENE
13  12.0  16.2   17:30   7.1    6:30   6.3   0.0   0.0   5.8  25.7   14:00   ENE
14  13.8  19.5   14:30   8.0   00:00   4.6   0.1   0.0   3.5  27.4   13:00   ENE
15  10.3  16.6   16:45   5.2    5:30   8.0   0.0   0.0   4.2  30.6   14:15   WNW
16  11.8  19.4   16:00   4.5    5:30   6.6   0.0   0.3   2.3  20.9   18:30   NNW
17   8.7  11.8   16:15   5.7   00:00   9.6   0.0   1.0   1.4  17.7    1:15   NNW
18   9.2  16.2   16:45   1.1    5:15   9.1   0.0   0.0   1.0  12.9   13:45    NW
19  13.7  20.6   17:00   6.8    1:15   4.9   0.3   0.8   3.9  27.4   11:15   SSE
20  17.0  22.5   15:30  13.3    4:15   2.3   1.1   7.9   3.9  30.6   12:45   SSE
21  16.3  20.4   18:00  12.3    6:15   2.4   0.4   5.1   3.4  33.8   14:30     S
22  15.3  19.9   17:15  10.4    6:15   3.1   0.2   0.0   3.4  33.8   11:45     S
23  13.4  17.3   14:30  10.4    4:00   4.9   0.0   0.3   3.9  32.2   16:15     W
24  14.3  19.8   17:45   9.2    4:00   4.1   0.1   0.0   4.0  32.2   13:00   SSW
25  19.3  25.4   18:30  13.0    6:15   1.3   2.3   0.0   2.3  27.4    9:30   SSW
26  22.3  29.9   15:45  14.8    5:00   0.8   4.9   0.0   2.3  22.5   12:00     S
27  24.8  33.2   18:00  15.1    5:45   0.5   7.1   0.0   1.6  20.9   17:30    SE
28  22.6  26.8   13:45  16.4   00:00   0.1   4.4   0.0   4.2  27.4   15:00   WNW
29  16.6  23.7   16:30  11.1    6:15   2.7   1.0   0.3   2.3  20.9   23:15   NNW
30  11.3  12.7   15:30   8.2   00:00   6.9   0.0   4.8   2.4  22.5   17:00    NW
31  12.2  18.3   17:15   6.4    5:45   6.1   0.0   0.3   1.6  27.4   15:15     W
-------------------------------------------------------------------------------------
    13.7  33.2    27     1.1    18   168.7  27.1  45.7   3.4  41.8     7     NNW

Max >=  32.0:  1
Max <=   0.0:  0
Min <=   0.0:  0
Min <= -18.0:  0
Max Rain: 8.64 ON 07/05/05
Days of Rain: 18 (> .2 mm) 9 (> 2 mm) 0 (> 20 mm)
Heat Base:  18.3  Cool Base:  18.3  Method: Integration
Benelux Weer Netwerk cwop awekas hwa wcloud pwsweather wow wow