NOAA-Style Climate Reports

Select a Year or Month report
2021: Jan | Feb | Mar | Apr | May | Jun | Jul | Aug | Sep | Oct | Nov | Dec |
2020: Jan | Feb | Mar | Apr | May | Jun | Jul | Aug | Sep | Oct | Nov | Dec |
2019: Jan | Feb | Mar | Apr | May | Jun | Jul | Aug | Sep | Oct | Nov | Dec |
2018: Jan | Feb | Mar | Apr | May | Jun | Jul | Aug | Sep | Oct | Nov | Dec |
2017: Jan | Feb | Mar | Apr | May | Jun | Jul | Aug | Sep | Oct | Nov | Dec |
2016: Jan | Feb | Mar | Apr | May | Jun | Jul | Aug | Sep | Oct | Nov | Dec |
2015: Jan | Feb | Mar | Apr | May | Jun | Jul | Aug | Sep | Oct | Nov | Dec |
2014: Jan | Feb | Mar | Apr | May | Jun | Jul | Aug | Sep | Oct | Nov | Dec |
2013: Jan | Feb | Mar | Apr | May | Jun | Jul | Aug | Sep | Oct | Nov | Dec |
2012: Jan | Feb | Mar | Apr | May | Jun | Jul | Aug | Sep | Oct | Nov | Dec |
2011: Jan | Feb | Mar | Apr | May | Jun | Jul | Aug | Sep | Oct | Nov | Dec |
2010: Jan | Feb | Mar | Apr | May | Jun | Jul | Aug | Sep | Oct | Nov | Dec |
2009: Jan | Feb | Mar | Apr | May | Jun | Jul | Aug | Sep | Oct | Nov | Dec |
2008: Jan | Feb | Mar | Apr | May | Jun | Jul | Aug | Sep | Oct | Nov | Dec |
2007: Jan | Feb | Mar | Apr | May | Jun | Jul | Aug | Sep | Oct | Nov | Dec |
2006: Jan | Feb | Mar | Apr | May | Jun | Jul | Aug | Sep | Oct | Nov | Dec |
2005: Jan | Feb | Mar | Apr | May | Jun | Jul | Aug | Sep | Oct | Nov | Dec |
2004: Jan | Feb | Mar | Apr | May | Jun | Jul | Aug | Sep | Oct | Nov | Dec |
2003: Jan | Feb | Mar | Apr | May | Jun | Jul | Aug | Sep | Oct | Nov | Dec |

Report for 2005 June
                   MONTHLY CLIMATOLOGICAL SUMMARY for JUN. 2005

NAME: Patrick Nijs   CITY: Heist-op-den-Berg   STATE: Belgium 
ELEV:    15 m  LAT: 51° 04' 15" N  LONG: 4° 42' 13" E

                   TEMPERATURE (°C), RAIN  (mm), WIND SPEED (km/h)

                                      HEAT  COOL        AVG
    MEAN                              DEG   DEG         WIND                 DOM
DAY TEMP  HIGH   TIME   LOW    TIME   DAYS  DAYS  RAIN  SPEED HIGH   TIME    DIR
------------------------------------------------------------------------------------
 1  14.6  20.6   17:00   6.3    6:00   4.2   0.4   0.0   0.6  12.9   11:15   SSE
 2  17.9  22.6   18:45  13.6    3:45   1.5   1.1   1.0   3.2  22.5    9:45     W
 3  19.5  27.1   14:00  13.4    4:30   1.6   2.8   0.3   2.9  38.6   17:00   SSE
 4  15.2  19.1   18:45  11.6    6:00   3.2   0.0   0.8   8.5  38.6   15:15     W
 5  14.4  16.8   13:30  12.5    2:45   3.8   0.0   0.3   5.6  32.2   16:00     W
 6  13.6  17.4   16:45   9.2   00:00   4.7   0.0   0.0   2.4  19.3   20:00   NNW
 7  11.4  15.9   18:00   6.7    5:30   6.9   0.0   0.0   2.1  19.3   13:45   NNW
 8  12.6  19.9   18:00   5.6    3:30   5.8   0.1   0.0   1.4  19.3   17:45   ENE
 9  14.8  21.2   16:15   7.4    5:45   4.0   0.5   0.0   1.4  17.7   15:00   ENE
10  15.2  21.8   14:30   8.4    5:30   3.8   0.6   0.0   2.9  27.4   18:00   NNW
11  12.5  16.4   16:15   9.5    3:00   5.8   0.0   0.0   2.9  22.5   14:45   NNW
12  13.1  18.1   16:15   6.8    6:00   5.2   0.0   0.0   2.7  22.5   15:45     W
13  14.6  19.6   16:30  10.9    5:45   3.8   0.1   0.0   4.3  29.0    9:45     W
14  16.2  23.6   18:30   7.5    5:30   3.6   1.5   0.0   2.4  27.4   16:00     W
15  17.4  25.0   14:45   9.5    5:30   2.5   1.6   0.0   3.7  29.0   13:45    SE
16  19.2  24.1   15:45  14.0    5:30   1.1   1.9   0.0   4.7  35.4   12:00     W
17  20.8  23.6   20:00  18.3    7:00   0.0   2.5   0.0   4.3  27.4    4:00     W
18  23.1  28.4   17:30  18.5    6:00   0.0   4.8   0.0   1.8  19.3   20:30   ENE
19  24.8  32.9   18:15  14.9    6:00   0.4   6.9   0.0   1.4  17.7   12:15   ENE
20  26.7  35.2   17:15  16.2    5:45   0.1   8.5   0.0   1.9  25.7   14:00    SE
21  22.1  28.1   17:15  17.1    6:00   0.2   3.9   0.0   2.6  17.7   16:00   NNW
22  21.9  28.6   17:00  13.7    5:45   0.8   4.5   0.0   1.0  16.1   18:00   ENE
23  25.7  33.2   16:30  16.7    6:00   0.1   7.5   0.0   1.0  16.1    9:15    SE
24  27.1  34.2   16:15  19.8    6:00   0.0   8.8   0.0   1.1  16.1    9:45     W
25  22.8  28.2   16:15  18.6   00:00   0.0   4.6   0.0   2.3  17.7    4:00   NNW
26  19.9  25.9   16:30  14.3    6:15   1.0   2.6   0.0   1.8  16.1    0:15   ENE
27  21.8  28.9   18:00  14.2    5:45   0.8   4.3   0.0   1.4  16.1   11:00   ENE
28  22.3  28.3   15:30  15.2    6:00   0.5   4.5   0.0   3.2  25.7   17:30   ENE
29  19.9  26.8   13:30  16.7    5:30   0.5   2.1  31.8   2.6  22.5    1:30   ENE
30  18.4  23.8   13:30  16.2    6:00   0.8   0.9   7.1   2.1  30.6   16:15     W
-------------------------------------------------------------------------------------
    18.6  35.2    20     5.6     8    66.6  77.2  41.1   2.7  38.6     3       W

Max >=  32.0:  4
Max <=   0.0:  0
Min <=   0.0:  0
Min <= -18.0:  0
Max Rain: 31.75 ON 29/06/05
Days of Rain: 6 (> .2 mm) 2 (> 2 mm) 1 (> 20 mm)
Heat Base:  18.3  Cool Base:  18.3  Method: Integration
Benelux Weer Netwerk cwop awekas hwa wcloud pwsweather wow wow