-->

NOAA-Style Climate Reports

Select a Year or Month report
2021: Jan | Feb | Mar | Apr | May | Jun | Jul | Aug | Sep | Oct | Nov | Dec |
2020: Jan | Feb | Mar | Apr | May | Jun | Jul | Aug | Sep | Oct | Nov | Dec |
2019: Jan | Feb | Mar | Apr | May | Jun | Jul | Aug | Sep | Oct | Nov | Dec |
2018: Jan | Feb | Mar | Apr | May | Jun | Jul | Aug | Sep | Oct | Nov | Dec |
2017: Jan | Feb | Mar | Apr | May | Jun | Jul | Aug | Sep | Oct | Nov | Dec |
2016: Jan | Feb | Mar | Apr | May | Jun | Jul | Aug | Sep | Oct | Nov | Dec |
2015: Jan | Feb | Mar | Apr | May | Jun | Jul | Aug | Sep | Oct | Nov | Dec |
2014: Jan | Feb | Mar | Apr | May | Jun | Jul | Aug | Sep | Oct | Nov | Dec |
2013: Jan | Feb | Mar | Apr | May | Jun | Jul | Aug | Sep | Oct | Nov | Dec |
2012: Jan | Feb | Mar | Apr | May | Jun | Jul | Aug | Sep | Oct | Nov | Dec |
2011: Jan | Feb | Mar | Apr | May | Jun | Jul | Aug | Sep | Oct | Nov | Dec |
2010: Jan | Feb | Mar | Apr | May | Jun | Jul | Aug | Sep | Oct | Nov | Dec |
2009: Jan | Feb | Mar | Apr | May | Jun | Jul | Aug | Sep | Oct | Nov | Dec |
2008: Jan | Feb | Mar | Apr | May | Jun | Jul | Aug | Sep | Oct | Nov | Dec |
2007: Jan | Feb | Mar | Apr | May | Jun | Jul | Aug | Sep | Oct | Nov | Dec |
2006: Jan | Feb | Mar | Apr | May | Jun | Jul | Aug | Sep | Oct | Nov | Dec |
2005: Jan | Feb | Mar | Apr | May | Jun | Jul | Aug | Sep | Oct | Nov | Dec |
2004: Jan | Feb | Mar | Apr | May | Jun | Jul | Aug | Sep | Oct | Nov | Dec |
2003: Jan | Feb | Mar | Apr | May | Jun | Jul | Aug | Sep | Oct | Nov | Dec |

Report for 2005 July
                   MONTHLY CLIMATOLOGICAL SUMMARY for JUL. 2005

NAME: Patrick Nijs   CITY: Heist-op-den-Berg   STATE: Belgium 
ELEV:    15 m  LAT: 51° 04' 15" N  LONG: 4° 42' 13" E

                   TEMPERATURE (°C), RAIN  (mm), WIND SPEED (km/h)

                                      HEAT  COOL        AVG
    MEAN                              DEG   DEG         WIND                 DOM
DAY TEMP  HIGH   TIME   LOW    TIME   DAYS  DAYS  RAIN  SPEED HIGH   TIME    DIR
------------------------------------------------------------------------------------
 1  17.9  23.3   16:00  14.2    1:15   1.5   1.1   9.1   5.5  30.6   15:00     W
 2  18.3  20.9   14:45  16.4   00:00   0.5   0.6   0.8   2.1  19.3   11:30     W
 3  21.5  27.7   15:45  14.9    5:30   0.9   4.0   0.3   1.3  19.3   17:15   NNW
 4  17.9  21.8    9:15  13.7   00:00   0.9   0.6  13.7   4.8  41.8   14:30     W
 5  15.3  19.7   19:00  11.4    6:15   3.1   0.1   0.8   3.4  22.5    3:45     W
 6  15.7  20.1   15:30  13.3    4:15   2.6   0.1   7.6   3.9  33.8   17:00     W
 7  14.2  18.9   18:45  11.4    3:45   4.1   0.0   2.3   2.1  17.7   10:15   SSW
 8  14.8  20.3   14:30  11.9    4:30   3.5   0.1  10.9   0.5  20.9   15:15     N
 9  17.4  24.2   17:15  10.9    5:45   2.5   1.7   0.3   1.1  17.7   12:00   ENE
10  21.2  29.6   17:15  14.2    5:45   1.1   4.1   0.0   1.6  17.7   19:15     N
11  22.4  28.0   16:30  17.8    5:30   0.1   4.2   0.0   1.9  20.9   19:30   NNW
12  20.8  27.8   18:30  16.7    3:00   0.5   3.0   0.0   1.6  16.1    4:45    NW
13  21.8  28.4   17:15  16.6    3:30   0.4   3.8   0.0   1.4  16.1   15:00   NNW
14  22.8  30.4   18:30  15.0    5:45   0.7   5.2   0.0   0.6  11.3   13:45   NNW
15  23.4  28.3   18:15  19.4    3:45   0.0   5.2   0.0   3.5  27.4   14:15     W
16  20.9  27.2   16:15  15.5    6:15   0.5   3.2   0.0   1.4  17.7   15:45   NNW
17  19.7  26.3   18:00  11.8    6:00   1.5   3.0   0.0   1.0  16.1   12:30    NW
18  20.2  25.6   17:45  15.3    6:15   0.5   2.4   0.3   1.4  29.0   22:15     W
19  18.8  22.2   16:30  16.6    7:45   0.4   0.9   0.0   7.9  38.6   15:45     W
20  18.1  21.3   12:45  15.1   00:00   1.0   0.8   0.0   8.0  41.8   15:30     W
21  15.9  19.8   13:30  12.3    4:45   2.5   0.1   1.3   5.1  29.0   10:15   WNW
22  15.2  17.2   13:15  14.2    7:30   3.1   0.0   0.3   4.0  25.7   17:15   NNW
23  16.7  21.2   19:30  12.0    5:30   2.2   0.7   0.0   2.3  19.3   14:15     W
24  17.9  23.3   11:30  15.0    7:00   1.2   0.7   3.0   1.0  17.7   13:30   ESE
25  18.2  21.3   14:15  16.4    0:15   0.7   0.7  14.0   3.1  32.2   14:45     W
26  17.1  20.4   17:00  14.7    6:15   1.5   0.3   0.0   1.3  19.3    4:00   ENE
27  20.4  27.3   14:45  15.4    5:15   0.9   3.1   4.1   1.4  19.3   12:15   ENE
28  23.3  30.2   14:00  17.8    4:15   0.1   5.0   0.0   1.4  29.0   19:00    SE
29  22.0  27.2   15:45  17.6   22:15   0.1   3.8   7.9   1.8  19.3    4:15   SSW
30  17.4  21.7   18:45  14.2    6:45   1.4   0.5   2.8   3.4  25.7    9:45     W
31  15.8  18.2   17:30  13.9    3:00   2.5   0.0   6.3   3.7  25.7   15:00   WNW
-------------------------------------------------------------------------------------
    18.8  30.4    14    10.9     9    42.6  58.6  85.6   2.7  41.8     4       W

Max >=  32.0:  0
Max <=   0.0:  0
Min <=   0.0:  0
Min <= -18.0:  0
Max Rain: 13.97 ON 25/07/05
Days of Rain: 18 (> .2 mm) 11 (> 2 mm) 0 (> 20 mm)
Heat Base:  18.3  Cool Base:  18.3  Method: Integration
Benelux Weer Netwerk cwop awekas hwa wcloud pwsweather wow wow