NOAA-Style Climate Reports

Select a Year or Month report
2021: Jan | Feb | Mar | Apr | May | Jun | Jul | Aug | Sep | Oct | Nov | Dec |
2020: Jan | Feb | Mar | Apr | May | Jun | Jul | Aug | Sep | Oct | Nov | Dec |
2019: Jan | Feb | Mar | Apr | May | Jun | Jul | Aug | Sep | Oct | Nov | Dec |
2018: Jan | Feb | Mar | Apr | May | Jun | Jul | Aug | Sep | Oct | Nov | Dec |
2017: Jan | Feb | Mar | Apr | May | Jun | Jul | Aug | Sep | Oct | Nov | Dec |
2016: Jan | Feb | Mar | Apr | May | Jun | Jul | Aug | Sep | Oct | Nov | Dec |
2015: Jan | Feb | Mar | Apr | May | Jun | Jul | Aug | Sep | Oct | Nov | Dec |
2014: Jan | Feb | Mar | Apr | May | Jun | Jul | Aug | Sep | Oct | Nov | Dec |
2013: Jan | Feb | Mar | Apr | May | Jun | Jul | Aug | Sep | Oct | Nov | Dec |
2012: Jan | Feb | Mar | Apr | May | Jun | Jul | Aug | Sep | Oct | Nov | Dec |
2011: Jan | Feb | Mar | Apr | May | Jun | Jul | Aug | Sep | Oct | Nov | Dec |
2010: Jan | Feb | Mar | Apr | May | Jun | Jul | Aug | Sep | Oct | Nov | Dec |
2009: Jan | Feb | Mar | Apr | May | Jun | Jul | Aug | Sep | Oct | Nov | Dec |
2008: Jan | Feb | Mar | Apr | May | Jun | Jul | Aug | Sep | Oct | Nov | Dec |
2007: Jan | Feb | Mar | Apr | May | Jun | Jul | Aug | Sep | Oct | Nov | Dec |
2006: Jan | Feb | Mar | Apr | May | Jun | Jul | Aug | Sep | Oct | Nov | Dec |
2005: Jan | Feb | Mar | Apr | May | Jun | Jul | Aug | Sep | Oct | Nov | Dec |
2004: Jan | Feb | Mar | Apr | May | Jun | Jul | Aug | Sep | Oct | Nov | Dec |
2003: Jan | Feb | Mar | Apr | May | Jun | Jul | Aug | Sep | Oct | Nov | Dec |

Report for 2005 August
                   MONTHLY CLIMATOLOGICAL SUMMARY for AUG. 2005

NAME: Patrick Nijs   CITY: Heist-op-den-Berg   STATE: Belgium 
ELEV:    15 m  LAT: 51° 04' 15" N  LONG: 4° 42' 13" E

                   TEMPERATURE (°C), RAIN  (mm), WIND SPEED (km/h)

                                      HEAT  COOL        AVG
    MEAN                              DEG   DEG         WIND                 DOM
DAY TEMP  HIGH   TIME   LOW    TIME   DAYS  DAYS  RAIN  SPEED HIGH   TIME    DIR
------------------------------------------------------------------------------------
 1  17.2  21.6   18:45  13.7    5:15   1.8   0.7   0.0   0.8  12.9   13:30   ENE
 2  17.6  22.6   14:45  13.0    6:30   1.9   1.2   0.0   1.0  12.9   15:30   ENE
 3  16.6  23.7   15:00  11.3    4:45   2.7   0.9   0.3   2.9  27.4   16:30    NW
 4  16.9  22.2   16:30  11.7    5:30   2.4   1.0   0.0   3.2  27.4   15:30   WNW
 5  15.5  18.3   11:00  12.8   00:00   2.8   0.0   1.5   3.4  29.0   11:00   WSW
 6  15.1  19.1   16:15  11.9    6:15   3.3   0.0   0.0   3.2  33.8   17:15   NNW
 7  14.2  18.2   13:45  12.0    7:15   4.1   0.0   5.1   4.0  32.2   18:30   NNW
 8  14.9  18.4   14:00  12.3    3:45   3.4   0.0   2.0   4.2  29.0   13:45     W
 9  15.8  21.0   15:15  11.1    6:45   2.9   0.4   0.0   3.5  27.4   14:45     W
10  15.7  20.5   16:30  11.4    4:45   2.8   0.2   0.0   3.4  25.7   18:00    NW
11  18.0  22.4   17:00  15.5    2:00   1.1   0.8   0.3   1.6  16.1   17:15     W
12  16.8  22.5   14:45  12.1   00:00   2.0   0.6   1.0   2.1  30.6   15:30   NNW
13  16.4  23.3   17:00   8.7    6:30   3.2   1.4   0.3   2.3  25.7   16:15     W
14  16.4  20.2   17:30  14.5    1:30   2.0   0.1   9.7   5.8  33.8   11:15   NNW
15  15.4  17.9   17:15  12.9    5:45   2.9   0.0   0.3   2.9  25.7    1:45   NNW
16  16.2  21.8   17:30   9.8    6:45   2.7   0.6   0.0   0.5  11.3   17:45   ENE
17  19.1  25.9   17:15  11.8    6:45   1.9   2.7   0.0   1.9  19.3   14:00   ENE
18  21.7  28.0   16:00  14.5    6:45   0.7   4.1   0.0   1.3  19.3   15:15   ENE
19  18.4  20.9   18:30  16.1   23:30   0.5   0.6  11.7   1.0  22.5    9:15    SE
20  17.1  20.2   15:45  15.3    6:30   1.4   0.2   0.3   1.8  20.9    8:15     W
21  18.2  22.9   15:30  15.3    7:30   1.2   1.0   0.0   2.3  17.7    1:00   NNW
22  18.2  23.7   17:15  13.8    6:30   1.4   1.3   0.0   0.8  11.3    0:15    NW
23  16.8  19.5   18:15  11.8   00:00   1.6   0.1   1.0   2.6  22.5   15:45   NNW
24  15.6  21.2   17:15   9.7    6:45   3.4   0.6   0.0   2.6  25.7   15:00     S
25  14.6  18.8   15:00  12.1   22:15   3.7   0.0  13.2   3.9  27.4    1:00   SSW
26  14.6  18.9   14:15  10.9    5:30   3.8   0.0   0.0   4.5  29.0   13:45   WSW
27  15.5  21.6   14:15  10.4    7:15   3.4   0.5   0.0   1.6  17.7   11:45   SSW
28  17.1  24.2   16:45   9.9    7:15   3.0   1.8   0.0   1.0  16.1   17:30   NNW
29  19.6  27.6   18:00  11.8    7:00   2.0   3.3   0.0   0.8  16.1   15:45   NNW
30  20.4  28.0   17:30  12.0    7:15   1.7   3.8   0.0   1.9  17.7   16:00   ENE
31  23.6  31.7   16:45  15.6    6:45   0.5   5.8   0.0   1.8  20.9   15:00    SE
-------------------------------------------------------------------------------------
    17.1  31.7    31     8.7    13    71.9  33.7  46.5   2.4  33.8     6     NNW

Max >=  32.0:  0
Max <=   0.0:  0
Min <=   0.0:  0
Min <= -18.0:  0
Max Rain: 13.21 ON 25/08/05
Days of Rain: 13 (> .2 mm) 5 (> 2 mm) 0 (> 20 mm)
Heat Base:  18.3  Cool Base:  18.3  Method: Integration
Benelux Weer Netwerk cwop awekas hwa wcloud pwsweather wow wow