-->

NOAA-Style Climate Reports

Select a Year or Month report
2021: Jan | Feb | Mar | Apr | May | Jun | Jul | Aug | Sep | Oct | Nov | Dec |
2020: Jan | Feb | Mar | Apr | May | Jun | Jul | Aug | Sep | Oct | Nov | Dec |
2019: Jan | Feb | Mar | Apr | May | Jun | Jul | Aug | Sep | Oct | Nov | Dec |
2018: Jan | Feb | Mar | Apr | May | Jun | Jul | Aug | Sep | Oct | Nov | Dec |
2017: Jan | Feb | Mar | Apr | May | Jun | Jul | Aug | Sep | Oct | Nov | Dec |
2016: Jan | Feb | Mar | Apr | May | Jun | Jul | Aug | Sep | Oct | Nov | Dec |
2015: Jan | Feb | Mar | Apr | May | Jun | Jul | Aug | Sep | Oct | Nov | Dec |
2014: Jan | Feb | Mar | Apr | May | Jun | Jul | Aug | Sep | Oct | Nov | Dec |
2013: Jan | Feb | Mar | Apr | May | Jun | Jul | Aug | Sep | Oct | Nov | Dec |
2012: Jan | Feb | Mar | Apr | May | Jun | Jul | Aug | Sep | Oct | Nov | Dec |
2011: Jan | Feb | Mar | Apr | May | Jun | Jul | Aug | Sep | Oct | Nov | Dec |
2010: Jan | Feb | Mar | Apr | May | Jun | Jul | Aug | Sep | Oct | Nov | Dec |
2009: Jan | Feb | Mar | Apr | May | Jun | Jul | Aug | Sep | Oct | Nov | Dec |
2008: Jan | Feb | Mar | Apr | May | Jun | Jul | Aug | Sep | Oct | Nov | Dec |
2007: Jan | Feb | Mar | Apr | May | Jun | Jul | Aug | Sep | Oct | Nov | Dec |
2006: Jan | Feb | Mar | Apr | May | Jun | Jul | Aug | Sep | Oct | Nov | Dec |
2005: Jan | Feb | Mar | Apr | May | Jun | Jul | Aug | Sep | Oct | Nov | Dec |
2004: Jan | Feb | Mar | Apr | May | Jun | Jul | Aug | Sep | Oct | Nov | Dec |
2003: Jan | Feb | Mar | Apr | May | Jun | Jul | Aug | Sep | Oct | Nov | Dec |

Report for 2005 September
                   MONTHLY CLIMATOLOGICAL SUMMARY for SEP. 2005

NAME: Patrick Nijs   CITY: Heist-op-den-Berg   STATE: Belgium 
ELEV:    15 m  LAT: 51° 04' 15" N  LONG: 4° 42' 13" E

                   TEMPERATURE (°C), RAIN  (mm), WIND SPEED (km/h)

                                      HEAT  COOL        AVG
    MEAN                              DEG   DEG         WIND                 DOM
DAY TEMP  HIGH   TIME   LOW    TIME   DAYS  DAYS  RAIN  SPEED HIGH   TIME    DIR
------------------------------------------------------------------------------------
 1  20.5  22.9   13:15  17.7   00:00   0.0   2.2   0.5   2.4  22.5    9:15     W
 2  19.2  25.3   16:00  13.7    7:15   1.2   2.1   0.3   1.4  17.7   12:30   WNW
 3  18.8  25.4   16:15  13.6    5:30   1.6   2.1   0.0   2.3  19.3   14:45   ENE
 4  20.9  28.3   16:30  13.7    7:00   1.0   3.6   0.0   1.9  19.3   16:15   ENE
 5  22.1  30.1   16:30  14.7    7:00   0.7   4.5   0.0   1.3  20.9   14:30    SE
 6  20.7  25.9   17:00  17.5    7:30   0.1   2.5   9.7   1.1  19.3   14:15    SE
 7  20.7  27.1   16:30  14.9    7:00   0.8   3.2   0.0   1.1  20.9   13:45   NNW
 8  22.1  29.2   16:30  15.5    7:15   0.6   4.3   0.0   1.0  19.3   13:15   NNW
 9  20.9  25.2   13:45  18.2    7:15   0.0   2.6   1.3   0.2  11.3    5:00   SSE
10  19.3  25.3   14:45  16.3    8:45   0.4   1.5  62.5   1.1  38.6   16:30    SE
11  18.7  22.7   17:00  16.4    5:00   0.7   1.0   0.3   0.6  12.9   21:30   WNW
12  17.6  20.2   13:45  13.7   00:00   1.1   0.4   0.0   0.6  12.9    9:00   ENE
13  15.8  22.7   16:00   9.5    7:00   3.4   0.9   0.0   0.3   9.7   13:30   ESE
14  16.2  19.7   12:00  12.6    4:00   2.2   0.1   0.8   3.5  29.0   10:15     W
15  18.1  20.4   12:45  17.2    0:15   0.5   0.2   7.1   4.5  33.8   18:45     W
16  13.8  17.3    0:30   8.7   23:45   4.5   0.0   2.0   3.2  27.4    5:00   NNW
17  11.2  17.4   15:15   6.2    7:15   7.1   0.0   0.3   1.1  17.7   17:15   NNW
18  11.4  18.7   17:00   4.5    7:30   6.9   0.0   0.0   0.5  12.9   13:45   ENE
19  12.0  19.5   15:45   4.8    6:30   6.4   0.1   0.0   0.6  16.1   15:45   ENE
20  13.2  21.1   15:45   5.7    7:15   5.6   0.5   0.3   0.3  11.3   14:15    NW
21  13.8  22.0   16:30   7.3    7:30   5.1   0.7   0.0   0.5  11.3   15:00   ENE
22  15.1  23.4   16:30   7.6    7:30   4.5   1.2   0.0   0.5  11.3   13:15    SE
23  16.0  23.4   15:45   9.0    7:00   3.5   1.3   0.0   1.3  17.7   13:15     S
24  17.1  22.3   16:00  13.6   00:00   2.0   0.7   0.0   1.0  16.1    1:45    NW
25  16.2  20.5   16:00  12.8    2:00   2.4   0.3   1.0   2.4  27.4   12:30     W
26  15.2  19.3   14:00  11.4    6:45   3.2   0.1   0.3   2.3  22.5   14:30   SSW
27  15.0  18.8   13:00  13.3    3:30   3.3   0.0   2.3   2.7  22.5   10:30   WSW
28  13.9  17.9   15:45  11.6    7:45   4.4   0.0   0.0   3.4  25.7   13:00     W
29  12.7  15.8   16:15   9.9   00:00   5.6   0.0   4.1   6.0  33.8   14:00   WNW
30  11.8  15.1   13:00   8.2    4:30   6.5   0.0   1.5   3.1  27.4   12:15   SSW
-------------------------------------------------------------------------------------
    16.7  30.1     5     4.5    18    85.3  36.2  94.0   1.7  38.6    10       W

Max >=  32.0:  0
Max <=   0.0:  0
Min <=   0.0:  0
Min <= -18.0:  0
Max Rain: 62.48 ON 10/09/05
Days of Rain: 16 (> .2 mm) 6 (> 2 mm) 1 (> 20 mm)
Heat Base:  18.3  Cool Base:  18.3  Method: Integration
Benelux Weer Netwerk cwop awekas hwa wcloud pwsweather wow wow