Thunderstorms From: 14-05-2021 11:59 Until: 22:59 warning for: Thunderstorms Level: Yellow info button

NOAA-Style Climate Reports

Select a Year or Month report
2021: Jan | Feb | Mar | Apr | May | Jun | Jul | Aug | Sep | Oct | Nov | Dec |
2020: Jan | Feb | Mar | Apr | May | Jun | Jul | Aug | Sep | Oct | Nov | Dec |
2019: Jan | Feb | Mar | Apr | May | Jun | Jul | Aug | Sep | Oct | Nov | Dec |
2018: Jan | Feb | Mar | Apr | May | Jun | Jul | Aug | Sep | Oct | Nov | Dec |
2017: Jan | Feb | Mar | Apr | May | Jun | Jul | Aug | Sep | Oct | Nov | Dec |
2016: Jan | Feb | Mar | Apr | May | Jun | Jul | Aug | Sep | Oct | Nov | Dec |
2015: Jan | Feb | Mar | Apr | May | Jun | Jul | Aug | Sep | Oct | Nov | Dec |
2014: Jan | Feb | Mar | Apr | May | Jun | Jul | Aug | Sep | Oct | Nov | Dec |
2013: Jan | Feb | Mar | Apr | May | Jun | Jul | Aug | Sep | Oct | Nov | Dec |
2012: Jan | Feb | Mar | Apr | May | Jun | Jul | Aug | Sep | Oct | Nov | Dec |
2011: Jan | Feb | Mar | Apr | May | Jun | Jul | Aug | Sep | Oct | Nov | Dec |
2010: Jan | Feb | Mar | Apr | May | Jun | Jul | Aug | Sep | Oct | Nov | Dec |
2009: Jan | Feb | Mar | Apr | May | Jun | Jul | Aug | Sep | Oct | Nov | Dec |
2008: Jan | Feb | Mar | Apr | May | Jun | Jul | Aug | Sep | Oct | Nov | Dec |
2007: Jan | Feb | Mar | Apr | May | Jun | Jul | Aug | Sep | Oct | Nov | Dec |
2006: Jan | Feb | Mar | Apr | May | Jun | Jul | Aug | Sep | Oct | Nov | Dec |
2005: Jan | Feb | Mar | Apr | May | Jun | Jul | Aug | Sep | Oct | Nov | Dec |
2004: Jan | Feb | Mar | Apr | May | Jun | Jul | Aug | Sep | Oct | Nov | Dec |
2003: Jan | Feb | Mar | Apr | May | Jun | Jul | Aug | Sep | Oct | Nov | Dec |

Report for 2005 October
                   MONTHLY CLIMATOLOGICAL SUMMARY for OCT. 2005

NAME: Patrick Nijs   CITY: Heist-op-den-Berg   STATE: Belgium 
ELEV:    15 m  LAT: 51° 04' 15" N  LONG: 4° 42' 13" E

                   TEMPERATURE (°C), RAIN  (mm), WIND SPEED (km/hr)

                                      HEAT  COOL        AVG
    MEAN                              DEG   DEG         WIND                 DOM
DAY TEMP  HIGH   TIME   LOW    TIME   DAYS  DAYS  RAIN  SPEED HIGH   TIME    DIR
------------------------------------------------------------------------------------
 1  14.3  17.2   16:00  10.1   23:15   4.0   0.0   3.0   4.0  30.6    9:00   WNW
 2  11.8  17.2   14:45   9.1    2:00   6.5   0.0   1.0   1.4  17.7   11:15   NNW
 3  11.7  17.6   15:45   6.2    8:00   6.7   0.0   0.3   0.3  12.9   12:30   NNW
 4  11.6  15.7   16:15   8.0    7:00   6.7   0.0   0.3   1.3  19.3   12:00   ENE
 5  12.5  16.1   17:45   9.6    2:45   5.8   0.0   0.0   1.0  16.1    9:45   ENE
 6  12.7  19.1   17:30   9.5    3:45   5.6   0.0   0.3   0.3   8.0    4:15   ENE
 7  12.0  14.1   17:15   9.9    0:15   6.3   0.0   0.3   0.2   8.0   10:45     W
 8  14.1  19.5   16:15  11.1    8:15   4.3   0.1   0.0   0.6  19.3   16:15    SE
 9  14.1  17.0   17:15  11.8    5:00   4.2   0.0   0.3   0.2   9.7   11:15   SSE
10  16.4  24.3   16:00  10.1    7:15   3.3   1.4   0.3   1.4  19.3   13:30    SE
11  15.7  22.7   16:30  10.2    5:45   3.4   0.9   0.0   1.3  16.1   14:15    SE
12  16.0  22.5   16:15  11.7    5:45   3.1   0.8   0.0   1.8  19.3   11:15    SE
13  15.5  22.7   16:00  10.1    6:30   3.6   0.9   0.0   0.3  12.9   10:30   ESE
14  15.4  21.3   14:45  11.4    4:15   3.4   0.5   0.0   0.0   8.0   11:00    NE
15  13.8  20.8   16:45   8.7    8:15   4.7   0.3   0.3   1.3  16.1   17:30   ENE
16  13.2  18.9   15:45   7.9    8:15   5.2   0.0   0.0   2.3  19.3   16:45   ENE
17  10.4  15.0   16:45   5.3    8:30   7.9   0.0   0.0   2.3  20.9   13:45   ENE
18   9.8  15.5   15:30   5.8    7:00   8.5   0.0   0.0   3.4  25.7   10:30   ENE
19  12.6  18.4   16:45   8.4    6:45   5.7   0.0   1.5   2.9  19.3   14:00    SE
20  13.5  16.6   16:30   8.2   00:00   4.8   0.0   1.3   3.7  29.0   11:45   WSW
21  13.0  17.8   16:00   8.1    2:15   5.3   0.0   7.1   2.9  35.4   20:45   WSW
22  12.7  15.5   17:15  11.4   22:00   5.6   0.0   2.3   2.9  22.5    4:15   SSW
23  12.9  15.6   16:30  11.7    5:15   5.4   0.0   0.8   2.4  25.7   14:30     W
24  12.9  15.3   22:00  10.9    7:45   5.4   0.0   7.1   4.5  32.2   22:45   SSW
25  14.9  17.3   16:30  12.8   10:45   3.4   0.0   7.9   8.0  43.5   12:15   SSW
26  15.9  19.2   15:30  13.6    5:30   2.4   0.1   0.0   3.7  30.6    0:30   WSW
27  16.6  21.6   15:00  13.0    7:15   2.4   0.6   0.0   2.7  25.7   15:00    SE
28  17.1  20.8   14:30  13.8    8:30   1.7   0.5   0.0   2.6  19.3   11:00    SE
29  18.0  21.9   14:45  15.4    9:30   1.1   0.8   0.0   1.9  19.3   14:15    SE
30  17.6  22.6   15:00  14.2    7:30   1.5   0.8   0.0   3.4  30.6   13:30    SE
31  16.6  19.1   15:00  13.7    7:15   1.8   0.1   0.0   2.9  22.5   19:30    SE
-------------------------------------------------------------------------------------
    14.0  24.3    10     5.3    17   139.8   7.9  33.8   2.2  43.5    25      SE

Max >=  32.0:  0
Max <=   0.0:  0
Min <=   0.0:  0
Min <= -18.0:  0
Max Rain: 7.87 ON 25/10/05
Days of Rain: 16 (> .2 mm) 5 (> 2 mm) 0 (> 20 mm)
Heat Base:  18.3  Cool Base:  18.3  Method: Integration
Benelux Weer Netwerk cwop awekas hwa wcloud pwsweather wow wow