NOAA-Style Climate Reports

Select a Year or Month report
2021: Jan | Feb | Mar | Apr | May | Jun | Jul | Aug | Sep | Oct | Nov | Dec |
2020: Jan | Feb | Mar | Apr | May | Jun | Jul | Aug | Sep | Oct | Nov | Dec |
2019: Jan | Feb | Mar | Apr | May | Jun | Jul | Aug | Sep | Oct | Nov | Dec |
2018: Jan | Feb | Mar | Apr | May | Jun | Jul | Aug | Sep | Oct | Nov | Dec |
2017: Jan | Feb | Mar | Apr | May | Jun | Jul | Aug | Sep | Oct | Nov | Dec |
2016: Jan | Feb | Mar | Apr | May | Jun | Jul | Aug | Sep | Oct | Nov | Dec |
2015: Jan | Feb | Mar | Apr | May | Jun | Jul | Aug | Sep | Oct | Nov | Dec |
2014: Jan | Feb | Mar | Apr | May | Jun | Jul | Aug | Sep | Oct | Nov | Dec |
2013: Jan | Feb | Mar | Apr | May | Jun | Jul | Aug | Sep | Oct | Nov | Dec |
2012: Jan | Feb | Mar | Apr | May | Jun | Jul | Aug | Sep | Oct | Nov | Dec |
2011: Jan | Feb | Mar | Apr | May | Jun | Jul | Aug | Sep | Oct | Nov | Dec |
2010: Jan | Feb | Mar | Apr | May | Jun | Jul | Aug | Sep | Oct | Nov | Dec |
2009: Jan | Feb | Mar | Apr | May | Jun | Jul | Aug | Sep | Oct | Nov | Dec |
2008: Jan | Feb | Mar | Apr | May | Jun | Jul | Aug | Sep | Oct | Nov | Dec |
2007: Jan | Feb | Mar | Apr | May | Jun | Jul | Aug | Sep | Oct | Nov | Dec |
2006: Jan | Feb | Mar | Apr | May | Jun | Jul | Aug | Sep | Oct | Nov | Dec |
2005: Jan | Feb | Mar | Apr | May | Jun | Jul | Aug | Sep | Oct | Nov | Dec |
2004: Jan | Feb | Mar | Apr | May | Jun | Jul | Aug | Sep | Oct | Nov | Dec |
2003: Jan | Feb | Mar | Apr | May | Jun | Jul | Aug | Sep | Oct | Nov | Dec |

Report for 2005 November
                   MONTHLY CLIMATOLOGICAL SUMMARY for NOV. 2005

NAME: Patrick Nijs   CITY: Heist-op-den-Berg   STATE: Belgium 
ELEV:    15 m  LAT: 51° 04' 15" N  LONG: 4° 42' 13" E

                   TEMPERATURE (°C), RAIN  (mm), WIND SPEED (km/hr)

                                      HEAT  COOL        AVG
    MEAN                              DEG   DEG         WIND                 DOM
DAY TEMP  HIGH   TIME   LOW    TIME   DAYS  DAYS  RAIN  SPEED HIGH   TIME    DIR
------------------------------------------------------------------------------------
 1  12.7  16.1   12:00   6.9   23:30   5.6   0.0   0.3   3.7  33.8   14:00     W
 2  12.9  16.1   13:30   7.0    0:15   5.4   0.0   4.3   4.7  29.0   11:45    SE
 3  16.3  19.3   14:30  13.7    4:15   2.1   0.1   1.0   7.1  40.2   12:30   SSW
 4  13.4  15.5    0:15   9.3   00:00   4.9   0.0   0.0   2.7  22.5   18:45   SSW
 5   9.5  12.6   15:15   6.7    7:00   8.8   0.0   0.0   3.1  25.7   11:45   WSW
 6  11.4  15.3   14:30   8.2    7:30   6.8   0.0   0.0   4.3  29.0   15:30   SSE
 7  11.3  14.7   15:00   8.9   22:45   7.0   0.0   4.3   3.2  27.4    2:00   SSW
 8  12.7  18.1   14:15   8.9    0:15   5.6   0.0   0.3   2.9  25.7   13:30    SE
 9   9.1  11.4   11:00   5.3   00:00   9.2   0.0   0.5   1.0  16.1   11:00   NNW
10   8.1  12.3   14:00   3.4    7:15  10.2   0.0   1.0   3.5  30.6   14:30   SSW
11  11.6  13.3   13:30  10.1    0:15   6.7   0.0   0.0   5.8  29.0   17:15   SSW
12   8.8  10.9    2:00   6.2   21:15   9.5   0.0   0.8   2.4  25.7    0:30     S
13   7.7  12.4   14:45   4.2   00:00  10.6   0.0   0.3   0.3  11.3   14:00   WSW
14   6.0  11.1   14:45   3.7    7:45  12.3   0.0   0.3   0.3  12.9   23:00    SE
15   6.2   8.0   22:15   3.8    5:15  12.1   0.0   2.5   3.5  25.7   10:30   WSW
16   6.2   8.0    0:15   4.0   18:45  12.2   0.0   2.8   3.2  32.2   11:30     W
17   4.8   6.7   11:30   3.3   00:00  13.5   0.0   2.0   3.1  30.6   20:15     W
18   3.6   9.2   13:45  -0.3   00:00  14.7   0.0   0.3   0.8  12.9   13:30    NW
19   0.6   3.8   15:30  -2.4    7:30  17.8   0.0   0.0   0.5  12.9   18:45     S
20   2.2   3.1   15:00   1.2    0:45  16.1   0.0   0.3   2.3  16.1    9:30   WSW
21   5.3  10.3   15:45   1.8    6:00  13.0   0.0   0.0   2.1  16.1    7:45   NNW
22   2.5   5.8   13:00  -0.2    8:15  15.8   0.0   0.0   1.4  16.1   13:00   ENE
23   1.5   4.9   14:30  -0.6   23:45  16.8   0.0   0.0   0.2   9.7   14:30   ENE
24   2.0   4.4   14:30  -0.8    0:30  16.3   0.0   7.4   3.5  35.4   19:15   SSW
25   2.1   3.3    1:15   0.3   21:15  16.2   0.0   6.6  12.7  46.7    4:30     W
26   1.4   2.3   16:30   0.3    5:45  16.9   0.0  11.2   6.0  33.8    3:30   WSW
27   1.8   2.9   14:15   0.4    5:45  16.5   0.0   1.5   1.1  16.1   10:15   WNW
28   2.9   4.6   13:45   1.2   00:00  15.4   0.0   0.3   2.4  20.9   14:15     W
29   2.1   5.1   14:45   0.4    4:15  16.2   0.0   0.0   1.6  19.3   15:00     W
30   2.0   4.2   14:30  -0.6    7:15  16.3   0.0   0.3   2.1  19.3   13:00   SSW
-------------------------------------------------------------------------------------
     6.6  19.3     3    -2.4    19   350.3   0.1  48.0   3.1  46.7    25     SSW

Max >=  32.0:  0
Max <=   0.0:  0
Min <=   0.0:  6
Min <= -18.0:  0
Max Rain: 11.18 ON 26/11/05
Days of Rain: 21 (> .2 mm) 8 (> 2 mm) 0 (> 20 mm)
Heat Base:  18.3  Cool Base:  18.3  Method: Integration
Benelux Weer Netwerk cwop awekas hwa wcloud pwsweather wow wow