Thunderstorms From: 14-05-2021 11:59 Until: 22:59 warning for: Thunderstorms Level: Yellow info button

NOAA-Style Climate Reports

Select a Year or Month report
2021: Jan | Feb | Mar | Apr | May | Jun | Jul | Aug | Sep | Oct | Nov | Dec |
2020: Jan | Feb | Mar | Apr | May | Jun | Jul | Aug | Sep | Oct | Nov | Dec |
2019: Jan | Feb | Mar | Apr | May | Jun | Jul | Aug | Sep | Oct | Nov | Dec |
2018: Jan | Feb | Mar | Apr | May | Jun | Jul | Aug | Sep | Oct | Nov | Dec |
2017: Jan | Feb | Mar | Apr | May | Jun | Jul | Aug | Sep | Oct | Nov | Dec |
2016: Jan | Feb | Mar | Apr | May | Jun | Jul | Aug | Sep | Oct | Nov | Dec |
2015: Jan | Feb | Mar | Apr | May | Jun | Jul | Aug | Sep | Oct | Nov | Dec |
2014: Jan | Feb | Mar | Apr | May | Jun | Jul | Aug | Sep | Oct | Nov | Dec |
2013: Jan | Feb | Mar | Apr | May | Jun | Jul | Aug | Sep | Oct | Nov | Dec |
2012: Jan | Feb | Mar | Apr | May | Jun | Jul | Aug | Sep | Oct | Nov | Dec |
2011: Jan | Feb | Mar | Apr | May | Jun | Jul | Aug | Sep | Oct | Nov | Dec |
2010: Jan | Feb | Mar | Apr | May | Jun | Jul | Aug | Sep | Oct | Nov | Dec |
2009: Jan | Feb | Mar | Apr | May | Jun | Jul | Aug | Sep | Oct | Nov | Dec |
2008: Jan | Feb | Mar | Apr | May | Jun | Jul | Aug | Sep | Oct | Nov | Dec |
2007: Jan | Feb | Mar | Apr | May | Jun | Jul | Aug | Sep | Oct | Nov | Dec |
2006: Jan | Feb | Mar | Apr | May | Jun | Jul | Aug | Sep | Oct | Nov | Dec |
2005: Jan | Feb | Mar | Apr | May | Jun | Jul | Aug | Sep | Oct | Nov | Dec |
2004: Jan | Feb | Mar | Apr | May | Jun | Jul | Aug | Sep | Oct | Nov | Dec |
2003: Jan | Feb | Mar | Apr | May | Jun | Jul | Aug | Sep | Oct | Nov | Dec |

Report for 2005 December
                   MONTHLY CLIMATOLOGICAL SUMMARY for DEC. 2005

NAME: Patrick Nijs   CITY: Heist-op-den-Berg   STATE: Belgium 
ELEV:    15 m  LAT: 51° 04' 15" N  LONG: 4° 42' 13" E

                   TEMPERATURE (°C), RAIN  (mm), WIND SPEED (km/hr)

                                      HEAT  COOL        AVG
    MEAN                              DEG   DEG         WIND                 DOM
DAY TEMP  HIGH   TIME   LOW    TIME   DAYS  DAYS  RAIN  SPEED HIGH   TIME    DIR
------------------------------------------------------------------------------------
 1   2.0   4.2   14:15   0.4    8:30  16.3   0.0   0.0   4.7  27.4   13:45    SE
 2   4.9   7.8   19:30   0.4    4:45  13.4   0.0   0.3   6.1  27.4   10:30    SE
 3   8.4   9.5   21:15   7.0    9:15   9.9   0.0   0.3   7.2  40.2   13:15   SSE
 4   8.1   9.7   13:30   6.6   00:00  10.2   0.0   3.0   4.3  32.2    1:45   SSW
 5   6.7   8.1   14:15   4.9    5:45  11.6   0.0   0.3   3.1  22.5   14:45   WSW
 6   5.5   6.4    0:15   4.5   21:30  12.8   0.0   0.3   1.9  16.1    1:45   SSW
 7   5.9   7.6   13:00   4.2   23:15  12.0   0.0   0.3   3.5  25.7   13:15     W
 8   4.4   7.6   12:30   1.3   23:00  13.9   0.0   0.3   1.1  12.9   11:15   ENE
 9   2.6   5.8   14:15  -0.8   00:00  15.7   0.0   0.0   0.3  12.9   13:15   ENE
10  -1.9  -0.1   15:00  -3.3   23:45  20.2   0.0   0.3   0.0   8.0    1:30     E
11  -0.3   4.8   15:00  -3.7    3:45  18.6   0.0   0.0   0.2   8.0    9:00   SSE
12   4.8   8.8   14:30   2.1    0:15  13.4   0.0   0.3   0.3  12.9   14:00    NW
13   6.3   8.1   14:30   5.3    8:30  12.0   0.0   0.0   0.3  12.9   21:15   NNW
14   6.3   8.7   13:00   4.9    3:30  12.0   0.0   0.0   1.8  17.7    6:30   NNW
15   6.8   8.2   16:30   5.2    1:00  11.4   0.0   0.3   4.8  27.4   12:45     W
16   6.8  10.1   11:15   2.9   23:45  11.5   0.0   6.3  10.1  46.7    8:30   NNW
17   1.3   3.5    0:15   0.2    6:45  16.9   0.0   5.6   4.5  35.4    9:45    NW
18   1.6   3.9   16:00   0.4    4:00  16.8   0.0   0.8   3.4  25.7   16:15     W
19   3.9   7.3   15:15   1.2    0:45  14.4   0.0   1.5   4.0  27.4    4:30     W
20   3.1   3.8   12:15   2.4    1:15  15.2   0.0   0.3   2.4  19.3   12:30     W
21   4.6   6.0   14:30   3.3    6:00  13.7   0.0   0.3   2.4  25.7   20:15   WSW
22   6.4   7.9   16:00   4.7    2:00  11.9   0.0   2.0   4.5  27.4    1:45     W
23   7.3   8.0   12:00   6.8    1:00  11.0   0.0   0.0   3.5  19.3   11:00     W
24   7.1   9.1   15:00   5.6   23:45  11.2   0.0   0.0   1.9  16.1    4:45     W
25   4.3   7.2   13:30  -0.1   21:00  14.0   0.0   0.5   0.5  12.9   12:45    NW
26   2.3   6.1   14:45  -2.1   00:00  16.0   0.0   1.3   1.0  29.0   16:45    NW
27  -1.4  -0.4   21:15  -2.5    9:15  19.7   0.0   0.0   1.4  20.9   23:30   ENE
28  -2.4  -0.9    0:15  -6.3   23:30  20.7   0.0   0.0   1.3  19.3    2:00   ENE
29  -3.4   0.1   20:30  -6.7    6:00  21.7   0.0   0.0   1.4  19.3   13:00   SSW
30  -1.5   0.8   00:00  -3.1    7:15  19.8   0.0   0.0   6.1  38.6   15:30   SSE
31   5.6   7.3   13:15   0.8    0:15  12.7   0.0   3.3   7.1  33.8   12:45   WSW
-------------------------------------------------------------------------------------
     3.7  10.1    16    -6.7    29   450.8   0.0  27.2   3.1  46.7    16       W

Max >=  32.0:  0
Max <=   0.0:  3
Min <=   0.0:  9
Min <= -18.0:  0
Max Rain: 6.35 ON 16/12/05
Days of Rain: 20 (> .2 mm) 5 (> 2 mm) 0 (> 20 mm)
Heat Base:  18.3  Cool Base:  18.3  Method: Integration
Benelux Weer Netwerk cwop awekas hwa wcloud pwsweather wow wow