-->

NOAA-Style Climate Reports

Select a Year or Month report
2021: Jan | Feb | Mar | Apr | May | Jun | Jul | Aug | Sep | Oct | Nov | Dec |
2020: Jan | Feb | Mar | Apr | May | Jun | Jul | Aug | Sep | Oct | Nov | Dec |
2019: Jan | Feb | Mar | Apr | May | Jun | Jul | Aug | Sep | Oct | Nov | Dec |
2018: Jan | Feb | Mar | Apr | May | Jun | Jul | Aug | Sep | Oct | Nov | Dec |
2017: Jan | Feb | Mar | Apr | May | Jun | Jul | Aug | Sep | Oct | Nov | Dec |
2016: Jan | Feb | Mar | Apr | May | Jun | Jul | Aug | Sep | Oct | Nov | Dec |
2015: Jan | Feb | Mar | Apr | May | Jun | Jul | Aug | Sep | Oct | Nov | Dec |
2014: Jan | Feb | Mar | Apr | May | Jun | Jul | Aug | Sep | Oct | Nov | Dec |
2013: Jan | Feb | Mar | Apr | May | Jun | Jul | Aug | Sep | Oct | Nov | Dec |
2012: Jan | Feb | Mar | Apr | May | Jun | Jul | Aug | Sep | Oct | Nov | Dec |
2011: Jan | Feb | Mar | Apr | May | Jun | Jul | Aug | Sep | Oct | Nov | Dec |
2010: Jan | Feb | Mar | Apr | May | Jun | Jul | Aug | Sep | Oct | Nov | Dec |
2009: Jan | Feb | Mar | Apr | May | Jun | Jul | Aug | Sep | Oct | Nov | Dec |
2008: Jan | Feb | Mar | Apr | May | Jun | Jul | Aug | Sep | Oct | Nov | Dec |
2007: Jan | Feb | Mar | Apr | May | Jun | Jul | Aug | Sep | Oct | Nov | Dec |
2006: Jan | Feb | Mar | Apr | May | Jun | Jul | Aug | Sep | Oct | Nov | Dec |
2005: Jan | Feb | Mar | Apr | May | Jun | Jul | Aug | Sep | Oct | Nov | Dec |
2004: Jan | Feb | Mar | Apr | May | Jun | Jul | Aug | Sep | Oct | Nov | Dec |
2003: Jan | Feb | Mar | Apr | May | Jun | Jul | Aug | Sep | Oct | Nov | Dec |

Report for 2006 January
                   MONTHLY CLIMATOLOGICAL SUMMARY for JAN. 2006

NAME: Patrick Nijs   CITY: Heist-op-den-Berg   STATE: Belgium 
ELEV:    15 m  LAT: 51° 04' 15" N  LONG: 4° 42' 13" E

                   TEMPERATURE (°C), RAIN  (mm), WIND SPEED (km/hr)

                                      HEAT  COOL        AVG
    MEAN                              DEG   DEG         WIND                 DOM
DAY TEMP  HIGH   TIME   LOW    TIME   DAYS  DAYS  RAIN  SPEED HIGH   TIME    DIR
------------------------------------------------------------------------------------
 1   4.7   6.1   14:30   2.4   00:00  13.6   0.0   0.0   1.9  22.5    1:00   SSE
 2   1.5   4.1   16:15  -1.6   00:00  16.8   0.0   0.3   0.0   4.8   15:00    NW
 3  -2.1   0.2   00:00  -4.2    9:00  20.4   0.0   0.0   0.6  11.3   16:15    SE
 4   1.3   3.9   15:00  -0.2    9:15  17.0   0.0   0.3   2.4  19.3   13:00   ENE
 5   0.7   1.8   23:30  -0.9    8:15  17.6   0.0   0.0   4.5  25.7    6:45   ENE
 6   1.1   3.7   15:00  -1.4    8:00  17.2   0.0   0.0   1.8  12.9   13:30   ENE
 7   1.1   3.3   15:15  -0.9    8:15  17.2   0.0   0.0   0.6  11.3   14:45   ENE
 8   1.1   4.2   14:30  -1.4    7:00  17.2   0.0   0.0   1.4  12.9   13:15   ENE
 9   0.1   5.2   14:45  -2.7    8:00  18.2   0.0   0.3   0.2   4.8    0:15     E
10   1.0   6.2   14:30  -2.8    6:45  17.3   0.0   0.0   1.1  16.1   12:00   SSE
11   3.2   4.9   23:30   0.3    0:15  15.1   0.0   3.3   5.5  30.6    6:45   SSW
12   3.6   4.9    0:15   1.0   22:15  14.7   0.0   0.0   1.4  19.3   16:00    SE
13   1.8   4.4   14:30  -0.4    9:30  16.5   0.0   0.0   2.1  20.9   15:30    SE
14   1.9   6.9   14:15  -1.2    5:30  16.3   0.0   0.0   1.6  19.3   15:00   SSE
15  -0.2   4.9   15:00  -3.4    8:45  18.5   0.0   0.0   0.8  12.9   15:15    SE
16   2.1   6.2   14:15  -2.6    0:45  16.2   0.0   0.0   2.9  22.5   22:30   SSE
17   5.9   7.0   15:45   4.9    9:15  12.4   0.0   5.8   4.5  32.2    8:45   WNW
18   4.7   6.9   14:30   2.1   20:30  13.6   0.0   0.3   1.9  12.9    3:45     W
19   6.6   9.7   21:30   2.0    4:30  11.8   0.0   0.3   2.4  19.3   14:30   SSW
20   8.1  10.8   13:30   5.1   00:00  10.3   0.0   2.3   6.3  35.4   13:45     W
21   5.5   7.4   13:45   4.1    6:45  12.8   0.0   0.3   6.1  29.0    2:45     W
22   2.4   4.3    0:15  -0.4   23:45  15.9   0.0   0.0   1.8  16.1   20:00   ENE
23  -1.2   1.8   14:45  -3.3   00:00  19.5   0.0   0.0   3.4  16.1    4:15   ENE
24  -2.2   2.9   15:15  -5.2    7:45  20.4   0.0   0.0   1.0   9.7    0:15   ENE
25  -0.3   4.2   17:15  -5.1    7:00  18.6   0.0   0.3   2.6  25.7   20:30   NNW
26   0.4   2.2    0:15  -2.7   00:00  17.9   0.0   0.0   5.0  32.2    4:45   ENE
27  -3.8  -1.7   15:30  -5.9    7:45  22.1   0.0   0.0   3.5  27.4   12:45   ENE
28  -2.8   2.9   14:45  -7.2    8:15  21.1   0.0   0.0   3.4  20.9   13:45   ENE
29  -1.2   4.9   15:15  -5.7    8:15  18.1   0.0   0.0   2.4  17.7    1:45   ENE
30   1.0   4.6   15:00  -2.5    2:15  17.3   0.0   0.0   3.7  30.6   16:45   ENE
31   1.7   4.3   15:45  -2.2   00:00  16.7   0.0   0.0   2.9  20.9    1:45   ENE
-------------------------------------------------------------------------------------
     1.5  10.8    20    -7.2    28   518.3   0.0  13.2   2.6  35.4    20     ENE

Max >=  32.0:  0
Max <=   0.0:  1
Min <=   0.0: 23
Min <= -18.0:  0
Max Rain: 5.84 ON 17/01/06
Days of Rain: 10 (> .2 mm) 3 (> 2 mm) 0 (> 20 mm)
Heat Base:  18.3  Cool Base:  18.3  Method: Integration
Benelux Weer Netwerk cwop awekas hwa wcloud pwsweather wow wow