NOAA-Style Climate Reports

Select a Year or Month report
2021: Jan | Feb | Mar | Apr | May | Jun | Jul | Aug | Sep | Oct | Nov | Dec |
2020: Jan | Feb | Mar | Apr | May | Jun | Jul | Aug | Sep | Oct | Nov | Dec |
2019: Jan | Feb | Mar | Apr | May | Jun | Jul | Aug | Sep | Oct | Nov | Dec |
2018: Jan | Feb | Mar | Apr | May | Jun | Jul | Aug | Sep | Oct | Nov | Dec |
2017: Jan | Feb | Mar | Apr | May | Jun | Jul | Aug | Sep | Oct | Nov | Dec |
2016: Jan | Feb | Mar | Apr | May | Jun | Jul | Aug | Sep | Oct | Nov | Dec |
2015: Jan | Feb | Mar | Apr | May | Jun | Jul | Aug | Sep | Oct | Nov | Dec |
2014: Jan | Feb | Mar | Apr | May | Jun | Jul | Aug | Sep | Oct | Nov | Dec |
2013: Jan | Feb | Mar | Apr | May | Jun | Jul | Aug | Sep | Oct | Nov | Dec |
2012: Jan | Feb | Mar | Apr | May | Jun | Jul | Aug | Sep | Oct | Nov | Dec |
2011: Jan | Feb | Mar | Apr | May | Jun | Jul | Aug | Sep | Oct | Nov | Dec |
2010: Jan | Feb | Mar | Apr | May | Jun | Jul | Aug | Sep | Oct | Nov | Dec |
2009: Jan | Feb | Mar | Apr | May | Jun | Jul | Aug | Sep | Oct | Nov | Dec |
2008: Jan | Feb | Mar | Apr | May | Jun | Jul | Aug | Sep | Oct | Nov | Dec |
2007: Jan | Feb | Mar | Apr | May | Jun | Jul | Aug | Sep | Oct | Nov | Dec |
2006: Jan | Feb | Mar | Apr | May | Jun | Jul | Aug | Sep | Oct | Nov | Dec |
2005: Jan | Feb | Mar | Apr | May | Jun | Jul | Aug | Sep | Oct | Nov | Dec |
2004: Jan | Feb | Mar | Apr | May | Jun | Jul | Aug | Sep | Oct | Nov | Dec |
2003: Jan | Feb | Mar | Apr | May | Jun | Jul | Aug | Sep | Oct | Nov | Dec |

Report for 2006 February
                   MONTHLY CLIMATOLOGICAL SUMMARY for FEB. 2006

NAME: Patrick Nijs   CITY: Heist-op-den-Berg   STATE: Belgium 
ELEV:    15 m  LAT: 51° 04' 15" N  LONG: 4° 42' 13" E

                   TEMPERATURE (°C), RAIN  (mm), WIND SPEED (km/hr)

                                      HEAT  COOL        AVG
    MEAN                              DEG   DEG         WIND                 DOM
DAY TEMP  HIGH   TIME   LOW    TIME   DAYS  DAYS  RAIN  SPEED HIGH   TIME    DIR
------------------------------------------------------------------------------------
 1  -2.9  -0.2   16:15  -4.6    9:30  21.2   0.0   0.3   0.3   9.7    7:15     E
 2  -3.2  -2.7   13:30  -3.7    4:30  21.5   0.0   0.0   0.5   9.7    1:45     S
 3  -1.9   0.4   23:45  -3.7    4:15  20.2   0.0   0.0   0.3  11.3    0:30   SSE
 4   2.8   4.8   16:45   0.4    0:15  15.5   0.0   0.0   0.0   8.0    4:45     W
 5   3.3   5.9   19:15   1.6    6:00  15.0   0.0   0.5   1.3  12.9   14:30   ENE
 6   4.6   5.9   14:15   3.8   19:45  13.7   0.0   0.0   2.6  19.3   16:30     W
 7   6.4   8.3   14:15   4.1    0:15  11.9   0.0   0.0   5.8  27.4   11:45     W
 8   5.5   6.9    1:15   3.6   16:45  12.8   0.0   6.6  10.1  43.5    6:45   WNW
 9   2.9   4.4   11:45   1.1    9:15  15.4   0.0   1.3   8.7  43.5   12:30    NW
10   3.2   6.2   13:30   1.3    8:45  15.1   0.0   0.3   2.6  19.3    5:00   NNW
11   2.3   6.6   13:15  -0.9   00:00  16.0   0.0   0.3   0.2  11.3   14:00   SSE
12   0.3   4.4   13:15  -2.4    4:00  18.0   0.0   1.0   2.3  29.0   13:15   SSE
13   2.2   3.9   13:45   0.7    0:15  16.1   0.0   3.3   3.2  19.3    1:15   SSE
14   5.2   9.0   15:00   2.7    0:15  13.1   0.0   0.3   3.5  29.0   16:30   SSE
15   7.8  11.1   15:45   4.8    0:30  10.5   0.0   9.9   7.7  45.1   10:45     W
16   7.0   9.3   12:45   4.9   21:15  11.2   0.0   5.1   3.2  38.6   14:00   SSW
17   5.6   7.4   19:15   4.5    7:30  12.7   0.0  13.2   6.3  40.2   19:30   SSW
18   4.1   5.4    1:30   1.5    8:00  11.9   0.0   0.8   1.6  22.5    1:30   SSE
19   5.8   9.0   15:15   2.3    6:30  10.3   0.0   2.5   4.3  27.4   23:00     E
20   3.4   5.9    0:15   1.8   23:15  14.9   0.0   6.9   4.0  27.4    0:30   ENE
21   2.2   3.1   21:15   1.2    4:30  16.1   0.0   2.5   4.0  27.4   13:45   ENE
22   2.6   3.6   11:30   1.2   23:30  15.7   0.0   1.5   6.6  27.4   11:15   ENE
23   1.0   2.7   12:30  -0.2    7:00  17.3   0.0   0.0   2.7  17.7    1:00   ENE
24   1.8   5.7   15:15  -1.5    5:15  16.5   0.0   0.0   6.9  32.2   19:45   ENE
25   0.7   3.8   16:00  -1.5    7:45  17.7   0.0   0.0   6.8  30.6   10:15     E
26   0.2   3.8   17:00  -2.0   00:00  18.1   0.0   0.0   4.0  33.8   10:15   ENE
27   1.7   4.6   15:45  -2.3    0:45  16.6   0.0   3.0   2.3  25.7   16:15   WNW
28   1.7   4.2   13:45  -0.1   23:15  16.7   0.0   3.6   6.3  29.0   12:30   WSW
-------------------------------------------------------------------------------------
     2.7  11.1    15    -4.6     1   431.6   0.0  62.7   3.9  45.1    15     ENE

Max >=  32.0:  0
Max <=   0.0:  2
Min <=   0.0: 11
Min <= -18.0:  0
Max Rain: 13.21 ON 17/02/06
Days of Rain: 19 (> .2 mm) 10 (> 2 mm) 0 (> 20 mm)
Heat Base:  18.3  Cool Base:  18.3  Method: Integration
Benelux Weer Netwerk cwop awekas hwa wcloud pwsweather wow wow