NOAA-Style Climate Reports

Select a Year or Month report
2021: Jan | Feb | Mar | Apr | May | Jun | Jul | Aug | Sep | Oct | Nov | Dec |
2020: Jan | Feb | Mar | Apr | May | Jun | Jul | Aug | Sep | Oct | Nov | Dec |
2019: Jan | Feb | Mar | Apr | May | Jun | Jul | Aug | Sep | Oct | Nov | Dec |
2018: Jan | Feb | Mar | Apr | May | Jun | Jul | Aug | Sep | Oct | Nov | Dec |
2017: Jan | Feb | Mar | Apr | May | Jun | Jul | Aug | Sep | Oct | Nov | Dec |
2016: Jan | Feb | Mar | Apr | May | Jun | Jul | Aug | Sep | Oct | Nov | Dec |
2015: Jan | Feb | Mar | Apr | May | Jun | Jul | Aug | Sep | Oct | Nov | Dec |
2014: Jan | Feb | Mar | Apr | May | Jun | Jul | Aug | Sep | Oct | Nov | Dec |
2013: Jan | Feb | Mar | Apr | May | Jun | Jul | Aug | Sep | Oct | Nov | Dec |
2012: Jan | Feb | Mar | Apr | May | Jun | Jul | Aug | Sep | Oct | Nov | Dec |
2011: Jan | Feb | Mar | Apr | May | Jun | Jul | Aug | Sep | Oct | Nov | Dec |
2010: Jan | Feb | Mar | Apr | May | Jun | Jul | Aug | Sep | Oct | Nov | Dec |
2009: Jan | Feb | Mar | Apr | May | Jun | Jul | Aug | Sep | Oct | Nov | Dec |
2008: Jan | Feb | Mar | Apr | May | Jun | Jul | Aug | Sep | Oct | Nov | Dec |
2007: Jan | Feb | Mar | Apr | May | Jun | Jul | Aug | Sep | Oct | Nov | Dec |
2006: Jan | Feb | Mar | Apr | May | Jun | Jul | Aug | Sep | Oct | Nov | Dec |
2005: Jan | Feb | Mar | Apr | May | Jun | Jul | Aug | Sep | Oct | Nov | Dec |
2004: Jan | Feb | Mar | Apr | May | Jun | Jul | Aug | Sep | Oct | Nov | Dec |
2003: Jan | Feb | Mar | Apr | May | Jun | Jul | Aug | Sep | Oct | Nov | Dec |

Report for 2006 March
                   MONTHLY CLIMATOLOGICAL SUMMARY for MAR. 2006

NAME: Patrick Nijs   CITY: Heist-op-den-Berg   STATE: Belgium 
ELEV:    15 m  LAT: 51° 04' 15" N  LONG: 4° 42' 13" E

                   TEMPERATURE (°C), RAIN  (mm), WIND SPEED (km/hr)

                                      HEAT  COOL        AVG
    MEAN                              DEG   DEG         WIND                 DOM
DAY TEMP  HIGH   TIME   LOW    TIME   DAYS  DAYS  RAIN  SPEED HIGH   TIME    DIR
------------------------------------------------------------------------------------
 1   0.4   2.6   15:15  -1.1   00:00  17.9   0.0   3.6   5.5  33.8   16:15     W
 2   0.3   4.7   15:45  -2.6    6:30  18.0   0.0   1.8   3.7  27.4   14:30   SSW
 3  -0.1   3.2   16:00  -2.5   23:45  18.4   0.0   0.0   0.3   9.7   15:15     E
 4  -0.2   4.5   16:45  -3.6    3:45  18.4   0.0   0.3   2.3  25.7   13:15   WNW
 5   1.3   5.2   14:00  -2.4    2:15  17.0   0.0   0.8   5.6  35.4   16:30   WNW
 6   1.6   6.0   15:30  -0.3    5:00  16.7   0.0   1.3   4.5  38.6   15:45   WNW
 7   3.1   6.9   15:15  -1.2    6:45  15.2   0.0   0.3   2.7  20.9   14:30   SSE
 8   6.1  10.1   20:15   2.3    2:00  12.2   0.0   6.9   4.8  27.4   19:30   SSE
 9   8.7  10.1   18:00   6.9   10:30   9.6   0.0   2.5   5.8  35.4   00:00     W
10   5.4   7.9    0:15   3.5   16:15  12.9   0.0   5.8   5.8  38.6    2:00     W
11   1.7   4.7    2:15  -3.2   00:00  16.6   0.0   0.5   3.2  22.5   16:00   NNW
12  -2.1   1.7   13:45  -5.9    6:15  20.4   0.0   0.3   1.3  16.1   11:30   ENE
13  -0.9   4.4   15:00  -5.9    6:00  19.2   0.0   0.0   2.1  19.3   13:15     E
14   0.8   6.8   16:15  -3.7    6:15  13.9   0.0   0.0   1.3  16.1   10:00   ESE
15   3.1   8.7   15:15  -0.4    7:30  14.4   0.0   0.0   2.9  22.5   14:30   ENE
16   1.2   3.5   14:30  -1.8    5:00  17.2   0.0   0.0   3.9  22.5   13:45   ENE
17   2.1   5.3   14:00  -0.6    5:45  16.2   0.0   0.0   4.5  25.7   13:45   ENE
18   3.1   8.5   14:45  -1.1    6:30  15.2   0.0   0.0   6.8  30.6   16:15   ENE
19   1.7   7.7   16:45  -1.3    7:45  16.6   0.0   0.0   2.6  19.3   15:15   ENE
20   4.6   8.2   13:15   1.8    0:15  13.7   0.0   0.0   2.4  19.3   23:15   ENE
21   3.3   6.9   15:45   0.7   00:00  15.0   0.0   0.0   4.3  30.6    9:45   ENE
22   2.6   7.5   16:00  -2.0    6:45  15.7   0.0   0.0   2.3  20.9   10:30   ENE
23   4.4  10.9   16:15  -2.1    6:15  13.9   0.0   0.0   3.9  25.7   13:30     E
24   8.2  13.6   17:00   3.4    4:45  10.1   0.0   1.0   2.7  19.3   10:00    SE
25  12.1  16.3   15:45   9.8    5:00   6.2   0.0   3.6   5.0  33.8   15:45   WSW
26  14.8  18.9   15:45  12.6    6:15   3.3   0.0   2.5   6.3  35.4   12:00   WSW
27  14.6  18.9   14:45  10.1   18:15   3.8   0.0   8.9   6.1  66.0   18:00   SSW
28  11.2  13.8   16:30   8.7   00:00   7.1   0.0   0.3   8.2  38.6   12:30     W
29   9.2  12.3   18:45   6.9    7:15   9.1   0.0   3.3   5.1  29.0    4:15   WSW
30  12.1  15.2   16:30   9.1    0:45   6.2   0.0  10.9   6.8  41.8   11:15   WSW
31  12.5  15.2   16:00  10.4   23:45   5.8   0.0   2.3   9.5  48.3   14:00     W
-------------------------------------------------------------------------------------
     4.7  18.9    26    -5.9    12   416.1   0.0  56.6   4.3  66.0    27     ENE

Max >=  32.0:  0
Max <=   0.0:  0
Min <=   0.0: 18
Min <= -18.0:  0
Max Rain: 10.92 ON 30/03/06
Days of Rain: 19 (> .2 mm) 10 (> 2 mm) 0 (> 20 mm)
Heat Base:  18.3  Cool Base:  18.3  Method: Integration
Benelux Weer Netwerk cwop awekas hwa wcloud pwsweather wow wow