-->

NOAA-Style Climate Reports

Select a Year or Month report
2021: Jan | Feb | Mar | Apr | May | Jun | Jul | Aug | Sep | Oct | Nov | Dec |
2020: Jan | Feb | Mar | Apr | May | Jun | Jul | Aug | Sep | Oct | Nov | Dec |
2019: Jan | Feb | Mar | Apr | May | Jun | Jul | Aug | Sep | Oct | Nov | Dec |
2018: Jan | Feb | Mar | Apr | May | Jun | Jul | Aug | Sep | Oct | Nov | Dec |
2017: Jan | Feb | Mar | Apr | May | Jun | Jul | Aug | Sep | Oct | Nov | Dec |
2016: Jan | Feb | Mar | Apr | May | Jun | Jul | Aug | Sep | Oct | Nov | Dec |
2015: Jan | Feb | Mar | Apr | May | Jun | Jul | Aug | Sep | Oct | Nov | Dec |
2014: Jan | Feb | Mar | Apr | May | Jun | Jul | Aug | Sep | Oct | Nov | Dec |
2013: Jan | Feb | Mar | Apr | May | Jun | Jul | Aug | Sep | Oct | Nov | Dec |
2012: Jan | Feb | Mar | Apr | May | Jun | Jul | Aug | Sep | Oct | Nov | Dec |
2011: Jan | Feb | Mar | Apr | May | Jun | Jul | Aug | Sep | Oct | Nov | Dec |
2010: Jan | Feb | Mar | Apr | May | Jun | Jul | Aug | Sep | Oct | Nov | Dec |
2009: Jan | Feb | Mar | Apr | May | Jun | Jul | Aug | Sep | Oct | Nov | Dec |
2008: Jan | Feb | Mar | Apr | May | Jun | Jul | Aug | Sep | Oct | Nov | Dec |
2007: Jan | Feb | Mar | Apr | May | Jun | Jul | Aug | Sep | Oct | Nov | Dec |
2006: Jan | Feb | Mar | Apr | May | Jun | Jul | Aug | Sep | Oct | Nov | Dec |
2005: Jan | Feb | Mar | Apr | May | Jun | Jul | Aug | Sep | Oct | Nov | Dec |
2004: Jan | Feb | Mar | Apr | May | Jun | Jul | Aug | Sep | Oct | Nov | Dec |
2003: Jan | Feb | Mar | Apr | May | Jun | Jul | Aug | Sep | Oct | Nov | Dec |

Report for 2006 April
                   MONTHLY CLIMATOLOGICAL SUMMARY for APR. 2006

NAME: Patrick Nijs   CITY: Heist-op-den-Berg   STATE: Belgium 
ELEV:    15 m  LAT: 51° 04' 15" N  LONG: 4° 42' 13" E

                   TEMPERATURE (°C), RAIN  (mm), WIND SPEED (km/hr)

                                      HEAT  COOL        AVG
    MEAN                              DEG   DEG         WIND                 DOM
DAY TEMP  HIGH   TIME   LOW    TIME   DAYS  DAYS  RAIN  SPEED HIGH   TIME    DIR
------------------------------------------------------------------------------------
 1  11.7  15.3   16:15   7.8   23:45   6.7   0.0   5.1   6.3  41.8   16:00     W
 2  10.3  14.2   15:15   6.9    3:15   8.0   0.0   1.3   7.7  48.3   18:00     W
 3   8.6  11.6   16:30   6.4    4:45   9.7   0.0   4.3   6.3  35.4    4:15   WNW
 4   6.2   9.7   14:15   2.3   00:00  12.1   0.0   0.3   4.2  27.4   13:15   NNW
 5   4.4   9.6   17:30   0.7    3:30  13.9   0.0   0.5   2.3  27.4   11:45   NNW
 6   6.2  12.4   17:30  -0.4    7:15  12.1   0.0   0.0   3.5  25.7   13:30     W
 7   7.4  11.6   16:00   2.2    6:45  10.9   0.0   0.3   3.2  22.5   16:30     W
 8   7.7  11.2   13:15   5.8   00:00  10.6   0.0   3.3   6.0  40.2   16:00   WSW
 9   6.9  12.0   17:15   2.6    7:15  11.4   0.0   0.0   4.3  25.7   11:45     W
10   5.7  11.6   16:45   0.9    6:45  12.6   0.0   0.0   2.3  27.4   19:45    NW
11   5.4  10.8   14:00  -0.8    6:30  12.9   0.0   0.8   4.0  33.8   19:00     W
12   8.4  12.2   15:00   5.1    2:00   9.9   0.0   2.5   6.1  33.8    1:00   WNW
13  10.2  14.8   15:00   7.2    7:30   8.1   0.0   1.3   8.5  41.8   17:00     W
14  10.2  13.7   13:00   6.7   00:00   8.2   0.0   1.8   5.6  32.2   12:45     W
15   9.9  13.9   16:45   5.3    5:45   8.4   0.0   2.5   1.9  25.7   15:45     E
16  11.9  15.7   15:15   9.2    8:30   6.4   0.0   3.0   5.3  33.8    8:30     W
17  11.1  14.1   15:30   9.3    6:15   7.3   0.0   1.0   3.9  25.7   17:15     W
18  10.7  14.8   17:00   6.4    4:00   7.7   0.0   0.0   3.7  30.6   16:15     W
19  10.6  16.4   15:45   4.6    7:00   7.7   0.0   0.0   2.6  25.7   14:45   SSW
20  12.5  17.5   14:15   5.9    6:45   5.8   0.0   0.0   1.8  19.3   13:45   WSW
21  14.1  20.4   16:45   7.3    7:15   4.6   0.4   0.0   1.0  16.1   20:00   NNW
22   9.2  12.3    0:15   6.0   00:00   9.1   0.0   0.0   1.3  16.1    5:30   NNW
23  10.2  17.7   17:00   1.2    6:45   8.1   0.0   0.0   0.8  16.1   14:30   NNW
24  14.2  20.5   19:00   9.4    5:30   4.4   0.3   1.3   1.1  17.7   14:00   ENE
25  15.1  22.3   14:30   8.0    6:45   3.8   0.6   0.0   2.7  22.5   15:45   WNW
26  13.4  17.1   16:15  10.7   23:15   4.9   0.0   3.3   3.4  22.5   15:30   WNW
27  12.7  18.1   15:00   8.7    6:00   5.6   0.0   0.0   2.6  19.3   13:15   NNW
28   9.4  15.3   13:15   5.4   00:00   8.9   0.0   0.0   4.0  32.2   16:30   NNW
29   7.4  12.0   16:45   3.1    4:15  10.9   0.0   0.0   4.5  30.6   12:30    NW
30   6.2  10.7   16:45   3.3    5:15  12.1   0.0   3.3   1.3  17.7   17:15   SSE
-------------------------------------------------------------------------------------
     9.6  22.3    25    -0.8    11   262.7   1.3  35.8   3.7  48.3     2       W

Max >=  32.0:  0
Max <=   0.0:  0
Min <=   0.0:  2
Min <= -18.0:  0
Max Rain: 5.08 ON 01/04/06
Days of Rain: 17 (> .2 mm) 8 (> 2 mm) 0 (> 20 mm)
Heat Base:  18.3  Cool Base:  18.3  Method: Integration
Benelux Weer Netwerk cwop awekas hwa wcloud pwsweather wow wow