Thunderstorms From: 14-05-2021 10:59 Until: 22:59 warning for: Thunderstorms Level: Yellow info button

NOAA-Style Climate Reports

Select a Year or Month report
2021: Jan | Feb | Mar | Apr | May | Jun | Jul | Aug | Sep | Oct | Nov | Dec |
2020: Jan | Feb | Mar | Apr | May | Jun | Jul | Aug | Sep | Oct | Nov | Dec |
2019: Jan | Feb | Mar | Apr | May | Jun | Jul | Aug | Sep | Oct | Nov | Dec |
2018: Jan | Feb | Mar | Apr | May | Jun | Jul | Aug | Sep | Oct | Nov | Dec |
2017: Jan | Feb | Mar | Apr | May | Jun | Jul | Aug | Sep | Oct | Nov | Dec |
2016: Jan | Feb | Mar | Apr | May | Jun | Jul | Aug | Sep | Oct | Nov | Dec |
2015: Jan | Feb | Mar | Apr | May | Jun | Jul | Aug | Sep | Oct | Nov | Dec |
2014: Jan | Feb | Mar | Apr | May | Jun | Jul | Aug | Sep | Oct | Nov | Dec |
2013: Jan | Feb | Mar | Apr | May | Jun | Jul | Aug | Sep | Oct | Nov | Dec |
2012: Jan | Feb | Mar | Apr | May | Jun | Jul | Aug | Sep | Oct | Nov | Dec |
2011: Jan | Feb | Mar | Apr | May | Jun | Jul | Aug | Sep | Oct | Nov | Dec |
2010: Jan | Feb | Mar | Apr | May | Jun | Jul | Aug | Sep | Oct | Nov | Dec |
2009: Jan | Feb | Mar | Apr | May | Jun | Jul | Aug | Sep | Oct | Nov | Dec |
2008: Jan | Feb | Mar | Apr | May | Jun | Jul | Aug | Sep | Oct | Nov | Dec |
2007: Jan | Feb | Mar | Apr | May | Jun | Jul | Aug | Sep | Oct | Nov | Dec |
2006: Jan | Feb | Mar | Apr | May | Jun | Jul | Aug | Sep | Oct | Nov | Dec |
2005: Jan | Feb | Mar | Apr | May | Jun | Jul | Aug | Sep | Oct | Nov | Dec |
2004: Jan | Feb | Mar | Apr | May | Jun | Jul | Aug | Sep | Oct | Nov | Dec |
2003: Jan | Feb | Mar | Apr | May | Jun | Jul | Aug | Sep | Oct | Nov | Dec |

Report for 2006 May
                   MONTHLY CLIMATOLOGICAL SUMMARY for MAY. 2006

NAME: Patrick Nijs   CITY: Heist-op-den-Berg   STATE: Belgium 
ELEV:    15 m  LAT: 51° 04' 15" N  LONG: 4° 42' 13" E

                   TEMPERATURE (°C), RAIN  (mm), WIND SPEED (km/hr)

                                      HEAT  COOL        AVG
    MEAN                              DEG   DEG         WIND                 DOM
DAY TEMP  HIGH   TIME   LOW    TIME   DAYS  DAYS  RAIN  SPEED HIGH   TIME    DIR
------------------------------------------------------------------------------------
 1   8.3  11.2   17:30   4.0    5:00  10.0   0.0   1.5   3.7  27.4   11:15   SSE
 2  13.3  20.4   18:30   5.1    6:30   5.3   0.2   0.0   1.9  22.5   11:30   SSW
 3  18.9  26.6   15:00  11.2    6:30   2.2   2.8   0.0   1.0  16.1   13:00    SE
 4  21.1  27.2   13:45  14.2    6:15   0.8   3.6   0.0   2.1  29.0   15:45     E
 5  18.9  25.4   13:00  12.8    7:00   1.4   2.0   0.0   2.6  25.7   17:00   NNW
 6  18.5  25.1   15:00  12.1    6:45   1.8   2.0   0.0   1.8  20.9   14:00   ENE
 7  17.1  21.6   14:15  11.6    5:15   1.8   0.6   0.0   1.1  17.7   15:45     E
 8  17.0  22.9   13:00  13.3   22:45   2.0   0.7   0.3   4.3  32.2   13:15     E
 9  15.6  22.0   16:45  11.9    5:45   3.2   0.5   3.0   3.2  29.0   17:00   WNW
10  16.8  24.8   16:15  10.4    6:45   3.0   1.5   0.3   0.8  19.3   19:30     W
11  18.2  26.4   18:15   9.0    6:00   2.9   2.8   0.0   1.0  16.1   15:30   SSE
12  18.2  25.3   17:30  10.7    6:15   2.3   2.2   0.0   1.4  16.1    7:00    NW
13  16.8  22.7   16:30  12.2    4:45   2.4   0.9   0.3   3.4  25.7   11:30   WNW
14  14.4  18.1   16:45  12.1    9:00   3.9   0.0   0.0   1.0  19.3    2:45     W
15  16.6  23.3   15:30   9.7    6:30   3.0   1.3   0.0   2.4  25.7   18:30    SE
16  16.8  19.8   17:45  14.2    9:00   1.7   0.1   0.0   3.7  27.4    3:00     W
17  16.8  21.3   16:15  12.7    5:45   2.2   0.7   0.3   2.1  16.1    3:15    SE
18  16.9  20.2   19:15  13.6   00:00   1.6   0.2   4.1   5.8  41.8    8:45     W
19  13.4  16.6   17:45  11.1    6:45   4.9   0.0   3.6   9.8  51.5   14:45     W
20  12.1  14.3   14:30   9.7   13:30   6.2   0.0   9.1   8.7  48.3   20:00     W
21  14.3  17.7   19:45  11.6    2:00   4.0   0.0   2.3   6.8  38.6    1:00     W
22  15.2  20.1   17:45  12.5   23:45   3.2   0.2   2.5   8.2  48.3   19:15     S
23  11.4  14.3   19:15   8.2   14:45   6.9   0.0   2.3   7.4  41.8    2:45     W
24  11.8  15.8   16:45   7.1    5:45   6.5   0.0   0.5   7.1  48.3   14:45     W
25  11.8  15.3   16:15   9.3    5:45   6.5   0.0  10.4   3.5  22.5   17:45   SSW
26  12.7  15.4   16:15   8.3    1:45   5.6   0.0   9.4   5.1  45.1   17:15     W
27  14.2  15.3   16:45  13.3   00:00   4.1   0.0   6.3   5.6  30.6   21:45     W
28  14.4  17.5   15:00  11.6   23:45   3.9   0.0   0.0   7.1  32.2   12:15   WNW
29  11.6  15.6   13:45   7.5   23:15   6.8   0.0   3.6   4.3  38.6   18:45   NNW
30   8.7  12.4   17:00   6.2    5:00   9.6   0.0   6.9   5.3  40.2   13:30    NW
31   9.1  12.8   12:45   5.3    2:45   9.3   0.0   2.5   4.5  27.4   15:45    NW
-------------------------------------------------------------------------------------
    14.9  27.2     4     4.0     1   128.9  22.5  69.1   4.1  51.5    19       W

Max >=  32.0:  0
Max <=   0.0:  0
Min <=   0.0:  0
Min <= -18.0:  0
Max Rain: 10.41 ON 25/05/06
Days of Rain: 19 (> .2 mm) 13 (> 2 mm) 0 (> 20 mm)
Heat Base:  18.3  Cool Base:  18.3  Method: Integration
Benelux Weer Netwerk cwop awekas hwa wcloud pwsweather wow wow