-->

NOAA-Style Climate Reports

Select a Year or Month report
2021: Jan | Feb | Mar | Apr | May | Jun | Jul | Aug | Sep | Oct | Nov | Dec |
2020: Jan | Feb | Mar | Apr | May | Jun | Jul | Aug | Sep | Oct | Nov | Dec |
2019: Jan | Feb | Mar | Apr | May | Jun | Jul | Aug | Sep | Oct | Nov | Dec |
2018: Jan | Feb | Mar | Apr | May | Jun | Jul | Aug | Sep | Oct | Nov | Dec |
2017: Jan | Feb | Mar | Apr | May | Jun | Jul | Aug | Sep | Oct | Nov | Dec |
2016: Jan | Feb | Mar | Apr | May | Jun | Jul | Aug | Sep | Oct | Nov | Dec |
2015: Jan | Feb | Mar | Apr | May | Jun | Jul | Aug | Sep | Oct | Nov | Dec |
2014: Jan | Feb | Mar | Apr | May | Jun | Jul | Aug | Sep | Oct | Nov | Dec |
2013: Jan | Feb | Mar | Apr | May | Jun | Jul | Aug | Sep | Oct | Nov | Dec |
2012: Jan | Feb | Mar | Apr | May | Jun | Jul | Aug | Sep | Oct | Nov | Dec |
2011: Jan | Feb | Mar | Apr | May | Jun | Jul | Aug | Sep | Oct | Nov | Dec |
2010: Jan | Feb | Mar | Apr | May | Jun | Jul | Aug | Sep | Oct | Nov | Dec |
2009: Jan | Feb | Mar | Apr | May | Jun | Jul | Aug | Sep | Oct | Nov | Dec |
2008: Jan | Feb | Mar | Apr | May | Jun | Jul | Aug | Sep | Oct | Nov | Dec |
2007: Jan | Feb | Mar | Apr | May | Jun | Jul | Aug | Sep | Oct | Nov | Dec |
2006: Jan | Feb | Mar | Apr | May | Jun | Jul | Aug | Sep | Oct | Nov | Dec |
2005: Jan | Feb | Mar | Apr | May | Jun | Jul | Aug | Sep | Oct | Nov | Dec |
2004: Jan | Feb | Mar | Apr | May | Jun | Jul | Aug | Sep | Oct | Nov | Dec |
2003: Jan | Feb | Mar | Apr | May | Jun | Jul | Aug | Sep | Oct | Nov | Dec |

Report for 2006 June
                   MONTHLY CLIMATOLOGICAL SUMMARY for JUN. 2006

NAME: Patrick Nijs   CITY: Heist-op-den-Berg   STATE: Belgium 
ELEV:    15 m  LAT: 51° 04' 15" N  LONG: 4° 42' 13" E

                   TEMPERATURE (°C), RAIN  (mm), WIND SPEED (km/hr)

                                      HEAT  COOL        AVG
    MEAN                              DEG   DEG         WIND                 DOM
DAY TEMP  HIGH   TIME   LOW    TIME   DAYS  DAYS  RAIN  SPEED HIGH   TIME    DIR
------------------------------------------------------------------------------------
 1   9.6  13.0   18:45   7.3   00:00   8.8   0.0   1.3   4.7  25.7   11:30   WNW
 2  11.4  18.3   17:45   3.8    6:00   6.9   0.0   0.0   0.6  17.7   17:45   WNW
 3  14.1  19.8   17:45   9.4    4:00   4.3   0.2   0.0   3.4  25.7   19:15    NW
 4  13.7  17.7   16:30   8.7    5:45   4.6   0.0   0.0   2.4  25.7   16:45    NW
 5  14.4  19.1   15:15   8.9   00:00   3.9   0.0   0.0   2.1  27.4   15:45   NNW
 6  13.0  20.2   19:00   5.3    5:30   5.5   0.2   0.0   1.3  12.9   12:45   NNW
 7  14.8  21.4   18:45   7.2    5:30   4.1   0.6   0.0   0.5  12.9   12:00    NW
 8  17.7  25.9   17:15   8.2    5:45   3.1   2.5   0.0   0.5  11.3   13:15   ENE
 9  20.9  27.8   17:15  11.6    6:00   1.5   4.0   0.0   0.8  16.1   13:45   ENE
10  22.8  29.3   17:45  13.3    5:45   0.7   5.2   0.0   1.6  33.8   13:15   ENE
11  24.3  31.6   16:45  15.2    6:00   0.4   6.4   0.0   1.8  22.5    9:30    SE
12  24.0  30.8   17:30  15.7    6:00   0.3   6.0   0.0   1.6  19.3   10:00    SE
13  25.6  33.4   16:15  16.4    6:00   0.1   7.5   0.0   0.8  32.2   23:45   NNW
14  18.8  22.7    0:15  15.8   00:00   0.5   0.9   7.6   1.9  29.0    0:15    NW
15  14.1  15.8    0:15  11.6   00:00   4.2   0.0   1.0   1.4  17.7   15:15    NW
16  15.1  21.2   16:15   9.7    6:00   3.7   0.5   0.0   1.9  20.9   16:15    NW
17  18.1  25.8   18:45   9.1    5:45   2.6   2.4   0.0   0.6  11.3   16:00    NW
18  22.6  30.2   17:45  13.6    5:15   1.0   5.2   0.0   1.3  19.3   15:45   SSE
19  21.4  25.6   16:30  18.6    4:00   0.0   3.1   1.0   2.9  27.4   15:15     W
20  20.2  24.1   17:45  16.1    3:15   0.4   2.3   0.0   3.4  22.5   12:15     W
21  16.9  19.7   18:30  14.1   00:00   1.5   0.1   0.5   5.0  40.2   14:00   WSW
22  15.0  18.3   19:30  11.4    5:15   3.3   0.0   0.0   6.1  33.8   15:00     W
23  16.4  21.9   17:15  10.7    4:15   2.9   1.0   0.0   0.6  16.1   11:45     S
24  19.8  26.9   19:00  11.1    5:45   1.9   3.4   0.0   0.5  12.9   16:30   NNW
25  17.6  20.7   15:00  14.3    6:00   1.1   0.3  10.4   0.8  17.7   17:15   NNW
26  16.4  18.2   15:30  14.0   23:30   1.8   0.0   1.0   3.9  30.6   16:30     W
27  15.3  18.1   16:00  13.2    5:15   3.0   0.0   0.0   0.8  11.3    0:30    NW
28  16.7  23.4   16:15   8.9    6:00   3.0   1.4   0.0   1.0  11.3   13:00   NNW
29  18.7  25.5   18:30  10.8    5:45   2.1   2.5   0.0   1.0  16.1   13:00   ENE
30  21.6  29.4   17:15  12.8    6:00   1.3   4.5   0.0   0.6  12.9   13:30   NNW
-------------------------------------------------------------------------------------
    17.7  33.4    13     3.8     2    78.3  60.1  22.9   1.9  40.2    21      NW

Max >=  32.0:  1
Max <=   0.0:  0
Min <=   0.0:  0
Min <= -18.0:  0
Max Rain: 10.41 ON 25/06/06
Days of Rain: 7 (> .2 mm) 2 (> 2 mm) 0 (> 20 mm)
Heat Base:  18.3  Cool Base:  18.3  Method: Integration
Benelux Weer Netwerk cwop awekas hwa wcloud pwsweather wow wow