-->

NOAA-Style Climate Reports

Select a Year or Month report
2021: Jan | Feb | Mar | Apr | May | Jun | Jul | Aug | Sep | Oct | Nov | Dec |
2020: Jan | Feb | Mar | Apr | May | Jun | Jul | Aug | Sep | Oct | Nov | Dec |
2019: Jan | Feb | Mar | Apr | May | Jun | Jul | Aug | Sep | Oct | Nov | Dec |
2018: Jan | Feb | Mar | Apr | May | Jun | Jul | Aug | Sep | Oct | Nov | Dec |
2017: Jan | Feb | Mar | Apr | May | Jun | Jul | Aug | Sep | Oct | Nov | Dec |
2016: Jan | Feb | Mar | Apr | May | Jun | Jul | Aug | Sep | Oct | Nov | Dec |
2015: Jan | Feb | Mar | Apr | May | Jun | Jul | Aug | Sep | Oct | Nov | Dec |
2014: Jan | Feb | Mar | Apr | May | Jun | Jul | Aug | Sep | Oct | Nov | Dec |
2013: Jan | Feb | Mar | Apr | May | Jun | Jul | Aug | Sep | Oct | Nov | Dec |
2012: Jan | Feb | Mar | Apr | May | Jun | Jul | Aug | Sep | Oct | Nov | Dec |
2011: Jan | Feb | Mar | Apr | May | Jun | Jul | Aug | Sep | Oct | Nov | Dec |
2010: Jan | Feb | Mar | Apr | May | Jun | Jul | Aug | Sep | Oct | Nov | Dec |
2009: Jan | Feb | Mar | Apr | May | Jun | Jul | Aug | Sep | Oct | Nov | Dec |
2008: Jan | Feb | Mar | Apr | May | Jun | Jul | Aug | Sep | Oct | Nov | Dec |
2007: Jan | Feb | Mar | Apr | May | Jun | Jul | Aug | Sep | Oct | Nov | Dec |
2006: Jan | Feb | Mar | Apr | May | Jun | Jul | Aug | Sep | Oct | Nov | Dec |
2005: Jan | Feb | Mar | Apr | May | Jun | Jul | Aug | Sep | Oct | Nov | Dec |
2004: Jan | Feb | Mar | Apr | May | Jun | Jul | Aug | Sep | Oct | Nov | Dec |
2003: Jan | Feb | Mar | Apr | May | Jun | Jul | Aug | Sep | Oct | Nov | Dec |

Report for 2006 July
                   MONTHLY CLIMATOLOGICAL SUMMARY for JUL. 2006

NAME: Patrick Nijs   CITY: Heist-op-den-Berg   STATE: Belgium 
ELEV:    15 m  LAT: 51° 04' 15" N  LONG: 4° 42' 13" E

                   TEMPERATURE (°C), RAIN  (mm), WIND SPEED (km/hr)

                                      HEAT  COOL        AVG
    MEAN                              DEG   DEG         WIND                 DOM
DAY TEMP  HIGH   TIME   LOW    TIME   DAYS  DAYS  RAIN  SPEED HIGH   TIME    DIR
------------------------------------------------------------------------------------
 1  24.2  30.9   17:15  16.3    4:45   0.3   6.1   0.0   1.3  19.3   12:30   ENE
 2  24.9  30.4   15:45  16.3    5:45   0.2   6.7   0.0   2.6  30.6   15:00   ENE
 3  24.9  30.8   17:15  17.9    5:15   0.0   6.7   0.0   1.6  19.3   11:30   ENE
 4  26.6  33.0   18:15  17.9    6:00   0.0   8.3   0.0   0.6  17.7   12:45   ENE
 5  24.8  30.4   16:15  20.2   11:30   0.0   6.5   1.3   1.8  25.7    7:45   SSE
 6  22.5  28.4   17:15  19.1    6:15   0.0   4.2   3.0   1.8  30.6   18:30     W
 7  19.3  23.2   13:30  17.2    7:00   0.2   1.2  14.7   1.8  19.3   13:30     W
 8  19.9  25.4   17:30  15.3    6:15   0.7   2.4   0.3   2.4  20.9   14:45     W
 9  21.2  25.2   16:45  17.9    5:45   0.0   3.0   0.0   4.2  33.8   23:45     W
10  21.2  27.4   18:15  14.8    6:15   0.8   3.7   0.0   2.4  32.2    0:15     W
11  22.2  25.1   14:00  17.4   00:00   0.0   3.9   0.0   2.3  20.9   12:15   NNW
12  21.3  28.2   17:45  13.8    6:15   1.0   4.0   0.0   1.0  12.9   13:15   ENE
13  21.8  29.1   16:30  14.1    6:00   0.7   4.2   0.0   2.1  20.9   20:15   NNW
14  19.6  25.1   17:45  14.4    6:15   1.0   2.3   0.0   3.9  27.4    8:00   ENE
15  20.5  27.3   17:30  12.4    6:15   1.4   3.6   0.0   3.4  27.4   15:15   ENE
16  23.9  31.0   18:00  15.6    5:45   0.4   6.0   0.0   2.6  22.5   12:15   ENE
17  25.5  33.0   17:15  17.2    5:45   0.1   7.3   0.0   1.0  16.1   13:30   ENE
18  26.7  35.2   16:45  16.3    6:15   0.2   8.5   0.0   1.0  19.3   15:15   ENE
19  28.8  36.9   17:15  18.8    6:15   0.0  10.5   2.5   1.4  38.6   23:45   ENE
20  25.2  30.7   17:30  20.7    4:00   0.0   6.9   0.3   3.4  22.5    0:30   WNW
21  26.3  33.6   18:00  18.8    6:30   0.0   8.0   0.0   1.0  11.3    8:45    SW
22  23.7  29.1   18:15  19.2   00:00   0.0   5.4   7.4   1.4  29.0   11:00   ENE
23  22.6  28.0   17:45  18.4    4:15   0.0   4.3   0.0   2.4  22.5   16:45     W
24  24.2  31.1   17:00  17.1    6:00   0.1   6.0   0.0   0.8  16.1   18:45   NNW
25  26.4  33.4   17:30  18.9    4:30   0.0   8.1   0.0   1.4  17.7   11:15   ENE
26  28.3  35.7   17:15  21.3    6:45   0.0  10.0   0.0   1.0  19.3   13:15   ENE
27  25.1  30.8   16:00  20.3    6:30   0.0   6.8   0.0   1.3  30.6    2:45    NW
28  22.3  29.5   14:00  18.5   18:00   0.0   4.0  22.4   0.5  19.3   14:30    NW
29  22.7  29.2   17:00  17.0    4:45   0.2   4.6   0.3   1.4  25.7   17:30   SSW
30  21.2  27.1   14:15  17.8   23:30   0.0   2.9   9.4   2.1  25.7   16:00   WSW
31  19.7  25.0   17:45  14.2    6:15   0.9   2.3   0.0   2.1  22.5   15:45     S
-------------------------------------------------------------------------------------
    23.5  36.9    19    12.4    15     8.2 168.3  61.5   1.9  38.6    19     ENE

Max >=  32.0:  7
Max <=   0.0:  0
Min <=   0.0:  0
Min <= -18.0:  0
Max Rain: 22.35 ON 28/07/06
Days of Rain: 10 (> .2 mm) 6 (> 2 mm) 1 (> 20 mm)
Heat Base:  18.3  Cool Base:  18.3  Method: Integration
Benelux Weer Netwerk cwop awekas hwa wcloud pwsweather wow wow