-->

NOAA-Style Climate Reports

Select a Year or Month report
2021: Jan | Feb | Mar | Apr | May | Jun | Jul | Aug | Sep | Oct | Nov | Dec |
2020: Jan | Feb | Mar | Apr | May | Jun | Jul | Aug | Sep | Oct | Nov | Dec |
2019: Jan | Feb | Mar | Apr | May | Jun | Jul | Aug | Sep | Oct | Nov | Dec |
2018: Jan | Feb | Mar | Apr | May | Jun | Jul | Aug | Sep | Oct | Nov | Dec |
2017: Jan | Feb | Mar | Apr | May | Jun | Jul | Aug | Sep | Oct | Nov | Dec |
2016: Jan | Feb | Mar | Apr | May | Jun | Jul | Aug | Sep | Oct | Nov | Dec |
2015: Jan | Feb | Mar | Apr | May | Jun | Jul | Aug | Sep | Oct | Nov | Dec |
2014: Jan | Feb | Mar | Apr | May | Jun | Jul | Aug | Sep | Oct | Nov | Dec |
2013: Jan | Feb | Mar | Apr | May | Jun | Jul | Aug | Sep | Oct | Nov | Dec |
2012: Jan | Feb | Mar | Apr | May | Jun | Jul | Aug | Sep | Oct | Nov | Dec |
2011: Jan | Feb | Mar | Apr | May | Jun | Jul | Aug | Sep | Oct | Nov | Dec |
2010: Jan | Feb | Mar | Apr | May | Jun | Jul | Aug | Sep | Oct | Nov | Dec |
2009: Jan | Feb | Mar | Apr | May | Jun | Jul | Aug | Sep | Oct | Nov | Dec |
2008: Jan | Feb | Mar | Apr | May | Jun | Jul | Aug | Sep | Oct | Nov | Dec |
2007: Jan | Feb | Mar | Apr | May | Jun | Jul | Aug | Sep | Oct | Nov | Dec |
2006: Jan | Feb | Mar | Apr | May | Jun | Jul | Aug | Sep | Oct | Nov | Dec |
2005: Jan | Feb | Mar | Apr | May | Jun | Jul | Aug | Sep | Oct | Nov | Dec |
2004: Jan | Feb | Mar | Apr | May | Jun | Jul | Aug | Sep | Oct | Nov | Dec |
2003: Jan | Feb | Mar | Apr | May | Jun | Jul | Aug | Sep | Oct | Nov | Dec |

Report for 2006 August
                   MONTHLY CLIMATOLOGICAL SUMMARY for AUG. 2006

NAME: Patrick Nijs   CITY: Heist-op-den-Berg   STATE: Belgium 
ELEV:    15 m  LAT: 51° 04' 15" N  LONG: 4° 42' 13" E

                   TEMPERATURE (°C), RAIN  (mm), WIND SPEED (km/hr)

                                      HEAT  COOL        AVG
    MEAN                              DEG   DEG         WIND                 DOM
DAY TEMP  HIGH   TIME   LOW    TIME   DAYS  DAYS  RAIN  SPEED HIGH   TIME    DIR
------------------------------------------------------------------------------------
 1  18.7  21.6   18:45  16.1   23:15   0.4   0.8   3.6   5.6  38.6   12:15     W
 2  16.8  21.6   15:30  13.6   22:45   2.0   0.4   6.9   6.3  40.2   13:30     W
 3  16.2  21.2   13:15  13.7    3:15   2.4   0.3  14.7   2.1  16.1   11:15     W
 4  18.0  22.0   14:15  16.3    1:30   0.9   0.5   3.0   6.3  30.6   10:45   NNW
 5  19.7  24.3   14:15  17.1   00:00   0.4   1.8   1.0   4.5  25.7   16:45   NNW
 6  19.9  25.2   17:30  15.8    3:45   0.6   2.2   0.0   2.4  19.3   16:45   NNW
 7  18.8  24.2   14:45  14.1    4:30   1.3   1.8   0.0   2.3  20.9   16:45    NW
 8  17.7  21.6   15:00  13.9   00:00   1.1   0.6   0.0   2.1  19.3   17:30   NNW
 9  15.3  18.2   11:00  11.8   00:00   3.0   0.0   1.8   1.8  19.3   11:45    NW
10  14.7  18.7   18:15  10.8    1:30   3.6   0.0   1.8   4.2  33.8   15:15     W
11  13.2  15.9   12:15  11.1    5:30   5.2   0.0  10.9   1.8  20.9    2:30   WSW
12  14.4  21.6   17:00   9.9    6:45   4.0   0.2   0.3   0.5   9.7    0:30   SSW
13  14.6  21.0   16:30   9.5    6:30   4.0   0.4   0.0   0.8  16.1   14:45    SE
14  14.1  16.4   19:00  11.4    6:00   4.3   0.0  20.6   4.5  38.6   16:00   WNW
15  15.8  20.9   14:00  14.3    7:15   2.6   0.1   7.4   3.4  27.4    1:30     W
16  17.4  23.7   16:00  13.3    7:15   2.0   1.2   1.8   1.0  16.1   11:30    SE
17  19.2  24.2   17:00  14.5    5:30   1.1   2.0   0.0   0.8  17.7   11:15   SSE
18  19.4  22.8   16:45  17.0    7:00   0.3   1.4   0.5   3.4  30.6   15:00   SSE
19  18.7  24.7   16:00  15.3   00:00   1.2   1.6   7.6   2.1  20.9   14:30   SSE
20  17.2  21.0   18:15  14.8    2:30   1.5   0.4   1.0   4.7  33.8   18:45     W
21  16.2  19.7   14:15  13.7   00:00   2.2   0.1  13.2   4.0  29.0   10:00     W
22  16.2  21.2   18:00  12.3    7:15   2.6   0.4   0.8   2.6  25.7   16:45   WNW
23  17.2  22.5   17:00  11.1    6:15   2.4   1.3   0.0   1.1  19.3   15:45   WNW
24  17.0  21.0   15:15  15.3    9:45   1.6   0.3   4.6   1.4  20.9   15:00    NW
25  16.0  19.5   18:45  12.3   00:00   2.3   0.1   4.6   1.6  17.7   18:30     W
26  15.3  19.7   12:00  11.3    2:00   3.1   0.1   0.8   0.6  12.9   13:45   NNW
27  17.2  21.3   16:15  14.8    7:15   1.7   0.5   4.8   3.5  30.6   14:15     W
28  14.7  17.8   15:45  11.8   23:30   3.7   0.0   5.3   3.9  38.6   14:15     W
29  12.9  16.9   16:30  10.1   23:45   5.4   0.0  10.4   2.6  25.7   15:30     W
30  13.8  17.9   18:15  10.1    0:30   4.5   0.0   1.3   3.7  35.4   11:45    NW
31  15.4  19.5   17:15  10.8    4:30   3.0   0.1   0.0   1.9  22.5   12:00   SSW
-------------------------------------------------------------------------------------
    16.5  25.2     6     9.5    13    74.2  18.5 128.5   2.8  40.2     2       W

Max >=  32.0:  0
Max <=   0.0:  0
Min <=   0.0:  0
Min <= -18.0:  0
Max Rain: 20.57 ON 14/08/06
Days of Rain: 24 (> .2 mm) 14 (> 2 mm) 1 (> 20 mm)
Heat Base:  18.3  Cool Base:  18.3  Method: Integration
Benelux Weer Netwerk cwop awekas hwa wcloud pwsweather wow wow