-->

NOAA-Style Climate Reports

Select a Year or Month report
2021: Jan | Feb | Mar | Apr | May | Jun | Jul | Aug | Sep | Oct | Nov | Dec |
2020: Jan | Feb | Mar | Apr | May | Jun | Jul | Aug | Sep | Oct | Nov | Dec |
2019: Jan | Feb | Mar | Apr | May | Jun | Jul | Aug | Sep | Oct | Nov | Dec |
2018: Jan | Feb | Mar | Apr | May | Jun | Jul | Aug | Sep | Oct | Nov | Dec |
2017: Jan | Feb | Mar | Apr | May | Jun | Jul | Aug | Sep | Oct | Nov | Dec |
2016: Jan | Feb | Mar | Apr | May | Jun | Jul | Aug | Sep | Oct | Nov | Dec |
2015: Jan | Feb | Mar | Apr | May | Jun | Jul | Aug | Sep | Oct | Nov | Dec |
2014: Jan | Feb | Mar | Apr | May | Jun | Jul | Aug | Sep | Oct | Nov | Dec |
2013: Jan | Feb | Mar | Apr | May | Jun | Jul | Aug | Sep | Oct | Nov | Dec |
2012: Jan | Feb | Mar | Apr | May | Jun | Jul | Aug | Sep | Oct | Nov | Dec |
2011: Jan | Feb | Mar | Apr | May | Jun | Jul | Aug | Sep | Oct | Nov | Dec |
2010: Jan | Feb | Mar | Apr | May | Jun | Jul | Aug | Sep | Oct | Nov | Dec |
2009: Jan | Feb | Mar | Apr | May | Jun | Jul | Aug | Sep | Oct | Nov | Dec |
2008: Jan | Feb | Mar | Apr | May | Jun | Jul | Aug | Sep | Oct | Nov | Dec |
2007: Jan | Feb | Mar | Apr | May | Jun | Jul | Aug | Sep | Oct | Nov | Dec |
2006: Jan | Feb | Mar | Apr | May | Jun | Jul | Aug | Sep | Oct | Nov | Dec |
2005: Jan | Feb | Mar | Apr | May | Jun | Jul | Aug | Sep | Oct | Nov | Dec |
2004: Jan | Feb | Mar | Apr | May | Jun | Jul | Aug | Sep | Oct | Nov | Dec |
2003: Jan | Feb | Mar | Apr | May | Jun | Jul | Aug | Sep | Oct | Nov | Dec |

Report for 2006 September
                   MONTHLY CLIMATOLOGICAL SUMMARY for SEP. 2006

NAME: Patrick Nijs   CITY: Heist-op-den-Berg   STATE: Belgium 
ELEV:    15 m  LAT: 51° 04' 15" N  LONG: 4° 42' 13" E

                   TEMPERATURE (°C), RAIN  (mm), WIND SPEED (km/hr)

                                      HEAT  COOL        AVG
    MEAN                              DEG   DEG         WIND                 DOM
DAY TEMP  HIGH   TIME   LOW    TIME   DAYS  DAYS  RAIN  SPEED HIGH   TIME    DIR
------------------------------------------------------------------------------------
 1  18.5  24.1   15:00  13.3    6:15   1.6   1.8   0.0   1.4  20.9   14:15   SSW
 2  18.1  21.0   14:30  14.3    6:45   1.1   0.9   0.0   2.9  27.4   00:00     W
 3  20.8  23.7   17:15  18.2    7:00   0.0   2.5   0.8   9.2  45.1   19:15     W
 4  19.3  22.7   16:30  14.7   00:00   0.3   1.3   0.0   5.0  29.0   13:15     W
 5  19.2  24.7   15:30  14.7    0:15   1.0   1.9   0.0   1.4  17.7   16:00   SSW
 6  21.1  27.8   17:15  15.2    7:15   0.7   3.5   0.0   0.6  12.9   13:30   WNW
 7  17.4  21.1   15:15  12.8   23:30   1.2   0.3   0.0   2.9  25.7   16:30   NNW
 8  14.9  20.9   17:45   8.9    7:30   3.8   0.4   0.0   1.0  20.9   15:00   ENE
 9  15.8  22.2   16:30   9.8    7:15   3.3   0.9   0.0   2.9  25.7   14:45   ENE
10  18.1  25.8   17:00  11.1    7:30   2.5   2.3   0.0   0.5  11.3   13:30   ENE
11  19.9  27.8   15:15  12.7    6:15   1.7   3.3   0.0   0.3  12.9   15:15    SE
12  21.6  30.7   16:45  13.6    7:45   1.3   4.5   0.0   0.6  16.1   13:45     S
13  22.3  28.9   16:00  16.4    7:45   0.3   4.3   0.0   0.8  17.7   17:00     S
14  21.2  25.8   14:30  17.7    7:15   0.0   3.0   0.0   1.0  19.3   12:15    SE
15  21.8  27.3   14:45  16.4    7:30   0.2   3.7   0.0   1.6  19.3   13:30   ENE
16  21.3  27.6   15:15  15.5    7:30   0.5   3.5   0.0   0.2   8.0   12:30    NW
17  18.8  22.0   17:30  15.7   00:00   0.4   1.0   0.0   2.7  20.9   17:15   WNW
18  17.4  21.9   17:45  13.1   00:00   1.4   0.6   1.8   1.3  22.5   18:45   WNW
19  14.9  20.4   16:15  11.4   00:00   3.6   0.2   0.8   2.3  27.4   17:15     W
20  15.4  22.8   16:30   8.7    7:15   4.0   1.1   0.0   1.6  20.9   14:00     S
21  18.8  27.6   16:15  10.8    7:00   2.5   3.0   0.0   2.6  27.4   14:30    SE
22  20.3  24.5   12:30  15.8    7:30   0.4   2.4   0.0   2.9  27.4   14:30    SE
23  19.2  24.5   17:30  15.9    7:30   0.6   1.5   1.3   0.2   9.7   15:00   ENE
24  20.7  23.7   13:15  17.6   00:00   0.0   2.4   0.8   1.3  25.7    5:00    SE
25  17.1  19.6   10:45  16.1    8:00   1.3   0.1   0.5   2.3  25.7   12:00   SSW
26  16.2  21.1   15:15  12.2   00:00   2.3   0.1   4.8   1.8  17.7   11:00   SSW
27  14.4  19.3   16:00  10.1    7:15   3.9   0.1   0.3   0.8  16.1   12:45   SSW
28  17.2  23.4   16:15  13.5    4:30   2.3   1.2   0.0   1.3  22.5   14:00     S
29  17.8  22.9   16:15  13.3    4:15   1.7   1.2   0.5   2.1  25.7   12:30   SSW
30  17.4  22.1   16:45  13.3    8:15   1.9   0.9   0.0   1.4  22.5   15:15   SSW
-------------------------------------------------------------------------------------
    18.6  30.7    12     8.7    20    46.0  53.8  11.4   1.9  45.1     3      SE

Max >=  32.0:  0
Max <=   0.0:  0
Min <=   0.0:  0
Min <= -18.0:  0
Max Rain: 4.83 ON 26/09/06
Days of Rain: 9 (> .2 mm) 1 (> 2 mm) 0 (> 20 mm)
Heat Base:  18.3  Cool Base:  18.3  Method: Integration
Benelux Weer Netwerk cwop awekas hwa wcloud pwsweather wow wow