-->

NOAA-Style Climate Reports

Select a Year or Month report
2021: Jan | Feb | Mar | Apr | May | Jun | Jul | Aug | Sep | Oct | Nov | Dec |
2020: Jan | Feb | Mar | Apr | May | Jun | Jul | Aug | Sep | Oct | Nov | Dec |
2019: Jan | Feb | Mar | Apr | May | Jun | Jul | Aug | Sep | Oct | Nov | Dec |
2018: Jan | Feb | Mar | Apr | May | Jun | Jul | Aug | Sep | Oct | Nov | Dec |
2017: Jan | Feb | Mar | Apr | May | Jun | Jul | Aug | Sep | Oct | Nov | Dec |
2016: Jan | Feb | Mar | Apr | May | Jun | Jul | Aug | Sep | Oct | Nov | Dec |
2015: Jan | Feb | Mar | Apr | May | Jun | Jul | Aug | Sep | Oct | Nov | Dec |
2014: Jan | Feb | Mar | Apr | May | Jun | Jul | Aug | Sep | Oct | Nov | Dec |
2013: Jan | Feb | Mar | Apr | May | Jun | Jul | Aug | Sep | Oct | Nov | Dec |
2012: Jan | Feb | Mar | Apr | May | Jun | Jul | Aug | Sep | Oct | Nov | Dec |
2011: Jan | Feb | Mar | Apr | May | Jun | Jul | Aug | Sep | Oct | Nov | Dec |
2010: Jan | Feb | Mar | Apr | May | Jun | Jul | Aug | Sep | Oct | Nov | Dec |
2009: Jan | Feb | Mar | Apr | May | Jun | Jul | Aug | Sep | Oct | Nov | Dec |
2008: Jan | Feb | Mar | Apr | May | Jun | Jul | Aug | Sep | Oct | Nov | Dec |
2007: Jan | Feb | Mar | Apr | May | Jun | Jul | Aug | Sep | Oct | Nov | Dec |
2006: Jan | Feb | Mar | Apr | May | Jun | Jul | Aug | Sep | Oct | Nov | Dec |
2005: Jan | Feb | Mar | Apr | May | Jun | Jul | Aug | Sep | Oct | Nov | Dec |
2004: Jan | Feb | Mar | Apr | May | Jun | Jul | Aug | Sep | Oct | Nov | Dec |
2003: Jan | Feb | Mar | Apr | May | Jun | Jul | Aug | Sep | Oct | Nov | Dec |

Report for 2006 December
                   MONTHLY CLIMATOLOGICAL SUMMARY for DEC. 2006

NAME: Patrick Nijs   CITY: Heist-op-den-Berg   STATE: Belgium 
ELEV:    15 m  LAT: 51° 04' 15" N  LONG: 4° 42' 13" E

                   TEMPERATURE (°C), RAIN  (mm), WIND SPEED (km/hr)

                                      HEAT  COOL        AVG
    MEAN                              DEG   DEG         WIND                 DOM
DAY TEMP  HIGH   TIME   LOW    TIME   DAYS  DAYS  RAIN  SPEED HIGH   TIME    DIR
------------------------------------------------------------------------------------
 1   9.1  10.7   14:00   6.8    6:45   9.2   0.0   0.0   4.8  27.4   22:15     S
 2  10.6  12.3   14:30   8.7   00:00   7.7   0.0   0.3   3.7  22.5   15:15   SSE
 3   9.4  12.3   12:00   7.3    3:30   8.9   0.0   3.6   7.4  45.1   11:15   SSE
 4  10.4  13.5   23:30   8.0    5:15   7.9   0.0   7.4   7.9  38.6    3:30   WSW
 5  13.8  15.8   13:30  11.1   18:00   4.5   0.0   6.3  10.9  45.1    7:45   SSW
 6  10.1  11.9    0:15   7.7   00:00   8.3   0.0   0.3   7.9  35.4    6:15   WSW
 7   9.0  11.9   18:30   6.2    3:00   9.3   0.0   8.9   9.5  46.7   12:15     S
 8   9.7  12.1   13:45   7.3   19:45   8.6   0.0   8.1   8.2  48.3   18:15   SSE
 9   5.8   8.5   13:30   2.8   00:00  10.7   0.0   0.5   1.9  20.9   15:45     W
10   3.9   7.8   14:30   0.8    8:30  14.4   0.0   0.3   2.4  30.6   21:45    SW
11   7.1   8.6   15:00   4.7    0:15  11.2   0.0   9.7   9.5  46.7    9:45   SSW
12   7.6  10.1   13:15   4.6    8:45  10.7   0.0   3.6   5.3  43.5   23:45   SSW
13   9.7  11.1   19:00   8.2    3:45   8.6   0.0   0.5   7.4  35.4   20:45   WSW
14   8.9  11.3   14:30   6.4   00:00   9.4   0.0   0.0   6.4  29.0    2:15   WSW
15   6.3  10.6   15:00   2.1    9:15  12.0   0.0   0.0   2.1  17.7   11:00   SSW
16   6.2   7.8    9:30   3.5   00:00  12.0   0.0   6.1   3.2  27.4   11:45   SSW
17   4.1   7.2   14:15   1.7    7:45  13.4   0.0   0.8   2.9  20.9   12:45   WSW
18   1.1   3.7    0:15  -0.4    8:00  16.0   0.0   0.3   0.3  11.3   10:30    SW
19   1.8   4.1   14:45   0.5   23:15  16.1   0.0   0.3   0.3   8.0   10:00   NNW
20   1.7   3.8   22:00  -1.1    6:00  12.7   0.0   0.0   0.3   9.7   11:30   SSW
21   5.7   7.6   15:00   3.7    0:15  10.4   0.0   0.3   0.0   8.0   14:15    NE
22   6.3   7.9   14:30   4.2   18:45  11.0   0.0   0.0   0.8  16.1   22:30    NE
23   4.2   5.7    0:15   2.6   23:45  14.1   0.0   0.0   3.4  19.3    6:00   ENE
24   1.5   2.6    0:15   0.9   10:15  16.8   0.0   0.0   2.9  17.7    0:15   ENE
25   3.0   5.1   15:45   1.0    6:00  15.3   0.0   0.0   2.7  17.7   15:30   ENE
26   1.0   2.7    0:15  -0.3   16:30  17.3   0.0   0.0   1.6  16.1    4:00    SE
27   0.6   1.2   10:45   0.2   15:45  17.7   0.0   0.0   1.8  16.1   15:45   SSW
28   2.7   3.8   21:00   1.1    0:15  15.6   0.0   1.5   3.5  20.9    6:00   SSW
29   5.4   8.6   14:30   1.1    9:00  12.9   0.0   0.0   3.4  20.9   18:15   SSE
30   9.5  12.4   22:15   7.8    1:00   8.8   0.0   5.1  10.3  51.5   22:30     S
31  10.4  13.3   00:00   8.7    6:00   7.9   0.0   1.5  10.1  46.7    0:45   SSW
-------------------------------------------------------------------------------------
     6.3  15.8     5    -1.1    20   359.4   0.0  65.0   4.6  51.5    30     SSW

Max >=  32.0:  0
Max <=   0.0:  0
Min <=   0.0:  3
Min <= -18.0:  0
Max Rain: 9.65 ON 11/12/06
Days of Rain: 20 (> .2 mm) 9 (> 2 mm) 0 (> 20 mm)
Heat Base:  18.3  Cool Base:  18.3  Method: Integration
Benelux Weer Netwerk cwop awekas hwa wcloud pwsweather wow wow