-->

NOAA-Style Climate Reports

Select a Year or Month report
2021: Jan | Feb | Mar | Apr | May | Jun | Jul | Aug | Sep | Oct | Nov | Dec |
2020: Jan | Feb | Mar | Apr | May | Jun | Jul | Aug | Sep | Oct | Nov | Dec |
2019: Jan | Feb | Mar | Apr | May | Jun | Jul | Aug | Sep | Oct | Nov | Dec |
2018: Jan | Feb | Mar | Apr | May | Jun | Jul | Aug | Sep | Oct | Nov | Dec |
2017: Jan | Feb | Mar | Apr | May | Jun | Jul | Aug | Sep | Oct | Nov | Dec |
2016: Jan | Feb | Mar | Apr | May | Jun | Jul | Aug | Sep | Oct | Nov | Dec |
2015: Jan | Feb | Mar | Apr | May | Jun | Jul | Aug | Sep | Oct | Nov | Dec |
2014: Jan | Feb | Mar | Apr | May | Jun | Jul | Aug | Sep | Oct | Nov | Dec |
2013: Jan | Feb | Mar | Apr | May | Jun | Jul | Aug | Sep | Oct | Nov | Dec |
2012: Jan | Feb | Mar | Apr | May | Jun | Jul | Aug | Sep | Oct | Nov | Dec |
2011: Jan | Feb | Mar | Apr | May | Jun | Jul | Aug | Sep | Oct | Nov | Dec |
2010: Jan | Feb | Mar | Apr | May | Jun | Jul | Aug | Sep | Oct | Nov | Dec |
2009: Jan | Feb | Mar | Apr | May | Jun | Jul | Aug | Sep | Oct | Nov | Dec |
2008: Jan | Feb | Mar | Apr | May | Jun | Jul | Aug | Sep | Oct | Nov | Dec |
2007: Jan | Feb | Mar | Apr | May | Jun | Jul | Aug | Sep | Oct | Nov | Dec |
2006: Jan | Feb | Mar | Apr | May | Jun | Jul | Aug | Sep | Oct | Nov | Dec |
2005: Jan | Feb | Mar | Apr | May | Jun | Jul | Aug | Sep | Oct | Nov | Dec |
2004: Jan | Feb | Mar | Apr | May | Jun | Jul | Aug | Sep | Oct | Nov | Dec |
2003: Jan | Feb | Mar | Apr | May | Jun | Jul | Aug | Sep | Oct | Nov | Dec |

Report for 2007 January
                   MONTHLY CLIMATOLOGICAL SUMMARY for JAN. 2007

NAME: Patrick Nijs   CITY: Heist-op-den-Berg   STATE: Belgium 
ELEV:    15 m  LAT: 51° 04' 15" N  LONG: 4° 42' 13" E

                   TEMPERATURE (°C), RAIN  (mm), WIND SPEED (km/hr)

                                      HEAT  COOL        AVG
    MEAN                              DEG   DEG         WIND                 DOM
DAY TEMP  HIGH   TIME   LOW    TIME   DAYS  DAYS  RAIN  SPEED HIGH   TIME    DIR
------------------------------------------------------------------------------------
 1   8.2  13.5    1:00   4.5   23:15  10.1   0.0   5.6   8.4  48.3    1:30     W
 2   5.7   7.0   12:00   4.2    2:30  12.6   0.0   6.1   6.0  38.6   12:15     W
 3   6.9   9.1   23:45   4.6    7:00  11.4   0.0   0.3   5.5  40.2   22:45   SSW
 4   9.8  10.4   13:00   8.0   10:30   8.5   0.0   2.3  10.3  41.8   10:15     W
 5   9.3  10.6   14:15   8.2    5:45   9.0   0.0   2.0   6.1  25.7    0:15     W
 6   9.7  11.4   19:00   8.2   15:00   8.6   0.0   5.8   4.3  43.5   23:30     W
 7   8.6  10.6   14:45   7.1    8:00   9.7   0.0   0.3   6.8  40.2    0:15   SSW
 8  10.1  12.2   00:00   8.8    0:45   8.2   0.0   2.3   7.9  33.8    6:45   SSW
 9  13.6  14.4   14:45  12.0    8:45   4.7   0.0   0.3  10.5  46.7   11:30     W
10  11.4  14.3   13:00   6.8   00:00   6.8   0.0   2.3  10.0  41.8   11:00     W
11   8.3  11.2   18:45   5.6    2:30  10.0   0.0  10.4  12.7  56.3   17:30   WSW
12  10.0  12.6   21:15   6.7    6:30   7.8   0.0   0.5   9.3  49.9   22:00     W
13  11.3  12.6    0:45  10.1   18:00   7.0   0.0   0.5   7.9  43.5    0:45     W
14   7.7  12.0    0:45   4.4   22:00  10.6   0.0   0.8   5.5  43.5    3:15     W
15   5.4   8.7   15:00   3.5    8:45  11.3   0.0   0.0   1.9  17.7   20:15   SSW
16   7.9   9.5   16:00   4.6    0:15  10.4   0.0   1.3   3.4  25.7    0:45   SSW
17  10.4  12.6   13:15   8.7    1:15   7.8   0.0   5.3   8.2  49.9   15:15   SSW
18  11.9  15.1   16:45   9.1    2:00   6.4   0.0  15.0  15.8  75.6   17:30     W
19  11.4  12.8   00:00   9.2    2:00   6.9   0.0  11.9   8.4  41.8    1:30   WNW
20  11.4  13.7    3:00   7.3   23:45   6.9   0.0   0.8   9.7  45.1    7:15     W
21   6.8   9.5   14:00   5.1   00:00  11.5   0.0   5.8  10.0  56.3    8:00   WSW
22   3.7   5.9   14:00  -1.5   00:00  14.6   0.0   0.0   2.9  29.0   18:15   WSW
23  -1.7   1.1   15:30  -3.3    6:00  20.0   0.0   0.0   0.5  12.9   11:45   ENE
24  -1.9   2.7   14:15  -4.7    6:45  20.2   0.0   0.0   0.5  16.1   23:15     E
25  -1.6   0.7   14:30  -4.9   23:30  19.9   0.0   0.0   1.4  19.3    0:15   ENE
26   0.2   4.0   00:00  -4.9    0:15  18.1   0.0   1.0   3.2  25.7   18:00     W
27   4.8   7.8   12:45   2.3    8:15  13.5   0.0   0.8   2.3  22.5   14:15   WNW
28   6.0   7.3   00:00   5.4    0:15  12.3   0.0   0.5   6.3  35.4   13:15     W
29   8.1  10.1   13:45   7.3    3:30  10.2   0.0   0.5   1.6  30.6    1:45   WNW
30   7.8   9.1   14:00   7.0    7:15  10.5   0.0   0.0   0.0   9.7    0:15    NW
31   7.1   8.1   14:45   5.8    9:00  11.2   0.0   0.0   3.4  33.8   12:00     W
-------------------------------------------------------------------------------------
     7.4  15.1    18    -4.9    25   337.0   0.0  82.3   6.1  75.6    18       W

Max >=  32.0:  0
Max <=   0.0:  0
Min <=   0.0:  5
Min <= -18.0:  0
Max Rain: 14.99 ON 18/01/07
Days of Rain: 24 (> .2 mm) 12 (> 2 mm) 0 (> 20 mm)
Heat Base:  18.3  Cool Base:  18.3  Method: Integration
Benelux Weer Netwerk cwop awekas hwa wcloud pwsweather wow wow