-->

NOAA-Style Climate Reports

Select a Year or Month report
2021: Jan | Feb | Mar | Apr | May | Jun | Jul | Aug | Sep | Oct | Nov | Dec |
2020: Jan | Feb | Mar | Apr | May | Jun | Jul | Aug | Sep | Oct | Nov | Dec |
2019: Jan | Feb | Mar | Apr | May | Jun | Jul | Aug | Sep | Oct | Nov | Dec |
2018: Jan | Feb | Mar | Apr | May | Jun | Jul | Aug | Sep | Oct | Nov | Dec |
2017: Jan | Feb | Mar | Apr | May | Jun | Jul | Aug | Sep | Oct | Nov | Dec |
2016: Jan | Feb | Mar | Apr | May | Jun | Jul | Aug | Sep | Oct | Nov | Dec |
2015: Jan | Feb | Mar | Apr | May | Jun | Jul | Aug | Sep | Oct | Nov | Dec |
2014: Jan | Feb | Mar | Apr | May | Jun | Jul | Aug | Sep | Oct | Nov | Dec |
2013: Jan | Feb | Mar | Apr | May | Jun | Jul | Aug | Sep | Oct | Nov | Dec |
2012: Jan | Feb | Mar | Apr | May | Jun | Jul | Aug | Sep | Oct | Nov | Dec |
2011: Jan | Feb | Mar | Apr | May | Jun | Jul | Aug | Sep | Oct | Nov | Dec |
2010: Jan | Feb | Mar | Apr | May | Jun | Jul | Aug | Sep | Oct | Nov | Dec |
2009: Jan | Feb | Mar | Apr | May | Jun | Jul | Aug | Sep | Oct | Nov | Dec |
2008: Jan | Feb | Mar | Apr | May | Jun | Jul | Aug | Sep | Oct | Nov | Dec |
2007: Jan | Feb | Mar | Apr | May | Jun | Jul | Aug | Sep | Oct | Nov | Dec |
2006: Jan | Feb | Mar | Apr | May | Jun | Jul | Aug | Sep | Oct | Nov | Dec |
2005: Jan | Feb | Mar | Apr | May | Jun | Jul | Aug | Sep | Oct | Nov | Dec |
2004: Jan | Feb | Mar | Apr | May | Jun | Jul | Aug | Sep | Oct | Nov | Dec |
2003: Jan | Feb | Mar | Apr | May | Jun | Jul | Aug | Sep | Oct | Nov | Dec |

Report for 2007 February
                   MONTHLY CLIMATOLOGICAL SUMMARY for FEB. 2007

NAME: Patrick Nijs   CITY: Heist-op-den-Berg   STATE: Belgium 
ELEV:    15 m  LAT: 51° 04' 15" N  LONG: 4° 42' 13" E

                   TEMPERATURE (°C), RAIN  (mm), WIND SPEED (km/hr)

                                      HEAT  COOL        AVG
    MEAN                              DEG   DEG         WIND                 DOM
DAY TEMP  HIGH   TIME   LOW    TIME   DAYS  DAYS  RAIN  SPEED HIGH   TIME    DIR
------------------------------------------------------------------------------------
 1   8.7  10.1   16:15   6.7    0:15   9.6   0.0   0.3   1.0  12.9    0:15     W
 2   7.7  10.1   15:00   4.8   00:00  10.6   0.0   0.3   2.1  19.3   14:15   WNW
 3   5.1  11.4   14:00   0.1    8:30  13.2   0.0   0.0   0.5  12.9   12:45   NNW
 4   3.2   8.7   15:45  -1.1    7:45  13.6   0.0   0.3   0.8  17.7   14:00   ENE
 5   2.5   4.2   19:00  -1.1    4:30  12.3   0.0   0.5   1.0  12.9   14:15     W
 6   1.9   5.7   13:15  -0.1    8:45  15.0   0.0   0.8   1.0  16.1   16:00    NW
 7  -0.3   0.4    0:15  -1.8   00:00  18.6   0.0   1.8   0.6  12.9   20:30    NW
 8   1.7   6.8   15:00  -3.1    3:30  16.6   0.0   5.6   6.1  43.5   15:45   WSW
 9   4.7   7.6   16:00   3.1    9:30  13.6   0.0   0.5   4.7  35.4    1:00     W
10   6.0   8.7   20:30   3.3    3:15  12.3   0.0   0.8   2.7  20.9   13:45   SSE
11   8.7  11.1   14:00   7.7   22:30   9.6   0.0   5.1   6.6  33.8    7:30   SSE
12   8.7  11.8   12:15   6.6   22:15   9.6   0.0   7.1   7.4  40.2   16:15   SSW
13   8.1  10.1   15:30   6.3   20:45  10.2   0.0   1.5   8.2  40.2    3:00     W
14   6.6   7.7   23:15   5.7    9:00  11.7   0.0   6.3   3.2  22.5   23:00    SE
15   7.3  11.9   14:30   3.1    7:15  11.0   0.0   0.0   2.6  29.0    0:45    SE
16   8.5  15.6   16:15   2.7    4:30   9.8   0.0   0.0   3.5  27.4   12:45   ESE
17   7.7  13.7   15:30   2.9    5:15  10.6   0.0   0.0   1.8  19.3   15:30     E
18   6.7   9.2   14:45   4.6    4:00  11.6   0.0   0.0   1.4  12.9   10:15    NW
19   6.5   8.7   16:45   5.1    3:15  11.8   0.0   0.0   1.0  12.9   21:30    SE
20   9.3  15.4   15:30   4.9    3:30   9.0   0.0   0.0   1.0  16.1   11:00    SE
21   7.7   9.9   10:00   4.9   00:00  10.6   0.0   3.0   1.9  32.2   16:30   SSE
22   7.9  12.5   15:00   3.8    4:30  10.4   0.0   0.3   3.1  20.9   12:15   SSE
23   9.7  13.2   14:45   7.1    5:45   8.6   0.0   0.8   3.2  30.6   13:45   SSE
24   9.7  11.4   11:30   8.2    1:30   8.6   0.0   2.5   6.3  35.4   17:15   SSE
25   7.9   9.1    4:00   6.4   18:45  10.4   0.0  11.7   5.8  33.8   11:45     W
26   7.3   8.1   13:00   5.7   00:00  11.0   0.0   2.3   7.2  32.2   16:45    NW
27   6.9  11.4   00:00   3.8    5:45  11.4   0.0   5.1   4.7  38.6   21:00     W
28  10.4  12.7   13:30   9.2   21:15   7.8   0.0   2.3  11.6  53.1   17:30     W
-------------------------------------------------------------------------------------
     6.7  15.6    16    -3.1     8   319.0   0.0  58.7   3.6  53.1    28       W

Max >=  32.0:  0
Max <=   0.0:  0
Min <=   0.0:  5
Min <= -18.0:  0
Max Rain: 11.68 ON 25/02/07
Days of Rain: 21 (> .2 mm) 10 (> 2 mm) 0 (> 20 mm)
Heat Base:  18.3  Cool Base:  18.3  Method: Integration
Benelux Weer Netwerk cwop awekas hwa wcloud pwsweather wow wow