-->

NOAA-Style Climate Reports

Select a Year or Month report
2021: Jan | Feb | Mar | Apr | May | Jun | Jul | Aug | Sep | Oct | Nov | Dec |
2020: Jan | Feb | Mar | Apr | May | Jun | Jul | Aug | Sep | Oct | Nov | Dec |
2019: Jan | Feb | Mar | Apr | May | Jun | Jul | Aug | Sep | Oct | Nov | Dec |
2018: Jan | Feb | Mar | Apr | May | Jun | Jul | Aug | Sep | Oct | Nov | Dec |
2017: Jan | Feb | Mar | Apr | May | Jun | Jul | Aug | Sep | Oct | Nov | Dec |
2016: Jan | Feb | Mar | Apr | May | Jun | Jul | Aug | Sep | Oct | Nov | Dec |
2015: Jan | Feb | Mar | Apr | May | Jun | Jul | Aug | Sep | Oct | Nov | Dec |
2014: Jan | Feb | Mar | Apr | May | Jun | Jul | Aug | Sep | Oct | Nov | Dec |
2013: Jan | Feb | Mar | Apr | May | Jun | Jul | Aug | Sep | Oct | Nov | Dec |
2012: Jan | Feb | Mar | Apr | May | Jun | Jul | Aug | Sep | Oct | Nov | Dec |
2011: Jan | Feb | Mar | Apr | May | Jun | Jul | Aug | Sep | Oct | Nov | Dec |
2010: Jan | Feb | Mar | Apr | May | Jun | Jul | Aug | Sep | Oct | Nov | Dec |
2009: Jan | Feb | Mar | Apr | May | Jun | Jul | Aug | Sep | Oct | Nov | Dec |
2008: Jan | Feb | Mar | Apr | May | Jun | Jul | Aug | Sep | Oct | Nov | Dec |
2007: Jan | Feb | Mar | Apr | May | Jun | Jul | Aug | Sep | Oct | Nov | Dec |
2006: Jan | Feb | Mar | Apr | May | Jun | Jul | Aug | Sep | Oct | Nov | Dec |
2005: Jan | Feb | Mar | Apr | May | Jun | Jul | Aug | Sep | Oct | Nov | Dec |
2004: Jan | Feb | Mar | Apr | May | Jun | Jul | Aug | Sep | Oct | Nov | Dec |
2003: Jan | Feb | Mar | Apr | May | Jun | Jul | Aug | Sep | Oct | Nov | Dec |

Report for 2007 March
                   MONTHLY CLIMATOLOGICAL SUMMARY for MAR. 2007

NAME: Patrick Nijs   CITY: Heist-op-den-Berg   STATE: Belgium 
ELEV:    15 m  LAT: 51° 04' 15" N  LONG: 4° 42' 13" E

                   TEMPERATURE (°C), RAIN  (mm), WIND SPEED (km/hr)

                                      HEAT  COOL        AVG
    MEAN                              DEG   DEG         WIND                 DOM
DAY TEMP  HIGH   TIME   LOW    TIME   DAYS  DAYS  RAIN  SPEED HIGH   TIME    DIR
------------------------------------------------------------------------------------
 1   9.3  11.7   15:15   6.6   19:15   9.0   0.0   5.6  12.1  46.7    6:30     W
 2   7.6  10.9   17:45   5.3    7:45  10.7   0.0   1.5   6.3  33.8   13:15     W
 3   7.4  10.3    5:30   5.3   23:45  10.9   0.0   7.9  10.3  62.8    8:45     W
 4   9.2  13.9   16:00   3.4    7:30   9.1   0.0   0.0   2.6  32.2   14:30    SE
 5   9.9  11.8    3:00   6.3   12:30   8.3   0.0   7.6   6.6  48.3   12:15     W
 6   9.3  11.6   11:30   8.1    6:00   9.0   0.0   8.6   8.4  53.1   11:15     S
 7   8.8  12.3   14:30   6.6   23:00   9.4   0.0   1.0   4.5  33.8   11:45     W
 8   7.8  13.0   14:30   3.3    6:30  10.5   0.0   0.3   2.4  20.9   14:45   WNW
 9   6.7   8.6   10:45   4.7   21:30  11.6   0.0   3.3   3.1  30.6   11:30   SSW
10   7.8  12.6   14:15   1.8    7:15  10.5   0.0   0.0   2.7  27.4   13:00     W
11   8.9  15.8   17:15   4.0    6:15   9.4   0.0   0.0   1.0  16.1   10:30   SSW
12   9.6  17.5   17:00   2.1    7:30   8.6   0.0   0.0   0.6  16.1   10:45    SE
13   9.3  15.5   15:00   2.8    6:45   9.0   0.0   0.0   2.1  19.3   15:30    NW
14   8.0  14.5   14:30   1.5    7:00  10.3   0.0   0.0   0.5  11.3   15:30   NNW
15   7.6  14.8   16:00   0.8    7:30  10.7   0.0   0.0   0.8  16.1   14:45    NW
16   7.6  11.8   13:30   2.5    6:00  10.7   0.0   0.0   2.7  22.5   13:30     W
17  10.4  12.9   14:45   8.2    6:15   7.9   0.0   0.0   7.9  43.5   22:45     W
18   7.7   9.8    0:15   1.6   00:00  10.6   0.0   5.6  12.4  46.7   16:00     W
19   2.9   6.2   12:15  -0.3   00:00  15.4   0.0   2.0   3.4  38.6    3:30    NW
20   3.6   8.3   16:15  -0.9    1:00  14.7   0.0   1.0   3.4  27.4   12:15   NNW
21   3.3   6.0   12:45   1.8    1:45  15.0   0.0   4.3   2.6  30.6   14:15   NNW
22   6.2  10.1   14:15   3.4    0:15  12.1   0.0   0.0   6.3  30.6   13:30   NNW
23   5.2   6.6   17:30   2.9    1:30  13.1   0.0   0.5   3.5  22.5    5:15   ENE
24   6.8  10.1   17:15   3.7    4:45  11.4   0.0   0.0   0.8  16.1   10:45   NNW
25  10.2  14.3   16:45   6.7   23:30   7.8   0.0   0.0   5.1  29.0   14:30   ENE
26  11.8  18.4   16:45   5.7    7:15   6.5   0.0   0.0   4.8  27.4   12:00   ENE
27  12.3  17.3   16:30   6.6    7:00   6.0   0.0   0.0   3.9  29.0   16:00     E
28  12.4  18.9   15:30   5.9    7:00   5.9   0.0   0.0   0.8  16.1   14:30    SE
29  10.1  12.8   11:30   7.4   00:00   8.2   0.0   0.5   1.4  25.7   12:30   SSW
30   8.6  14.2   18:45   4.0    4:15   9.7   0.0   1.0   0.6  19.3   16:15   ENE
31  11.7  17.1   16:15   7.0    7:15   6.6   0.0   0.0   3.1  27.4   10:15   ENE
-------------------------------------------------------------------------------------
     8.3  18.9    28    -0.9    20   308.8   0.0  50.8   4.1  62.8     3       W

Max >=  32.0:  0
Max <=   0.0:  0
Min <=   0.0:  2
Min <= -18.0:  0
Max Rain: 8.64 ON 06/03/07
Days of Rain: 15 (> .2 mm) 8 (> 2 mm) 0 (> 20 mm)
Heat Base:  18.3  Cool Base:  18.3  Method: Integration
Benelux Weer Netwerk cwop awekas hwa wcloud pwsweather wow wow