-->

NOAA-Style Climate Reports

Select a Year or Month report
2021: Jan | Feb | Mar | Apr | May | Jun | Jul | Aug | Sep | Oct | Nov | Dec |
2020: Jan | Feb | Mar | Apr | May | Jun | Jul | Aug | Sep | Oct | Nov | Dec |
2019: Jan | Feb | Mar | Apr | May | Jun | Jul | Aug | Sep | Oct | Nov | Dec |
2018: Jan | Feb | Mar | Apr | May | Jun | Jul | Aug | Sep | Oct | Nov | Dec |
2017: Jan | Feb | Mar | Apr | May | Jun | Jul | Aug | Sep | Oct | Nov | Dec |
2016: Jan | Feb | Mar | Apr | May | Jun | Jul | Aug | Sep | Oct | Nov | Dec |
2015: Jan | Feb | Mar | Apr | May | Jun | Jul | Aug | Sep | Oct | Nov | Dec |
2014: Jan | Feb | Mar | Apr | May | Jun | Jul | Aug | Sep | Oct | Nov | Dec |
2013: Jan | Feb | Mar | Apr | May | Jun | Jul | Aug | Sep | Oct | Nov | Dec |
2012: Jan | Feb | Mar | Apr | May | Jun | Jul | Aug | Sep | Oct | Nov | Dec |
2011: Jan | Feb | Mar | Apr | May | Jun | Jul | Aug | Sep | Oct | Nov | Dec |
2010: Jan | Feb | Mar | Apr | May | Jun | Jul | Aug | Sep | Oct | Nov | Dec |
2009: Jan | Feb | Mar | Apr | May | Jun | Jul | Aug | Sep | Oct | Nov | Dec |
2008: Jan | Feb | Mar | Apr | May | Jun | Jul | Aug | Sep | Oct | Nov | Dec |
2007: Jan | Feb | Mar | Apr | May | Jun | Jul | Aug | Sep | Oct | Nov | Dec |
2006: Jan | Feb | Mar | Apr | May | Jun | Jul | Aug | Sep | Oct | Nov | Dec |
2005: Jan | Feb | Mar | Apr | May | Jun | Jul | Aug | Sep | Oct | Nov | Dec |
2004: Jan | Feb | Mar | Apr | May | Jun | Jul | Aug | Sep | Oct | Nov | Dec |
2003: Jan | Feb | Mar | Apr | May | Jun | Jul | Aug | Sep | Oct | Nov | Dec |

Report for 2007 April
                   MONTHLY CLIMATOLOGICAL SUMMARY for APR. 2007

NAME: Patrick Nijs   CITY: Heist-op-den-Berg   STATE: Belgium 
ELEV:    15 m  LAT: 51° 04' 15" N  LONG: 4° 42' 13" E

                   TEMPERATURE (°C), RAIN  (mm), WIND SPEED (km/hr)

                                      HEAT  COOL        AVG
    MEAN                              DEG   DEG         WIND                 DOM
DAY TEMP  HIGH   TIME   LOW    TIME   DAYS  DAYS  RAIN  SPEED HIGH   TIME    DIR
------------------------------------------------------------------------------------
 1  13.3  18.6   17:15   8.4    7:30   5.0   0.0   0.0   4.5  27.4   14:30   ENE
 2  12.7  19.8   16:00   6.2    7:30   5.7   0.2   0.0   1.8  22.5   14:30   ENE
 3   8.1  11.8    0:15   4.8    6:30  10.3   0.0   0.0   2.6  20.9   15:15   NNW
 4   7.6  12.9   17:15   2.2    7:30  10.7   0.0   0.0   3.1  30.6   13:15   ENE
 5   8.5  16.7   17:30   1.1    7:45   9.8   0.0   0.0   1.0  17.7   14:00    NW
 6  10.8  19.1   16:45   3.3    6:45   7.5   0.0   0.0   2.3  19.3   14:15    NW
 7   9.6  13.1   18:00   6.3    7:30   8.7   0.0   0.0   1.0  19.3   17:45    NW
 8   9.8  17.3   17:45   1.5    7:15   8.5   0.0   0.0   1.0  17.7   18:00    NW
 9  11.2  17.0   14:45   6.2    5:30   7.2   0.0   0.0   3.7  27.4   15:30    NW
10  11.9  16.9   16:15   6.4    2:45   6.4   0.0   0.0   2.6  20.9   13:00    NW
11  13.1  18.3   17:15   8.6    0:15   5.2   0.0   0.0   0.6  16.1   13:15   ENE
12  15.2  22.9   18:00   6.8    7:15   4.2   1.1   0.0   1.4  17.7   15:15   ENE
13  17.9  26.1   15:45   9.7    7:00   2.7   2.3   0.0   1.6  17.7   14:45   ENE
14  19.8  28.2   17:30  11.1    7:15   1.9   3.4   0.0   1.0  19.3   14:15   ENE
15  21.1  30.3   17:30  11.6    5:15   1.7   4.4   0.0   0.6  16.1   14:30    SE
16  18.4  28.9   16:45  10.1    7:00   2.6   2.7   0.0   1.9  20.9   17:30    NW
17  13.2  17.6   15:00   8.4   00:00   5.1   0.0   0.0   2.7  22.5   17:45   NNW
18  10.3  15.8   16:15   5.3    4:30   8.0   0.0   0.0   0.8  11.3   12:45    NW
19  11.3  18.5   17:45   3.8    7:00   7.0   0.0   0.0   2.7  20.9   12:30    NW
20  10.7  16.8   16:45   6.0    7:00   7.6   0.0   0.0   1.4  16.1    9:00   ENE
21  10.2  17.2   17:15   3.1    6:30   8.1   0.0   0.0   1.3  19.3   12:45   ENE
22  13.3  22.5   18:30   3.1    6:15   5.9   0.9   0.0   1.0  19.3   14:45   NNW
23  16.6  24.1   14:30   8.1    7:00   3.4   1.6   0.0   2.1  20.9   15:15    NW
24  18.8  25.5   16:15  10.9    6:45   1.9   2.5   0.0   0.2  11.3   15:30     E
25  20.6  29.5   15:00  12.6    5:45   1.5   3.8   0.0   1.4  16.1   13:15   NNW
26  20.1  28.9   15:15  11.2    6:45   2.0   3.7   0.0   1.0  17.7   15:45   NNW
27  20.2  28.8   16:00  10.9    6:45   1.8   3.7   0.0   1.0  16.1   11:45   ENE
28  20.4  28.7   16:00  11.9    6:45   1.4   3.5   0.0   1.0  19.3   18:00   ENE
29  18.9  24.7   15:00  13.4    6:30   1.3   1.9   0.0   2.9  22.5   23:15   ENE
30  16.2  22.1   16:30  10.4    7:15   2.9   0.8   0.0   6.0  30.6   15:30   ENE
-------------------------------------------------------------------------------------
    14.3  30.3    15     1.1     5   155.9  36.6   0.0   1.9  30.6     4     ENE

Max >=  32.0:  0
Max <=   0.0:  0
Min <=   0.0:  0
Min <= -18.0:  0
Max Rain: 0.00 ON 01/04/07
Days of Rain: 0 (> .2 mm) 0 (> 2 mm) 0 (> 20 mm)
Heat Base:  18.3  Cool Base:  18.3  Method: Integration
Benelux Weer Netwerk cwop awekas hwa wcloud pwsweather wow wow