-->

NOAA-Style Climate Reports

Select a Year or Month report
2021: Jan | Feb | Mar | Apr | May | Jun | Jul | Aug | Sep | Oct | Nov | Dec |
2020: Jan | Feb | Mar | Apr | May | Jun | Jul | Aug | Sep | Oct | Nov | Dec |
2019: Jan | Feb | Mar | Apr | May | Jun | Jul | Aug | Sep | Oct | Nov | Dec |
2018: Jan | Feb | Mar | Apr | May | Jun | Jul | Aug | Sep | Oct | Nov | Dec |
2017: Jan | Feb | Mar | Apr | May | Jun | Jul | Aug | Sep | Oct | Nov | Dec |
2016: Jan | Feb | Mar | Apr | May | Jun | Jul | Aug | Sep | Oct | Nov | Dec |
2015: Jan | Feb | Mar | Apr | May | Jun | Jul | Aug | Sep | Oct | Nov | Dec |
2014: Jan | Feb | Mar | Apr | May | Jun | Jul | Aug | Sep | Oct | Nov | Dec |
2013: Jan | Feb | Mar | Apr | May | Jun | Jul | Aug | Sep | Oct | Nov | Dec |
2012: Jan | Feb | Mar | Apr | May | Jun | Jul | Aug | Sep | Oct | Nov | Dec |
2011: Jan | Feb | Mar | Apr | May | Jun | Jul | Aug | Sep | Oct | Nov | Dec |
2010: Jan | Feb | Mar | Apr | May | Jun | Jul | Aug | Sep | Oct | Nov | Dec |
2009: Jan | Feb | Mar | Apr | May | Jun | Jul | Aug | Sep | Oct | Nov | Dec |
2008: Jan | Feb | Mar | Apr | May | Jun | Jul | Aug | Sep | Oct | Nov | Dec |
2007: Jan | Feb | Mar | Apr | May | Jun | Jul | Aug | Sep | Oct | Nov | Dec |
2006: Jan | Feb | Mar | Apr | May | Jun | Jul | Aug | Sep | Oct | Nov | Dec |
2005: Jan | Feb | Mar | Apr | May | Jun | Jul | Aug | Sep | Oct | Nov | Dec |
2004: Jan | Feb | Mar | Apr | May | Jun | Jul | Aug | Sep | Oct | Nov | Dec |
2003: Jan | Feb | Mar | Apr | May | Jun | Jul | Aug | Sep | Oct | Nov | Dec |

Report for 2007 May
                   MONTHLY CLIMATOLOGICAL SUMMARY for MAY. 2007

NAME: Patrick Nijs   CITY: Heist-op-den-Berg   STATE: Belgium 
ELEV:    15 m  LAT: 51° 04' 15" N  LONG: 4° 42' 13" E

                   TEMPERATURE (°C), RAIN  (mm), WIND SPEED (km/hr)

                                      HEAT  COOL        AVG
    MEAN                              DEG   DEG         WIND                 DOM
DAY TEMP  HIGH   TIME   LOW    TIME   DAYS  DAYS  RAIN  SPEED HIGH   TIME    DIR
------------------------------------------------------------------------------------
 1  16.9  23.1   16:30  10.4    6:00   2.7   1.3   0.0   5.3  32.2   17:00   ENE
 2  15.9  21.9   16:30   9.3    6:00   3.3   0.8   0.0   4.5  30.6   14:00   ENE
 3  16.2  22.9   16:15   8.7    6:45   3.3   1.2   0.0   1.9  22.5   11:30   ENE
 4  16.6  22.9   13:45   9.2    6:30   3.0   1.2   0.0   1.8  20.9   14:00   ENE
 5  14.8  21.6   16:30   9.2    5:45   4.1   0.6   0.0   3.4  29.0   17:45   NNW
 6  13.0  19.5   16:45   6.9    6:15   5.4   0.1   0.0   3.9  38.6   19:45     W
 7  14.2  15.7   17:00  11.9    5:30   4.1   0.0   6.1   8.5  43.5   17:15     W
 8  13.7  16.6   18:45  11.6    7:00   4.6   0.0   0.5   9.5  53.1   20:15     W
 9  12.1  13.6   15:45  10.4    6:30   6.2   0.0   3.8   4.0  29.0   21:15     W
10  15.4  18.1   19:45  13.1    9:15   2.9   0.0   0.8   5.6  32.2    5:15     W
11  14.2  17.3   17:45  10.6   11:15   4.1   0.0   1.5   8.5  48.3   11:00     W
12  14.0  18.2   18:45  10.3    3:15   4.3   0.0   8.4   6.0  48.3   13:45     W
13  15.1  21.1   16:15  10.6    6:15   3.4   0.2   5.6   2.1  49.9   18:00    SE
14  14.6  17.3   14:15  12.1   23:45   3.7   0.0   1.8   5.8  40.2   11:15   SSW
15  12.6  17.6   16:45   8.5    6:00   5.7   0.0   1.3   4.8  29.0   15:00     W
16  12.6  15.8   15:30  10.7   00:00   5.7   0.0   8.4   5.8  33.8   15:00    NW
17  13.0  18.3   17:30   9.8    2:30   5.3   0.0   3.6   0.8  16.1   14:00   NNW
18  16.7  23.4   18:45   9.4    5:00   3.1   1.5   3.8   2.7  22.5   15:45     S
19  15.6  19.5   16:00  11.8   00:00   2.8   0.1   4.6   4.2  27.4   15:15     W
20  13.6  18.2   12:15   7.8    6:15   4.7   0.0   3.6   1.0  16.1   12:15   ENE
21  17.0  21.6   17:45  13.8    3:15   1.9   0.7   0.0   0.6  11.3   17:15    NW
22  16.8  20.2   16:45  13.6    5:00   1.5   0.1   0.0   2.3  22.5   17:30    NW
23  17.4  24.1   17:30  10.2    6:15   2.4   1.6   0.0   1.0  17.7   14:30   NNW
24  19.6  27.1   17:00  10.6    6:00   2.1   3.3   0.0   0.6  12.9   12:30   NNW
25  20.4  27.3   18:15  15.7    4:30   0.8   2.8   2.0   0.6  11.3   14:15    NW
26  17.0  19.1   14:00  15.3    5:15   1.3   0.0   0.8   1.3  17.7   00:00   ENE
27  15.3  18.9   15:00  12.0   00:00   3.0   0.0   1.0   3.1  22.5   13:15   ENE
28  13.4  16.8   15:30  11.1    6:45   4.7   0.0   0.0   0.8  11.3    3:15    SE
29  11.9  14.2   15:45  10.1   11:15   6.4   0.0   0.8   6.9  35.4   14:15    NW
30  14.1  20.4   13:45   6.1    6:00   4.4   0.2   0.0   3.9  29.0   15:15   SSE
31  15.7  20.3   15:30  11.7    7:00   2.7   0.2   2.3   1.4  19.3   17:00    NW
-------------------------------------------------------------------------------------
    15.1  27.3    25     6.1    30   113.6  16.0  60.5   3.6  53.1     8       W

Max >=  32.0:  0
Max <=   0.0:  0
Min <=   0.0:  0
Min <= -18.0:  0
Max Rain: 8.38 ON 16/05/07
Days of Rain: 19 (> .2 mm) 11 (> 2 mm) 0 (> 20 mm)
Heat Base:  18.3  Cool Base:  18.3  Method: Integration
Benelux Weer Netwerk cwop awekas hwa wcloud pwsweather wow wow