-->

NOAA-Style Climate Reports

Select a Year or Month report
2021: Jan | Feb | Mar | Apr | May | Jun | Jul | Aug | Sep | Oct | Nov | Dec |
2020: Jan | Feb | Mar | Apr | May | Jun | Jul | Aug | Sep | Oct | Nov | Dec |
2019: Jan | Feb | Mar | Apr | May | Jun | Jul | Aug | Sep | Oct | Nov | Dec |
2018: Jan | Feb | Mar | Apr | May | Jun | Jul | Aug | Sep | Oct | Nov | Dec |
2017: Jan | Feb | Mar | Apr | May | Jun | Jul | Aug | Sep | Oct | Nov | Dec |
2016: Jan | Feb | Mar | Apr | May | Jun | Jul | Aug | Sep | Oct | Nov | Dec |
2015: Jan | Feb | Mar | Apr | May | Jun | Jul | Aug | Sep | Oct | Nov | Dec |
2014: Jan | Feb | Mar | Apr | May | Jun | Jul | Aug | Sep | Oct | Nov | Dec |
2013: Jan | Feb | Mar | Apr | May | Jun | Jul | Aug | Sep | Oct | Nov | Dec |
2012: Jan | Feb | Mar | Apr | May | Jun | Jul | Aug | Sep | Oct | Nov | Dec |
2011: Jan | Feb | Mar | Apr | May | Jun | Jul | Aug | Sep | Oct | Nov | Dec |
2010: Jan | Feb | Mar | Apr | May | Jun | Jul | Aug | Sep | Oct | Nov | Dec |
2009: Jan | Feb | Mar | Apr | May | Jun | Jul | Aug | Sep | Oct | Nov | Dec |
2008: Jan | Feb | Mar | Apr | May | Jun | Jul | Aug | Sep | Oct | Nov | Dec |
2007: Jan | Feb | Mar | Apr | May | Jun | Jul | Aug | Sep | Oct | Nov | Dec |
2006: Jan | Feb | Mar | Apr | May | Jun | Jul | Aug | Sep | Oct | Nov | Dec |
2005: Jan | Feb | Mar | Apr | May | Jun | Jul | Aug | Sep | Oct | Nov | Dec |
2004: Jan | Feb | Mar | Apr | May | Jun | Jul | Aug | Sep | Oct | Nov | Dec |
2003: Jan | Feb | Mar | Apr | May | Jun | Jul | Aug | Sep | Oct | Nov | Dec |

Report for 2007 June
                   MONTHLY CLIMATOLOGICAL SUMMARY for JUN. 2007

NAME: Patrick Nijs   CITY: Heist-op-den-Berg   STATE: Belgium 
ELEV:    15 m  LAT: 51° 04' 15" N  LONG: 4° 42' 13" E

                   TEMPERATURE (°C), RAIN  (mm), WIND SPEED (km/hr)

                                      HEAT  COOL        AVG
    MEAN                              DEG   DEG         WIND                 DOM
DAY TEMP  HIGH   TIME   LOW    TIME   DAYS  DAYS  RAIN  SPEED HIGH   TIME    DIR
------------------------------------------------------------------------------------
 1  15.6  20.2   16:30  11.4    4:30   2.9   0.2   8.6   1.3  16.1   13:00    NW
 2  19.2  25.2   14:00  11.6    6:00   1.7   2.6   0.0   0.8  16.1   11:15    NW
 3  19.4  24.8   15:45  12.8    6:00   1.3   2.4   0.0   0.6  11.3   13:15   ENE
 4  19.4  26.0   17:30  14.3    6:00   1.1   2.2   0.0   1.0  16.1   11:00   ENE
 5  19.4  25.1   18:15  13.7    5:45   1.2   2.4   0.0   1.0  17.7   16:30   ENE
 6  19.8  25.8   16:45  14.2    6:15   0.9   2.5   0.0   1.4  17.7   15:00   NNW
 7  22.2  28.9   17:00  15.4    3:00   0.8   4.7   0.0   1.8  19.3   12:30   ENE
 8  21.8  27.3   15:15  17.7   23:45   0.0   3.5   0.0   3.5  27.4   16:30    NW
 9  17.2  19.3   19:15  15.6    6:15   1.3   0.2   0.5   2.3  19.3   11:30   WNW
10  18.2  22.7   18:45  15.3    2:15   1.2   1.1   0.3   0.6  11.3   17:15   NNW
11  20.4  27.4   17:15  15.5    5:45   0.7   2.8   0.0   2.3  20.9   18:30    NW
12  16.9  21.1   19:45  13.8    7:30   2.0   0.6   0.0   4.0  19.3    1:15     W
13  18.7  24.2   19:30  12.7    6:00   1.5   1.9   0.0   2.4  22.5   16:00     W
14  21.0  27.2   15:15  16.8   19:00   0.2   2.0   7.9   1.1  27.4   16:00   SSE
15  19.1  22.0   17:30  16.8   00:00   0.4   1.2   2.5   2.9  29.0   12:15     S
16  16.4  21.0   15:00  14.2   00:00   2.0   0.1   7.6   3.2  33.8   16:00     S
17  18.1  23.2   19:00  13.7    3:30   1.7   1.5   3.3   2.6  25.7   14:30   SSW
18  18.1  24.5   16:15  14.9    1:30   1.3   1.1   9.9   2.7  30.6    7:00     W
19  21.4  28.7   18:00  13.7    5:15   1.2   4.3   0.3   2.1  22.5   19:15   ENE
20  21.2  25.0   17:45  17.3   00:00   0.0   2.9   1.5   3.5  27.4   13:45     W
21  18.6  21.4   11:15  15.8   00:00   0.5   0.9   0.5   1.0  16.1   18:15   ENE
22  16.8  21.9   13:15  13.6    5:30   1.9   0.5   6.1   2.4  30.6   14:15   SSW
23  16.3  21.1   19:30  12.1    5:30   2.3   0.3   5.6   4.5  30.6   12:30     W
24  16.2  19.2   15:00  13.4    5:45   2.1   0.0   1.5   1.4  17.7    9:15   SSW
25  16.4  19.3   16:45  12.3   00:00   2.0   0.0   3.6   3.9  48.3   15:00     W
26  12.9  15.3   16:30   9.7   00:00   5.4   0.0   6.1   8.0  48.3   10:00    NW
27  13.8  17.9   13:45   8.6    6:00   4.5   0.0   0.3   5.3  33.8   14:30     W
28  15.7  19.6   18:45  11.4    6:30   2.7   0.1   3.6   5.6  27.4    9:30     W
29  15.7  17.7   11:45  14.1    5:45   2.6   0.0   2.0   5.0  32.2   11:30   SSW
30  18.1  22.6   18:00  14.0    5:30   1.4   1.1   0.0   4.3  27.4    0:15     W
-------------------------------------------------------------------------------------
    18.1  28.9     7     8.6    27    49.0  43.0  71.6   2.8  48.3    25       W

Max >=  32.0:  0
Max <=   0.0:  0
Min <=   0.0:  0
Min <= -18.0:  0
Max Rain: 9.91 ON 18/06/07
Days of Rain: 19 (> .2 mm) 12 (> 2 mm) 0 (> 20 mm)
Heat Base:  18.3  Cool Base:  18.3  Method: Integration
Benelux Weer Netwerk cwop awekas hwa wcloud pwsweather wow wow