NOAA-Style Climate Reports

Select a Year or Month report
2021: Jan | Feb | Mar | Apr | May | Jun | Jul | Aug | Sep | Oct | Nov | Dec |
2020: Jan | Feb | Mar | Apr | May | Jun | Jul | Aug | Sep | Oct | Nov | Dec |
2019: Jan | Feb | Mar | Apr | May | Jun | Jul | Aug | Sep | Oct | Nov | Dec |
2018: Jan | Feb | Mar | Apr | May | Jun | Jul | Aug | Sep | Oct | Nov | Dec |
2017: Jan | Feb | Mar | Apr | May | Jun | Jul | Aug | Sep | Oct | Nov | Dec |
2016: Jan | Feb | Mar | Apr | May | Jun | Jul | Aug | Sep | Oct | Nov | Dec |
2015: Jan | Feb | Mar | Apr | May | Jun | Jul | Aug | Sep | Oct | Nov | Dec |
2014: Jan | Feb | Mar | Apr | May | Jun | Jul | Aug | Sep | Oct | Nov | Dec |
2013: Jan | Feb | Mar | Apr | May | Jun | Jul | Aug | Sep | Oct | Nov | Dec |
2012: Jan | Feb | Mar | Apr | May | Jun | Jul | Aug | Sep | Oct | Nov | Dec |
2011: Jan | Feb | Mar | Apr | May | Jun | Jul | Aug | Sep | Oct | Nov | Dec |
2010: Jan | Feb | Mar | Apr | May | Jun | Jul | Aug | Sep | Oct | Nov | Dec |
2009: Jan | Feb | Mar | Apr | May | Jun | Jul | Aug | Sep | Oct | Nov | Dec |
2008: Jan | Feb | Mar | Apr | May | Jun | Jul | Aug | Sep | Oct | Nov | Dec |
2007: Jan | Feb | Mar | Apr | May | Jun | Jul | Aug | Sep | Oct | Nov | Dec |
2006: Jan | Feb | Mar | Apr | May | Jun | Jul | Aug | Sep | Oct | Nov | Dec |
2005: Jan | Feb | Mar | Apr | May | Jun | Jul | Aug | Sep | Oct | Nov | Dec |
2004: Jan | Feb | Mar | Apr | May | Jun | Jul | Aug | Sep | Oct | Nov | Dec |
2003: Jan | Feb | Mar | Apr | May | Jun | Jul | Aug | Sep | Oct | Nov | Dec |

Report for 2007 July
                   MONTHLY CLIMATOLOGICAL SUMMARY for JUL. 2007

NAME: Patrick Nijs   CITY: Heist-op-den-Berg   STATE: Belgium 
ELEV:    15 m  LAT: 51° 04' 15" N  LONG: 4° 42' 13" E

                   TEMPERATURE (°C), RAIN  (mm), WIND SPEED (km/hr)

                                      HEAT  COOL        AVG
    MEAN                              DEG   DEG         WIND                 DOM
DAY TEMP  HIGH   TIME   LOW    TIME   DAYS  DAYS  RAIN  SPEED HIGH   TIME    DIR
------------------------------------------------------------------------------------
 1  20.4  26.1   17:30  17.1    6:15   0.2   2.3   3.8   4.0  32.2   14:30     W
 2  17.3  20.2   11:15  15.3   23:30   1.1   0.1   3.3   3.1  25.7   14:45   SSW
 3  14.7  19.5   16:15  12.9    9:15   3.7   0.1  15.7   2.6  35.4   21:15   SSW
 4  14.9  18.1   18:15  12.3    5:00   3.4   0.0   4.3   5.8  33.8   12:15     W
 5  15.7  20.2   16:15  13.5    6:00   2.7   0.1   7.4   7.2  32.2   12:00     W
 6  16.3  19.1   14:00  13.8    0:15   2.0   0.0   0.3  10.1  48.3   15:15     W
 7  17.2  22.2   17:45  12.4    6:15   2.0   0.9   0.0   5.8  29.0   16:00     W
 8  16.8  24.2   16:00  10.1    6:00   3.0   1.4   0.8   1.1  17.7   20:15   WSW
 9  15.3  20.6   13:30  12.3   23:30   3.1   0.1   1.0   3.2  29.0   14:30     W
10  14.7  19.9   18:00   9.9    5:15   3.7   0.1   0.0   2.6  27.4   14:00   WSW
11  14.7  17.0   13:00  12.0    6:30   3.6   0.0   1.0   3.9  27.4   15:15   SSW
12  16.6  20.3   14:00  13.7    6:30   1.8   0.1   0.0   3.7  27.4   16:15   WSW
13  21.8  27.7   18:30  17.9    5:00   0.0   3.5   0.3   3.4  20.9   17:45     W
14  22.9  27.1   15:45  18.9   00:00   0.0   4.6   0.0   4.0  30.6   16:00     W
15  23.8  32.3   18:30  16.7    3:15   0.3   5.1   0.0   1.1  20.9   15:15   ENE
16  22.9  28.6   15:45  17.5   00:00   0.0   4.7   2.3   1.9  25.7   19:30    SE
17  19.4  24.4   17:45  15.1    6:30   0.9   1.9   2.8   2.9  22.5   12:45     S
18  19.9  25.2   15:15  14.1    5:30   1.1   2.7   0.0   2.6  30.6   13:45    NW
19  19.6  25.0   16:00  12.9    6:00   1.3   2.5   0.0   0.8  17.7   20:15   ENE
20  18.2  21.4   17:30  15.9    4:15   0.7   0.6   7.4   2.1  30.6   18:30   ENE
21  18.6  24.2   18:00  12.1    6:15   1.7   2.0   0.0   2.1  17.7   13:15     S
22  17.2  20.9   19:15  14.2    3:15   1.6   0.5   1.0   2.9  32.2   14:00   WSW
23  15.3  17.9   13:00  12.2    5:45   3.0   0.0   7.9   1.9  29.0   21:00   ENE
24  16.3  20.9   17:15  14.2    5:30   2.3   0.3   8.4   8.9  51.5    8:30    NW
25  18.7  25.0   17:45  12.8    6:30   1.7   2.0   0.0   3.9  27.4   13:15     W
26  19.1  22.6   16:00  16.1    2:00   0.7   1.5   6.3   3.9  29.0   21:30     S
27  18.6  23.2   18:00  14.8    6:15   1.1   1.4   3.3   6.6  33.8   11:00     W
28  18.2  22.2   16:30  15.0    2:45   0.9   0.8   8.1   5.6  30.6   13:15   WNW
29  15.6  17.9   15:15  12.1   00:00   2.7   0.0  10.7   5.8  33.8   17:00    NW
30  14.1  19.6   14:30   9.7    6:00   4.2   0.0   0.5   5.0  30.6   10:45    NW
31  15.0  21.3   16:00   7.8    6:15   3.9   0.6   0.0   1.3  16.1   14:00    NW
-------------------------------------------------------------------------------------
    17.7  32.3    15     7.8    31    58.2  40.0  96.5   3.9  51.5    24       W

Max >=  32.0:  1
Max <=   0.0:  0
Min <=   0.0:  0
Min <= -18.0:  0
Max Rain: 15.75 ON 03/07/07
Days of Rain: 21 (> .2 mm) 14 (> 2 mm) 0 (> 20 mm)
Heat Base:  18.3  Cool Base:  18.3  Method: Integration
Benelux Weer Netwerk cwop awekas hwa wcloud pwsweather wow wow