-->

NOAA-Style Climate Reports

Select a Year or Month report
2021: Jan | Feb | Mar | Apr | May | Jun | Jul | Aug | Sep | Oct | Nov | Dec |
2020: Jan | Feb | Mar | Apr | May | Jun | Jul | Aug | Sep | Oct | Nov | Dec |
2019: Jan | Feb | Mar | Apr | May | Jun | Jul | Aug | Sep | Oct | Nov | Dec |
2018: Jan | Feb | Mar | Apr | May | Jun | Jul | Aug | Sep | Oct | Nov | Dec |
2017: Jan | Feb | Mar | Apr | May | Jun | Jul | Aug | Sep | Oct | Nov | Dec |
2016: Jan | Feb | Mar | Apr | May | Jun | Jul | Aug | Sep | Oct | Nov | Dec |
2015: Jan | Feb | Mar | Apr | May | Jun | Jul | Aug | Sep | Oct | Nov | Dec |
2014: Jan | Feb | Mar | Apr | May | Jun | Jul | Aug | Sep | Oct | Nov | Dec |
2013: Jan | Feb | Mar | Apr | May | Jun | Jul | Aug | Sep | Oct | Nov | Dec |
2012: Jan | Feb | Mar | Apr | May | Jun | Jul | Aug | Sep | Oct | Nov | Dec |
2011: Jan | Feb | Mar | Apr | May | Jun | Jul | Aug | Sep | Oct | Nov | Dec |
2010: Jan | Feb | Mar | Apr | May | Jun | Jul | Aug | Sep | Oct | Nov | Dec |
2009: Jan | Feb | Mar | Apr | May | Jun | Jul | Aug | Sep | Oct | Nov | Dec |
2008: Jan | Feb | Mar | Apr | May | Jun | Jul | Aug | Sep | Oct | Nov | Dec |
2007: Jan | Feb | Mar | Apr | May | Jun | Jul | Aug | Sep | Oct | Nov | Dec |
2006: Jan | Feb | Mar | Apr | May | Jun | Jul | Aug | Sep | Oct | Nov | Dec |
2005: Jan | Feb | Mar | Apr | May | Jun | Jul | Aug | Sep | Oct | Nov | Dec |
2004: Jan | Feb | Mar | Apr | May | Jun | Jul | Aug | Sep | Oct | Nov | Dec |
2003: Jan | Feb | Mar | Apr | May | Jun | Jul | Aug | Sep | Oct | Nov | Dec |

Report for 2007 August
                   MONTHLY CLIMATOLOGICAL SUMMARY for AUG. 2007

NAME: Patrick Nijs   CITY: Heist-op-den-Berg   STATE: Belgium 
ELEV:    15 m  LAT: 51° 04' 15" N  LONG: 4° 42' 13" E

                   TEMPERATURE (°C), RAIN  (mm), WIND SPEED (km/hr)

                                      HEAT  COOL        AVG
    MEAN                              DEG   DEG         WIND                 DOM
DAY TEMP  HIGH   TIME   LOW    TIME   DAYS  DAYS  RAIN  SPEED HIGH   TIME    DIR
------------------------------------------------------------------------------------
 1  17.9  24.8   18:00   9.8    6:30   2.5   2.1   0.0   1.4  19.3   15:00   ENE
 2  17.1  22.6   15:15  12.8    6:00   2.0   0.8   0.0   1.9  20.9   14:45    NW
 3  18.5  24.5   18:00  13.3    3:30   1.7   1.9   0.0   0.6  16.1   14:30    NW
 4  20.9  28.8   18:00  13.1    6:30   1.5   4.1   0.0   1.1  17.7   12:45   WSW
 5  23.3  31.8   17:45  15.3    6:15   0.6   5.1   0.0   2.7  27.4   11:00    SE
 6  21.6  26.9   14:15  17.3   23:30   0.1   3.3   1.3   3.2  25.7   15:00    SE
 7  18.4  23.3   16:00  14.7    8:30   1.2   1.3   0.0   2.6  22.5   16:15   WNW
 8  16.0  17.7   11:00  14.6    6:45   2.3   0.0   3.0   1.6  22.5   15:45   NNW
 9  14.4  15.3   17:45  13.1    7:15   3.9   0.0  14.0   4.0  20.9   12:00   NNW
10  17.1  21.2   17:15  14.4    3:15   1.8   0.6   0.3   1.9  16.1   12:30    NW
11  17.8  23.3   18:15  12.7    7:00   1.7   1.3   0.0   0.8  16.1   12:30   NNW
12  17.3  23.4   14:45  11.2    6:30   2.4   1.5   0.8   0.6  12.9   12:30   ENE
13  18.0  22.9   16:15  13.3    6:15   1.5   1.2   0.0   3.1  25.7   16:45     W
14  19.1  25.9   17:00  12.7    5:30   1.7   2.5   0.5   4.5  35.4   20:00   SSE
15  21.9  25.6   13:00  18.9    5:15   0.0   3.6   1.5   7.6  46.7   12:15   SSW
16  18.1  20.9   16:00  14.3   00:00   0.7   0.5   1.0   6.9  33.8    9:00     W
17  15.4  19.9   14:15  11.7    5:30   3.0   0.1   0.0   3.7  30.6   16:00   SSW
18  16.6  21.6   17:00  10.1    6:45   2.4   0.9   0.0   1.8  19.3   19:00    SE
19  17.9  23.2   13:45  15.1    6:00   1.1   0.8   5.6   1.8  29.0   13:30    SE
20  16.3  18.6   17:30  14.6    7:30   2.0   0.0   1.5   2.3  20.9   15:15   SSE
21  15.9  20.2   17:30  12.0    6:45   2.6   0.3   1.3   1.6  19.3   19:15    NW
22  16.6  17.5    5:45  15.8   22:00   1.7   0.0   6.1   2.9  19.3    1:45   ENE
23  17.9  22.3   15:30  15.1   00:00   1.3   0.9   0.5   0.5  17.7   16:45   ENE
24  19.8  27.3   16:00  12.8    7:00   1.7   3.1   0.0   0.3  12.9   17:00    NW
25  18.6  23.2   16:15  14.8    6:45   1.0   1.4   0.0   1.0  16.1   16:15   WNW
26  17.4  23.1   17:30  13.4   00:00   1.8   0.9   0.3   2.1  19.3   19:15   WNW
27  15.0  21.6   16:30   9.7    7:15   3.6   0.3   0.0   0.5  12.9   12:15   NNW
28  14.8  19.3   18:00  10.9    7:15   3.6   0.0   0.0   0.6  16.1   16:45   ENE
29  14.1  20.2   15:45   8.6    6:30   4.4   0.2   0.0   0.6  17.7   15:45   ENE
30  14.0  18.9   15:00   7.2    5:45   4.4   0.0   0.0   2.7  20.9   15:45   WNW
31  16.6  18.5   14:00  15.8   23:00   1.7   0.0   0.0   5.0  29.0   16:00     W
-------------------------------------------------------------------------------------
    17.6  31.8     5     7.2    30    61.9  38.7  37.6   2.3  46.7    15      NW

Max >=  32.0:  0
Max <=   0.0:  0
Min <=   0.0:  0
Min <= -18.0:  0
Max Rain: 13.97 ON 09/08/07
Days of Rain: 14 (> .2 mm) 4 (> 2 mm) 0 (> 20 mm)
Heat Base:  18.3  Cool Base:  18.3  Method: Integration
Benelux Weer Netwerk cwop awekas hwa wcloud pwsweather wow wow