NOAA-Style Climate Reports

Select a Year or Month report
2021: Jan | Feb | Mar | Apr | May | Jun | Jul | Aug | Sep | Oct | Nov | Dec |
2020: Jan | Feb | Mar | Apr | May | Jun | Jul | Aug | Sep | Oct | Nov | Dec |
2019: Jan | Feb | Mar | Apr | May | Jun | Jul | Aug | Sep | Oct | Nov | Dec |
2018: Jan | Feb | Mar | Apr | May | Jun | Jul | Aug | Sep | Oct | Nov | Dec |
2017: Jan | Feb | Mar | Apr | May | Jun | Jul | Aug | Sep | Oct | Nov | Dec |
2016: Jan | Feb | Mar | Apr | May | Jun | Jul | Aug | Sep | Oct | Nov | Dec |
2015: Jan | Feb | Mar | Apr | May | Jun | Jul | Aug | Sep | Oct | Nov | Dec |
2014: Jan | Feb | Mar | Apr | May | Jun | Jul | Aug | Sep | Oct | Nov | Dec |
2013: Jan | Feb | Mar | Apr | May | Jun | Jul | Aug | Sep | Oct | Nov | Dec |
2012: Jan | Feb | Mar | Apr | May | Jun | Jul | Aug | Sep | Oct | Nov | Dec |
2011: Jan | Feb | Mar | Apr | May | Jun | Jul | Aug | Sep | Oct | Nov | Dec |
2010: Jan | Feb | Mar | Apr | May | Jun | Jul | Aug | Sep | Oct | Nov | Dec |
2009: Jan | Feb | Mar | Apr | May | Jun | Jul | Aug | Sep | Oct | Nov | Dec |
2008: Jan | Feb | Mar | Apr | May | Jun | Jul | Aug | Sep | Oct | Nov | Dec |
2007: Jan | Feb | Mar | Apr | May | Jun | Jul | Aug | Sep | Oct | Nov | Dec |
2006: Jan | Feb | Mar | Apr | May | Jun | Jul | Aug | Sep | Oct | Nov | Dec |
2005: Jan | Feb | Mar | Apr | May | Jun | Jul | Aug | Sep | Oct | Nov | Dec |
2004: Jan | Feb | Mar | Apr | May | Jun | Jul | Aug | Sep | Oct | Nov | Dec |
2003: Jan | Feb | Mar | Apr | May | Jun | Jul | Aug | Sep | Oct | Nov | Dec |

Report for 2007 September
                   MONTHLY CLIMATOLOGICAL SUMMARY for SEP. 2007

NAME: Patrick Nijs   CITY: Heist-op-den-Berg   STATE: Belgium 
ELEV:    15 m  LAT: 51° 04' 15" N  LONG: 4° 42' 13" E

                   TEMPERATURE (°C), RAIN  (mm), WIND SPEED (km/hr)

                                      HEAT  COOL        AVG
    MEAN                              DEG   DEG         WIND                 DOM
DAY TEMP  HIGH   TIME   LOW    TIME   DAYS  DAYS  RAIN  SPEED HIGH   TIME    DIR
------------------------------------------------------------------------------------
 1  17.1  20.3   14:30  14.2    4:00   1.5   0.4   0.0   5.0  30.6   13:00    NW
 2  17.8  21.3   15:30  15.8    2:30   1.0   0.6   0.0   3.2  22.5   15:15     W
 3  15.9  19.6   16:00  11.2   00:00   2.5   0.1   4.8   4.0  30.6   20:15   NNW
 4  12.8  17.5   14:30   8.3   00:00   5.4   0.0   0.8   2.1  25.7   12:15    NW
 5  11.6  15.8   13:00   6.6    7:15   6.7   0.0   1.0   1.0  17.7   13:30   SSW
 6  16.6  19.9   16:30  13.7    4:00   2.0   0.3   0.3   1.3  11.3   12:15   NNW
 7  16.9  21.2   15:45  13.3   00:00   1.6   0.3   0.0   0.8  12.9   13:45     N
 8  15.6  21.8   17:00  10.3    5:00   3.2   0.5   0.0   0.8  16.1   14:30   WNW
 9  15.6  19.2   16:45  10.9   00:00   2.7   0.0   0.0   1.9  20.9   16:15    NW
10  14.3  17.5   15:00  10.9    0:30   4.0   0.0   2.3   5.6  30.6   14:15     W
11  15.1  18.9   16:30  12.1   00:00   3.3   0.0   0.5   3.2  27.4    1:30    NW
12  14.4  20.3   16:30   8.6    4:00   4.1   0.2   0.0   0.3  11.3   14:30   NNW
13  15.4  19.4   14:30  11.6   00:00   3.1   0.1   0.0   0.6  12.9   12:15   ENE
14  14.4  21.3   15:00   6.7    7:30   4.4   0.5   0.0   2.6  22.5   14:15    NW
15  14.9  21.3   16:15   8.8    7:30   3.9   0.4   0.0   0.3  12.9   17:00     E
16  16.5  22.6   15:45   9.5    3:00   2.9   1.1   0.0   1.9  25.7   15:30     S
17  14.4  18.9   11:30  11.7   00:00   3.8   0.0   2.8   2.1  29.0   13:00   SSW
18  11.6  15.3   16:15   7.8   00:00   6.8   0.0  10.2   3.5  27.4    6:00    NW
19  11.4  16.8   14:15   6.7    6:00   6.9   0.0   0.5   3.7  30.6   14:15   SSW
20  15.2  19.1   17:00  12.4    6:30   3.1   0.0   0.0   4.7  27.4    9:45   SSW
21  16.7  21.2   16:45  12.5   00:00   2.1   0.6   0.0   2.6  27.4   16:00   SSW
22  15.2  22.4   17:00   8.8    6:45   4.1   0.9   0.0   0.3  12.9   13:00    NW
23  16.1  22.9   16:15   9.7    7:30   3.3   1.2   0.0   1.0  19.3   13:00   SSW
24  15.3  20.1   11:15  11.1   00:00   3.2   0.1   1.5   3.9  45.1   13:00   SSE
25  12.8  17.0   17:30   9.2   00:00   5.5   0.0   0.0   4.2  29.0   14:30     W
26  10.8  13.7   10:45   8.9    0:15   7.5   0.0   1.5   1.6  27.4   12:00    NW
27  12.2  16.4   14:00   8.3    4:00   6.2   0.0   0.0   1.8  20.9   13:15   NNW
28  13.2  16.4   16:15  10.2   23:45   5.1   0.0   6.3   1.3  16.1    1:30   ENE
29  11.8  14.2   18:15   8.6    2:15   6.5   0.0   2.8   2.1  17.7   12:00     W
30  12.9  18.1   17:00   8.9    7:45   5.3   0.0   0.5   1.0  12.9   13:15   WNW
-------------------------------------------------------------------------------------
    14.5  22.9    23     6.6     5   121.7   7.4  35.8   2.3  45.1    24      NW

Max >=  32.0:  0
Max <=   0.0:  0
Min <=   0.0:  0
Min <= -18.0:  0
Max Rain: 10.16 ON 18/09/07
Days of Rain: 14 (> .2 mm) 6 (> 2 mm) 0 (> 20 mm)
Heat Base:  18.3  Cool Base:  18.3  Method: Integration
Benelux Weer Netwerk cwop awekas hwa wcloud pwsweather wow wow